000
CDUS41 KILN 280549
CLICVG


CLIMATE REPORT
NATIONAL WEATHER SERVICE WILMINGTON OH
148 AM EDT WED JUN 28 2017


...................................

...THE CINCINNATI OH CLIMATE SUMMARY FOR JUNE 27 2017...

CLIMATE NORMAL PERIOD 1981 TO 2010
CLIMATE RECORD PERIOD 1869 TO 2017


WEATHER ITEM   OBSERVED TIME   RECORD YEAR NORMAL DEPARTURE LAST
                VALUE   (LST)  VALUE       VALUE  FROM      YEAR
                                                  NORMAL
..................................................................
TEMPERATURE (F)
 YESTERDAY
  MAXIMUM         74    457 PM 102    1944  85    -11       90
  MINIMUM         51    449 AM  49    1927  65    -14       74
                                      1926
  AVERAGE         63                        75    -12       82

PRECIPITATION (IN)
  YESTERDAY        0.00          2.12 1932   0.11  -0.11     0.00
  MONTH TO DATE    5.21                      3.68   1.53     2.49
  SINCE JUN 1      5.21                      3.68   1.53     2.49
  SINCE JAN 1     28.61                     22.27   6.34    22.10

SNOWFALL (IN)
  YESTERDAY        0.0           0.0         0.0    0.0      0.0
  MONTH TO DATE    0.0                       0.0    0.0      0.0
  SINCE JUN 1      0.0                       0.0    0.0      0.0
  SINCE JUL 1     10.0                      22.1  -12.1     19.2
  SNOW DEPTH       0

DEGREE DAYS
 HEATING
  YESTERDAY        2                         0      2        0
  MONTH TO DATE    7                        12     -5        2
  SINCE JUN 1      7                        12     -5        2
  SINCE JUL 1   4017                      4972   -955     4136

 COOLING
  YESTERDAY        0                        10    -10       17
  MONTH TO DATE  178                       196    -18      268
  SINCE JUN 1    178                       196    -18      268
  SINCE JAN 1    312                       290     22      361
..................................................................


WIND (MPH)
  RESULTANT WIND SPEED   3   RESULTANT WIND DIRECTION  NW (300)
  HIGHEST WIND SPEED    14   HIGHEST WIND DIRECTION     W (280)
  HIGHEST GUST SPEED    20   HIGHEST GUST DIRECTION    NW (320)
  AVERAGE WIND SPEED     4.8


SKY COVER
  POSSIBLE SUNSHINE  MM
  AVERAGE SKY COVER 0.3


WEATHER CONDITIONS
 THE FOLLOWING WEATHER WAS RECORDED YESTERDAY.
  NO SIGNIFICANT WEATHER WAS OBSERVED.


RELATIVE HUMIDITY (PERCENT)
 HIGHEST    89           400 AM
 LOWEST     41           500 PM
 AVERAGE    65

..........................................................


THE CINCINNATI OH CLIMATE NORMALS FOR TODAY
                         NORMAL    RECORD    YEAR
 MAXIMUM TEMPERATURE (F)   85       102      1944
 MINIMUM TEMPERATURE (F)   65        50      1987


SUNRISE AND SUNSET
JUNE 28 2017..........SUNRISE   615 AM EDT   SUNSET   909 PM EDT
JUNE 29 2017..........SUNRISE   616 AM EDT   SUNSET   909 PM EDT


-  INDICATES NEGATIVE NUMBERS.
R  INDICATES RECORD WAS SET OR TIED.
MM INDICATES DATA IS MISSING.
T  INDICATES TRACE AMOUNT.




$$
