000
CDUS41 KILN 180537
CLICVG


CLIMATE REPORT
NATIONAL WEATHER SERVICE WILMINGTON OH
1237 AM EST SUN FEB 18 2018


...................................

...THE CINCINNATI OH CLIMATE SUMMARY FOR FEBRUARY 17 2018...

CLIMATE NORMAL PERIOD 1981 TO 2010
CLIMATE RECORD PERIOD 1869 TO 2018


WEATHER ITEM   OBSERVED TIME   RECORD YEAR NORMAL DEPARTURE LAST
                VALUE   (LST)  VALUE       VALUE  FROM      YEAR
                                                  NORMAL
..................................................................
TEMPERATURE (F)
 YESTERDAY
  MAXIMUM         36   1159 PM  70    1911  43     -7       66
  MINIMUM         31    653 AM  -7    2015  26      5       37
  AVERAGE         34                        35     -1       52

PRECIPITATION (IN)
  YESTERDAY        0.24          1.02 1976   0.09   0.15     0.00
  MONTH TO DATE    2.50                      1.73   0.77     1.52
  SINCE DEC 1      7.10                      8.10  -1.00     9.62
  SINCE JAN 1      4.71                      4.73  -0.02     5.19

SNOWFALL (IN)
  YESTERDAY        1.1          10.8  1910   0.3    0.8      0.0
  MONTH TO DATE    1.6                       4.4   -2.8      1.6
  SINCE DEC 1     11.6                      15.7   -4.1      8.0
  SINCE JUL 1     11.6                      16.5   -4.9      8.0
  SNOW DEPTH       0

DEGREE DAYS
 HEATING
  YESTERDAY       31                        30      1       13
  MONTH TO DATE  520                       542    -22      438
  SINCE DEC 1   2642                      2554     88     2255
  SINCE JUL 1   3533                      3514     19     2937

 COOLING
  YESTERDAY        0                         0      0        0
  MONTH TO DATE    0                         0      0        0
  SINCE DEC 1      0                         0      0        0
  SINCE JAN 1      0                         0      0        0
..................................................................


WIND (MPH)
  RESULTANT WIND SPEED   2   RESULTANT WIND DIRECTION  SE (120)
  HIGHEST WIND SPEED    18   HIGHEST WIND DIRECTION     W (260)
  HIGHEST GUST SPEED    22   HIGHEST GUST DIRECTION     W (250)
  AVERAGE WIND SPEED     6.0


SKY COVER
  POSSIBLE SUNSHINE  MM
  AVERAGE SKY COVER 1.0


WEATHER CONDITIONS
 THE FOLLOWING WEATHER WAS RECORDED YESTERDAY.
  MIXED PRECIP
  LIGHT RAIN
  SNOW
  LIGHT SNOW
  FOG


RELATIVE HUMIDITY (PERCENT)
 HIGHEST   100           100 PM
 LOWEST     75          1200 AM
 AVERAGE    88

..........................................................


THE CINCINNATI OH CLIMATE NORMALS FOR TODAY
                         NORMAL    RECORD    YEAR
 MAXIMUM TEMPERATURE (F)   44        68      1948
 MINIMUM TEMPERATURE (F)   27        -8      1936


SUNRISE AND SUNSET
FEBRUARY 18 2018......SUNRISE   726 AM EST   SUNSET   619 PM EST
FEBRUARY 19 2018......SUNRISE   725 AM EST   SUNSET   620 PM EST


-  INDICATES NEGATIVE NUMBERS.
R  INDICATES RECORD WAS SET OR TIED.
MM INDICATES DATA IS MISSING.
T  INDICATES TRACE AMOUNT.




$$
