000
CDUS41 KILN 262058
CLICVG


CLIMATE REPORT
NATIONAL WEATHER SERVICE WILMINGTON OH
457 PM EDT TUE JUL 26 2016


...................................

...THE CINCINNATI OH CLIMATE SUMMARY FOR JULY 26 2016...
VALID TODAY AS OF 0400 PM LOCAL TIME.

CLIMATE NORMAL PERIOD 1981 TO 2010
CLIMATE RECORD PERIOD 1869 TO 2016


WEATHER ITEM   OBSERVED TIME   RECORD YEAR NORMAL DEPARTURE LAST
                VALUE   (LST)  VALUE       VALUE  FROM      YEAR
                                                  NORMAL
..................................................................
TEMPERATURE (F)
 TODAY
  MAXIMUM         88   1116 AM 100    1934  86      2       87
  MINIMUM         73   1257 PM  52    1962  66      7       66
                                      1920
  AVERAGE         81                        76      5       77

PRECIPITATION (IN)
  TODAY            0.36          2.08 1921   0.13   0.23     0.07
  MONTH TO DATE    2.93                      3.16  -0.23     4.08
  SINCE JUN 1      5.42                      7.19  -1.77    11.41
  SINCE JAN 1     25.03                     25.78  -0.75    28.64

SNOWFALL (IN)
  TODAY            0.0           0.0         0.0    0.0      0.0
  MONTH TO DATE    0.0                       0.0    0.0      0.0
  SINCE JUN 1      0.0                       0.0    0.0      0.0
  SINCE JUL 1      0.0                       0.0    0.0      0.0
  SNOW DEPTH       0

DEGREE DAYS
 HEATING
  TODAY            0                         0      0        0
  MONTH TO DATE    0                         0      0        0
  SINCE JUN 1      2                        15    -13       19
  SINCE JUL 1      0                         0      0        0

 COOLING
  TODAY           16                        11      5       12
  MONTH TO DATE  310                       284     26      248
  SINCE JUN 1    593                       510     83      507
  SINCE JAN 1    686                       604     82      656
..................................................................


WIND (MPH)
  HIGHEST WIND SPEED    20   HIGHEST WIND DIRECTION     W (290)
  HIGHEST GUST SPEED    23   HIGHEST GUST DIRECTION     W (290)
  AVERAGE WIND SPEED     3.0


SKY COVER
  POSSIBLE SUNSHINE  MM
  AVERAGE SKY COVER 0.8


WEATHER CONDITIONS
 THE FOLLOWING WEATHER WAS RECORDED TODAY.
  THUNDERSTORM
  HEAVY RAIN
  RAIN
  LIGHT RAIN
  FOG


RELATIVE HUMIDITY (PERCENT)
 HIGHEST   100           100 AM
 LOWEST     65           900 AM
 AVERAGE    83

..........................................................


THE CINCINNATI OH CLIMATE NORMALS FOR TOMORROW
                         NORMAL    RECORD    YEAR
 MAXIMUM TEMPERATURE (F)   86       101      1936
 MINIMUM TEMPERATURE (F)   66        49      1962


SUNRISE AND SUNSET
JULY 26 2016..........SUNRISE   634 AM EDT   SUNSET   855 PM EDT
JULY 27 2016..........SUNRISE   635 AM EDT   SUNSET   854 PM EDT


-  INDICATES NEGATIVE NUMBERS.
R  INDICATES RECORD WAS SET OR TIED.
MM INDICATES DATA IS MISSING.
T  INDICATES TRACE AMOUNT.




$$
