000
CDUS41 KILN 120532
CLICVG


CLIMATE REPORT
NATIONAL WEATHER SERVICE WILMINGTON OH
1232 AM EST FRI FEB 12 2016


...................................

...THE CINCINNATI OH CLIMATE SUMMARY FOR FEBRUARY 11 2016...

CLIMATE NORMAL PERIOD 1981 TO 2010
CLIMATE RECORD PERIOD 1869 TO 2016


WEATHER ITEM   OBSERVED TIME   RECORD YEAR NORMAL DEPARTURE LAST
                VALUE   (LST)  VALUE       VALUE  FROM      YEAR
                                                  NORMAL
..................................................................
TEMPERATURE (F)
 YESTERDAY
  MAXIMUM         25    514 PM  74    1999  42    -17       46
  MINIMUM         11    831 AM -10    1885  25    -14       23
  AVERAGE         18                        33    -15       35

PRECIPITATION (IN)
  YESTERDAY        T             1.43 1965   0.10  -0.10      T
  MONTH TO DATE    2.17                      1.14   1.03     0.37
  SINCE DEC 1      9.65                      7.51   2.14     6.32
  SINCE JAN 1      3.56                      4.14  -0.58     2.72

SNOWFALL (IN)
  YESTERDAY        T             5.6  1910   0.2   -0.2      0.0
  MONTH TO DATE    4.8                       2.9    1.9      1.1
  SINCE DEC 1     13.3                      14.2   -0.9      2.4
  SINCE JUL 1     13.3                      15.0   -1.7      7.5
  SNOW DEPTH       3

DEGREE DAYS
 HEATING
  YESTERDAY       47                        32     15       30
  MONTH TO DATE  346                       358    -12      341
  SINCE DEC 1   1985                      2370   -385     2258
  SINCE JUL 1   2730                      3330   -600     3396

 COOLING
  YESTERDAY        0                         0      0        0
  MONTH TO DATE    0                         0      0        0
  SINCE DEC 1      0                         0      0        0
  SINCE JAN 1      0                         0      0        0
..................................................................


WIND (MPH)
  RESULTANT WIND SPEED   1   RESULTANT WIND DIRECTION  NW (300)
  HIGHEST WIND SPEED     8   HIGHEST WIND DIRECTION     W (280)
  HIGHEST GUST SPEED    10   HIGHEST GUST DIRECTION    NW (330)
  AVERAGE WIND SPEED     3.0


SKY COVER
  POSSIBLE SUNSHINE  MM
  AVERAGE SKY COVER 0.6


WEATHER CONDITIONS
 THE FOLLOWING WEATHER WAS RECORDED YESTERDAY.
  LIGHT SNOW


RELATIVE HUMIDITY (PERCENT)
 HIGHEST    83           800 AM
 LOWEST     40           300 PM
 AVERAGE    62

..........................................................


THE CINCINNATI OH CLIMATE NORMALS FOR TODAY
                         NORMAL    RECORD    YEAR
 MAXIMUM TEMPERATURE (F)   42        69      1984
 MINIMUM TEMPERATURE (F)   25       -10      1981


SUNRISE AND SUNSET
FEBRUARY 12 2016......SUNRISE   734 AM EST   SUNSET   612 PM EST
FEBRUARY 13 2016......SUNRISE   733 AM EST   SUNSET   613 PM EST


-  INDICATES NEGATIVE NUMBERS.
R  INDICATES RECORD WAS SET OR TIED.
MM INDICATES DATA IS MISSING.
T  INDICATES TRACE AMOUNT.




$$
