000
CDUS41 KILN 172104
CLICVG


CLIMATE REPORT
NATIONAL WEATHER SERVICE WILMINGTON OH
503 PM EDT TUE OCT 17 2017


...................................

...THE CINCINNATI OH CLIMATE SUMMARY FOR OCTOBER 17 2017...
VALID TODAY AS OF 0500 PM LOCAL TIME.

CLIMATE NORMAL PERIOD 1981 TO 2010
CLIMATE RECORD PERIOD 1869 TO 2017


WEATHER ITEM   OBSERVED TIME   RECORD YEAR NORMAL DEPARTURE LAST
                VALUE   (LST)  VALUE       VALUE  FROM      YEAR
                                                  NORMAL
..................................................................
TEMPERATURE (F)
 TODAY
  MAXIMUM         65    259 PM  86    1950  66     -1       84
  MINIMUM         37    652 AM  23    1977  45     -8       62
  AVERAGE         51                        55     -4       73

PRECIPITATION (IN)
  TODAY            0.00          2.06 1975   0.11  -0.11     0.00
  MONTH TO DATE    2.76                      1.80   0.96     0.08
  SINCE SEP 1      5.17                      4.43   0.74     2.57
  SINCE JAN 1     41.96                     34.22   7.74    35.65

SNOWFALL (IN)
  TODAY            0.0           0.0    MM   0.0    0.0      0.0
  MONTH TO DATE    0.0                       0.1   -0.1      0.0
  SINCE SEP 1      0.0                       0.1   -0.1      0.0
  SINCE JUL 1      0.0                       0.1   -0.1      0.0
  SNOW DEPTH       0

DEGREE DAYS
 HEATING
  TODAY           14                        10      4        0
  MONTH TO DATE   41                       133    -92       48
  SINCE SEP 1     85                       191   -106       70
  SINCE JUL 1     86                       191   -105       70

 COOLING
  TODAY            0                         0      0        8
  MONTH TO DATE   45                        16     29       37
  SINCE SEP 1    177                       153     24      273
  SINCE JAN 1   1108                      1121    -13     1448
..................................................................


WIND (MPH)
  HIGHEST WIND SPEED    14   HIGHEST WIND DIRECTION     S (180)
  HIGHEST GUST SPEED    18   HIGHEST GUST DIRECTION    SW (210)
  AVERAGE WIND SPEED     3.5


SKY COVER
  POSSIBLE SUNSHINE  MM
  AVERAGE SKY COVER 0.1


WEATHER CONDITIONS
 THE FOLLOWING WEATHER WAS RECORDED TODAY.
  FOG


RELATIVE HUMIDITY (PERCENT)
 HIGHEST   100           100 AM
 LOWEST     43           100 PM
 AVERAGE    72

..........................................................


THE CINCINNATI OH CLIMATE NORMALS FOR TOMORROW
                         NORMAL    RECORD    YEAR
 MAXIMUM TEMPERATURE (F)   65        86      1938
 MINIMUM TEMPERATURE (F)   45        26      1948


SUNRISE AND SUNSET
OCTOBER 17 2017.......SUNRISE   750 AM EDT   SUNSET   657 PM EDT
OCTOBER 18 2017.......SUNRISE   752 AM EDT   SUNSET   655 PM EDT


-  INDICATES NEGATIVE NUMBERS.
R  INDICATES RECORD WAS SET OR TIED.
MM INDICATES DATA IS MISSING.
T  INDICATES TRACE AMOUNT.




$$
