000
CDUS41 KILN 242150
CLICVG


CLIMATE REPORT
NATIONAL WEATHER SERVICE WILMINGTON OH
449 PM EST TUE JAN 24 2017


...................................

...THE CINCINNATI OH CLIMATE SUMMARY FOR JANUARY 24 2017...
VALID TODAY AS OF 0400 PM LOCAL TIME.

CLIMATE NORMAL PERIOD 1981 TO 2010
CLIMATE RECORD PERIOD 1869 TO 2017


WEATHER ITEM   OBSERVED TIME   RECORD YEAR NORMAL DEPARTURE LAST
                VALUE   (LST)  VALUE       VALUE  FROM      YEAR
                                                  NORMAL
..................................................................
TEMPERATURE (F)
 TODAY
  MAXIMUM         44    236 PM  77    1943  39      5       37
  MINIMUM         40    838 AM -19    1963  23     17       10
  AVERAGE         42                        31     11       24

PRECIPITATION (IN)
  TODAY            T             2.54 1937   0.10  -0.10     0.00
  MONTH TO DATE    3.52                      2.32   1.20     1.36
  SINCE DEC 1      7.95                      5.69   2.26     7.45
  SINCE JAN 1      3.52                      2.32   1.20     1.36

SNOWFALL (IN)
  TODAY            0.0           3.0  1941   0.2   -0.2      0.0
  MONTH TO DATE    2.5                       4.8   -2.3      8.5
  SINCE DEC 1      4.7                       9.6   -4.9      8.5
  SINCE JUL 1      4.7                      10.4   -5.7      8.5
  SNOW DEPTH       0

DEGREE DAYS
 HEATING
  TODAY           23                        34    -11       41
  MONTH TO DATE  631                       816   -185      882
  SINCE DEC 1   1600                      1775   -175     1458
  SINCE JUL 1   2282                      2735   -453     2203

 COOLING
  TODAY            0                         0      0        0
  MONTH TO DATE    0                         0      0        0
  SINCE DEC 1      0                         0      0        0
  SINCE JAN 1      0                         0      0        0
..................................................................


WIND (MPH)
  HIGHEST WIND SPEED    17   HIGHEST WIND DIRECTION    NW (300)
  HIGHEST GUST SPEED    22   HIGHEST GUST DIRECTION    NW (300)
  AVERAGE WIND SPEED    11.5


SKY COVER
  POSSIBLE SUNSHINE  MM
  AVERAGE SKY COVER 1.0


WEATHER CONDITIONS
 THE FOLLOWING WEATHER WAS RECORDED TODAY.
  LIGHT RAIN
  FOG


RELATIVE HUMIDITY (PERCENT)
 HIGHEST   100           400 AM
 LOWEST     76           200 PM
 AVERAGE    88

..........................................................


THE CINCINNATI OH CLIMATE NORMALS FOR TOMORROW
                         NORMAL    RECORD    YEAR
 MAXIMUM TEMPERATURE (F)   39        74      1950
 MINIMUM TEMPERATURE (F)   23       -10      1963
                                             1897


SUNRISE AND SUNSET
JANUARY 24 2017.......SUNRISE   751 AM EST   SUNSET   551 PM EST
JANUARY 25 2017.......SUNRISE   751 AM EST   SUNSET   552 PM EST


-  INDICATES NEGATIVE NUMBERS.
R  INDICATES RECORD WAS SET OR TIED.
MM INDICATES DATA IS MISSING.
T  INDICATES TRACE AMOUNT.




$$
