000
CDUS41 KILN 280546
CLICVG


CLIMATE REPORT
NATIONAL WEATHER SERVICE WILMINGTON OH
1245 AM EST WED JAN 28 2015


...................................

...THE CINCINNATI OH CLIMATE SUMMARY FOR JANUARY 27 2015...

CLIMATE NORMAL PERIOD 1981 TO 2010
CLIMATE RECORD PERIOD 1869 TO 2015


WEATHER ITEM   OBSERVED TIME   RECORD YEAR NORMAL DEPARTURE LAST
                VALUE   (LST)  VALUE       VALUE  FROM      YEAR
                                                  NORMAL
..................................................................
TEMPERATURE (F)
 YESTERDAY
  MAXIMUM         31    351 PM  70    1944  39     -8       42
  MINIMUM         19   1056 PM -11    2003  23     -4        2
                                      1963
  AVERAGE         25                        31     -6       22

PRECIPITATION (IN)
  YESTERDAY        T             1.30 1949   0.10  -0.10      T
  MONTH TO DATE    2.23                      2.61  -0.38     2.80
  SINCE DEC 1      5.83                      5.98  -0.15     7.73
  SINCE JAN 1      2.23                      2.61  -0.38     2.80

SNOWFALL (IN)
  YESTERDAY        T             6.0  1925   0.2   -0.2       T
  MONTH TO DATE    1.2                       5.5   -4.3     20.4
  SINCE DEC 1      1.3                      10.3   -9.0     30.8
  SINCE JUL 1      6.4                      11.1   -4.7     33.2
  SNOW DEPTH       T

DEGREE DAYS
 HEATING
  YESTERDAY       40                        34      6       43
  MONTH TO DATE  936                       918     18     1081
  SINCE DEC 1   1778                      1877    -99     1996
  SINCE JUL 1   2916                      2837     79     3032

 COOLING
  YESTERDAY        0                         0      0        0
  MONTH TO DATE    0                         0      0        0
  SINCE DEC 1      0                         0      0        0
  SINCE JAN 1      0                         0      0        0
..................................................................


WIND (MPH)
  RESULTANT WIND SPEED   7   RESULTANT WIND DIRECTION   N (20)
  HIGHEST WIND SPEED    14   HIGHEST WIND DIRECTION     N (20)
  HIGHEST GUST SPEED    18   HIGHEST GUST DIRECTION     N (340)
  AVERAGE WIND SPEED     7.3


SKY COVER
  POSSIBLE SUNSHINE  MM
  AVERAGE SKY COVER 0.5


WEATHER CONDITIONS
 THE FOLLOWING WEATHER WAS RECORDED YESTERDAY.
  LIGHT SNOW
  HAZE


RELATIVE HUMIDITY (PERCENT)
 HIGHEST    77           500 AM
 LOWEST     47           200 PM
 AVERAGE    62

..........................................................


THE CINCINNATI OH CLIMATE NORMALS FOR TODAY
                         NORMAL    RECORD    YEAR
 MAXIMUM TEMPERATURE (F)   39        68      1914
 MINIMUM TEMPERATURE (F)   23       -18      1963


SUNRISE AND SUNSET
JANUARY 28 2015.......SUNRISE   749 AM EST   SUNSET   555 PM EST
JANUARY 29 2015.......SUNRISE   748 AM EST   SUNSET   556 PM EST


-  INDICATES NEGATIVE NUMBERS.
R  INDICATES RECORD WAS SET OR TIED.
MM INDICATES DATA IS MISSING.
T  INDICATES TRACE AMOUNT.




$$
