000
CDUS41 KILN 072155
CLICVG


CLIMATE REPORT
NATIONAL WEATHER SERVICE WILMINGTON OH
455 PM EST WED DEC 7 2016


...................................

...THE CINCINNATI OH CLIMATE SUMMARY FOR DECEMBER 7 2016...
VALID TODAY AS OF 0400 PM LOCAL TIME.

CLIMATE NORMAL PERIOD 1981 TO 2010
CLIMATE RECORD PERIOD 1869 TO 2016


WEATHER ITEM   OBSERVED TIME   RECORD YEAR NORMAL DEPARTURE LAST
                VALUE   (LST)  VALUE       VALUE  FROM      YEAR
                                                  NORMAL
..................................................................
TEMPERATURE (F)
 TODAY
  MAXIMUM         39    346 PM  69    1998  44     -5       51
  MINIMUM         29    742 AM  -4    1977  29      0       41
  AVERAGE         34                        36     -2       46

PRECIPITATION (IN)
  TODAY            0.00          1.18 1969   0.11  -0.11     0.08
  MONTH TO DATE    0.69                      0.77  -0.08     0.51
  SINCE DEC 1      0.69                      0.77  -0.08     0.51
  SINCE JAN 1     40.69                     39.92   0.77    43.30

SNOWFALL (IN)
  TODAY            0.0           2.2  1950   0.1   -0.1      0.0
  MONTH TO DATE    0.0                       0.7   -0.7       T
  SINCE DEC 1      0.0                       0.7   -0.7       T
  SINCE JUL 1      T                         1.5   -1.5       T
  SNOW DEPTH       0

DEGREE DAYS
 HEATING
  TODAY           31                        29      2       19
  MONTH TO DATE  189                       193     -4      177
  SINCE DEC 1    189                       193     -4      177
  SINCE JUL 1    871                      1153   -282      922

 COOLING
  TODAY            0                         0      0        0
  MONTH TO DATE    0                         0      0        0
  SINCE DEC 1      0                         0      0        0
  SINCE JAN 1   1477                      1121    356     1157
..................................................................


WIND (MPH)
  HIGHEST WIND SPEED    15   HIGHEST WIND DIRECTION     W (290)
  HIGHEST GUST SPEED    17   HIGHEST GUST DIRECTION    NW (300)
  AVERAGE WIND SPEED     6.8


SKY COVER
  POSSIBLE SUNSHINE  MM
  AVERAGE SKY COVER 0.7


WEATHER CONDITIONS
 THE FOLLOWING WEATHER WAS RECORDED TODAY.
  NO SIGNIFICANT WEATHER WAS OBSERVED.


RELATIVE HUMIDITY (PERCENT)
 HIGHEST    89          1200 AM
 LOWEST     48           200 PM
 AVERAGE    69

..........................................................


THE CINCINNATI OH CLIMATE NORMALS FOR TOMORROW
                         NORMAL    RECORD    YEAR
 MAXIMUM TEMPERATURE (F)   44        66      1922
 MINIMUM TEMPERATURE (F)   28        -2      1917


SUNRISE AND SUNSET
DECEMBER  7 2016......SUNRISE   745 AM EST   SUNSET   516 PM EST
DECEMBER  8 2016......SUNRISE   745 AM EST   SUNSET   516 PM EST


-  INDICATES NEGATIVE NUMBERS.
R  INDICATES RECORD WAS SET OR TIED.
MM INDICATES DATA IS MISSING.
T  INDICATES TRACE AMOUNT.




$$
