000
CDUS41 KILN 220555
CLICVG


CLIMATE REPORT
NATIONAL WEATHER SERVICE WILMINGTON OH
155 AM EDT TUE AUG 22 2017


...................................

...THE CINCINNATI OH CLIMATE SUMMARY FOR AUGUST 21 2017...

CLIMATE NORMAL PERIOD 1981 TO 2010
CLIMATE RECORD PERIOD 1869 TO 2017


WEATHER ITEM   OBSERVED TIME   RECORD YEAR NORMAL DEPARTURE LAST
                VALUE   (LST)  VALUE       VALUE  FROM      YEAR
                                                  NORMAL
..................................................................
TEMPERATURE (F)
 YESTERDAY
  MAXIMUM         90    325 PM 101    1936  85      5       79
  MINIMUM         71    622 AM  45    1950  65      6       65
  AVERAGE         81                        75      6       72

PRECIPITATION (IN)
  YESTERDAY        0.00          2.46 1888   0.11  -0.11     0.00
  MONTH TO DATE    1.17                      2.40  -1.23     5.08
  SINCE JUN 1     12.23                     10.19   2.04    12.63
  SINCE JAN 1     35.63                     28.78   6.85    32.24

SNOWFALL (IN)
  YESTERDAY        0.0           0.0    MM   0.0    0.0      0.0
  MONTH TO DATE    0.0                       0.0    0.0      0.0
  SINCE JUN 1      0.0                       0.0    0.0      0.0
  SINCE JUL 1      0.0                       0.0    0.0      0.0
  SNOW DEPTH       0

DEGREE DAYS
 HEATING
  YESTERDAY        0                         0      0        0
  MONTH TO DATE    1                         0      1        0
  SINCE JUN 1      8                        15     -7        2
  SINCE JUL 1      1                         0      1        0

 COOLING
  YESTERDAY       16                        10      6        7
  MONTH TO DATE  192                       219    -27      289
  SINCE JUN 1    737                       784    -47      951
  SINCE JAN 1    871                       878     -7     1044
..................................................................


WIND (MPH)
  RESULTANT WIND SPEED   6   RESULTANT WIND DIRECTION   S (200)
  HIGHEST WIND SPEED    13   HIGHEST WIND DIRECTION     S (200)
  HIGHEST GUST SPEED    17   HIGHEST GUST DIRECTION     S (200)
  AVERAGE WIND SPEED     6.2


SKY COVER
  POSSIBLE SUNSHINE  MM
  AVERAGE SKY COVER 0.6


WEATHER CONDITIONS
 THE FOLLOWING WEATHER WAS RECORDED YESTERDAY.
  NO SIGNIFICANT WEATHER WAS OBSERVED.


RELATIVE HUMIDITY (PERCENT)
 HIGHEST    93           400 AM
 LOWEST     52           300 PM
 AVERAGE    73

..........................................................


THE CINCINNATI OH CLIMATE NORMALS FOR TODAY
                         NORMAL    RECORD    YEAR
 MAXIMUM TEMPERATURE (F)   85       103      1936
 MINIMUM TEMPERATURE (F)   64        48      1950


SUNRISE AND SUNSET
AUGUST 22 2017........SUNRISE   659 AM EDT   SUNSET   824 PM EDT
AUGUST 23 2017........SUNRISE   700 AM EDT   SUNSET   822 PM EDT


-  INDICATES NEGATIVE NUMBERS.
R  INDICATES RECORD WAS SET OR TIED.
MM INDICATES DATA IS MISSING.
T  INDICATES TRACE AMOUNT.




$$
