000
CDUS41 KILN 290534
CLICVG


CLIMATE REPORT
NATIONAL WEATHER SERVICE WILMINGTON OH
134 AM EDT FRI APR 29 2016


...................................

...THE CINCINNATI OH CLIMATE SUMMARY FOR APRIL 28 2016...

CLIMATE NORMAL PERIOD 1981 TO 2010
CLIMATE RECORD PERIOD 1869 TO 2016


WEATHER ITEM   OBSERVED TIME   RECORD YEAR NORMAL DEPARTURE LAST
                VALUE   (LST)  VALUE       VALUE  FROM      YEAR
                                                  NORMAL
..................................................................
TEMPERATURE (F)
 YESTERDAY
  MAXIMUM         77    300 PM  85    1981  69      8       64
                                      1915
                                      1914
  MINIMUM         58   1159 PM  29    1934  48     10       40
  AVERAGE         68                        58     10       52

PRECIPITATION (IN)
  YESTERDAY        0.24          1.58 1996   0.13   0.11     0.00
  MONTH TO DATE    4.33                      3.61   0.72     5.01
  SINCE MAR 1      9.63                      7.57   2.06    11.33
  SINCE JAN 1     16.26                     13.38   2.88    15.48

SNOWFALL (IN)
  YESTERDAY        0.0           0.0    MM   0.0    0.0      0.0
  MONTH TO DATE    T                         0.5   -0.5      0.0
  SINCE MAR 1      2.3                       3.5   -1.2      4.9
  SINCE JUL 1     19.2                      22.1   -2.9     29.9
  SNOW DEPTH       0

DEGREE DAYS
 HEATING
  YESTERDAY        0                         8     -8       13
  MONTH TO DATE  300                       327    -27      256
  SINCE MAR 1    754                       993   -239      961
  SINCE JUL 1   3962                      4820   -858     5188

 COOLING
  YESTERDAY        3                         1      2        0
  MONTH TO DATE   18                        16      2        5
  SINCE MAR 1     18                        16      2        5
  SINCE JAN 1     18                        16      2        5
..................................................................


WIND (MPH)
  RESULTANT WIND SPEED   4   RESULTANT WIND DIRECTION   W (250)
  HIGHEST WIND SPEED    32   HIGHEST WIND DIRECTION     W (280)
  HIGHEST GUST SPEED    43   HIGHEST GUST DIRECTION     W (290)
  AVERAGE WIND SPEED     7.6


SKY COVER
  POSSIBLE SUNSHINE  MM
  AVERAGE SKY COVER 0.6


WEATHER CONDITIONS
 THE FOLLOWING WEATHER WAS RECORDED YESTERDAY.
  THUNDERSTORM
  HEAVY RAIN
  RAIN
  LIGHT RAIN
  FOG
  FOG W/VISIBILITY <= 1/4 MILE


RELATIVE HUMIDITY (PERCENT)
 HIGHEST   100           700 AM
 LOWEST     41           700 PM
 AVERAGE    71

..........................................................


THE CINCINNATI OH CLIMATE NORMALS FOR TODAY
                         NORMAL    RECORD    YEAR
 MAXIMUM TEMPERATURE (F)   69        87      1899
 MINIMUM TEMPERATURE (F)   48        31      1874


SUNRISE AND SUNSET
APRIL 29 2016.........SUNRISE   642 AM EDT   SUNSET   830 PM EDT
APRIL 30 2016.........SUNRISE   641 AM EDT   SUNSET   831 PM EDT


-  INDICATES NEGATIVE NUMBERS.
R  INDICATES RECORD WAS SET OR TIED.
MM INDICATES DATA IS MISSING.
T  INDICATES TRACE AMOUNT.




$$
