000
CDUS41 KILN 010609
CLICVG


CLIMATE REPORT
NATIONAL WEATHER SERVICE WILMINGTON OH
207 AM EDT TUE SEP 1 2015


...................................

...THE CINCINNATI OH CLIMATE SUMMARY FOR AUGUST 31 2015...

CLIMATE NORMAL PERIOD 1981 TO 2010
CLIMATE RECORD PERIOD 1869 TO 2015


WEATHER ITEM   OBSERVED TIME   RECORD YEAR NORMAL DEPARTURE LAST
                VALUE   (LST)  VALUE       VALUE  FROM      YEAR
                                                  NORMAL
..................................................................
TEMPERATURE (F)
 YESTERDAY
  MAXIMUM         87    441 PM  98    1953  83      4       81
                                      1951
  MINIMUM         64    539 AM  43    1915  63      1       70
  AVERAGE         76                        73      3       76

PRECIPITATION (IN)
  YESTERDAY        0.00          1.58 2013   0.10  -0.10     0.03
  MONTH TO DATE    2.61                      3.41  -0.80     3.94
  SINCE JUN 1     14.98                     11.20   3.78    12.99
  SINCE JAN 1     32.21                     29.79   2.42    30.46

SNOWFALL (IN)
  YESTERDAY        0.0           0.0         0.0    0.0      0.0
  MONTH TO DATE    0.0                       0.0    0.0      0.0
  SINCE JUN 1      0.0                       0.0    0.0      0.0
  SINCE JUL 1      0.0                       0.0    0.0      0.0
  SNOW DEPTH       0

DEGREE DAYS
 HEATING
  YESTERDAY        0                         0      0        0
  MONTH TO DATE    2                         0      2        0
  SINCE JUN 1     21                        15      6        8
  SINCE JUL 1      2                         0      2        5

 COOLING
  YESTERDAY       11                         8      3       11
  MONTH TO DATE  228                       309    -81      321
  SINCE JUN 1    806                       874    -68      812
  SINCE JAN 1    955                       968    -13      946
..................................................................


WIND (MPH)
  RESULTANT WIND SPEED   3   RESULTANT WIND DIRECTION  SW (230)
  HIGHEST WIND SPEED    12   HIGHEST WIND DIRECTION     W (250)
  HIGHEST GUST SPEED    15   HIGHEST GUST DIRECTION     W (290)
  AVERAGE WIND SPEED     3.9


SKY COVER
  POSSIBLE SUNSHINE  MM
  AVERAGE SKY COVER 0.3


WEATHER CONDITIONS
 THE FOLLOWING WEATHER WAS RECORDED YESTERDAY.
  FOG


RELATIVE HUMIDITY (PERCENT)
 HIGHEST   100           400 AM
 LOWEST     48           200 PM
 AVERAGE    74

..........................................................


THE CINCINNATI OH CLIMATE NORMALS FOR TODAY
                         NORMAL    RECORD    YEAR
 MAXIMUM TEMPERATURE (F)   83       102      1953
 MINIMUM TEMPERATURE (F)   62        45      1987


SUNRISE AND SUNSET
SEPTEMBER  1 2015.....SUNRISE   707 AM EDT   SUNSET   810 PM EDT
SEPTEMBER  2 2015.....SUNRISE   708 AM EDT   SUNSET   808 PM EDT


-  INDICATES NEGATIVE NUMBERS.
R  INDICATES RECORD WAS SET OR TIED.
MM INDICATES DATA IS MISSING.
T  INDICATES TRACE AMOUNT.




$$
