000
CDUS45 KCYS 040741
CLICYS


CLIMATE REPORT
NATIONAL WEATHER SERVICE CHEYENNE WY
1240 AM MST WED MAR 4 2015


...................................

...THE CHEYENNE WYOMING CLIMATE SUMMARY FOR MARCH 3 2015...

CLIMATE NORMAL PERIOD 1981 TO 2010
CLIMATE RECORD PERIOD 1871 TO 2015


WEATHER ITEM   OBSERVED TIME   RECORD YEAR NORMAL DEPARTURE LAST
                VALUE   (LST)  VALUE       VALUE  FROM      YEAR
                                                  NORMAL
..................................................................
TEMPERATURE (F)
 YESTERDAY
  MAXIMUM         41   1225 AM  65    1994  44     -3       51
  MINIMUM          7   1159 PM -11    1954  22    -15       28
  AVERAGE         24                        33     -9       40

PRECIPITATION (IN)
  YESTERDAY        0.06          0.35 1961   0.02   0.04     0.00
  MONTH TO DATE    0.07                      0.07   0.00     0.07
  SINCE JAN 1      0.83                      0.87  -0.04     2.23

SNOWFALL (IN)
  YESTERDAY        1.1           5.8  1961   0.3    0.8      0.0
  MONTH TO DATE    1.3                       0.9    0.4      1.4
  SINCE JUL 1     34.3                      37.4   -3.1     61.5
  SNOW DEPTH       T

DEGREE DAYS
 HEATING
  YESTERDAY       41                        32      9       25
  MONTH TO DATE  122                        97     25      129
  SINCE MAR 1    122                        97     25      129
  SINCE JUL 1   4768                      5116   -348     5333

 COOLING
  YESTERDAY        0                         0      0        0
  MONTH TO DATE    0                         0      0        0
  SINCE MAR 1      0                         0      0        0
  SINCE JAN 1      0                         0      0        0
..................................................................


WIND (MPH)
  HIGHEST WIND SPEED    39   HIGHEST WIND DIRECTION     N (360)
  HIGHEST GUST SPEED    49   HIGHEST GUST DIRECTION     N (360)
  AVERAGE WIND SPEED    13.8


SKY COVER
  AVERAGE SKY COVER 0.8


WEATHER CONDITIONS
 THE FOLLOWING WEATHER WAS RECORDED YESTERDAY.
  HEAVY SNOW
  SNOW
  LIGHT SNOW
  FOG
  FOG W/VISIBILITY <= 1/4 MILE
  HAZE
  BLOWING SNOW


RELATIVE HUMIDITY (PERCENT)
 HIGHEST    84           400 AM
 LOWEST     44          1200 AM
 AVERAGE    64

..........................................................


THE CHEYENNE WYOMING CLIMATE NORMALS FOR TODAY
                         NORMAL    RECORD    YEAR
 MAXIMUM TEMPERATURE (F)   45        67      2009
 MINIMUM TEMPERATURE (F)   22        -9      1989


SUNRISE AND SUNSET
MARCH  4 2015.........SUNRISE   629 AM MST   SUNSET   553 PM MST
MARCH  5 2015.........SUNRISE   628 AM MST   SUNSET   555 PM MST


-  INDICATES NEGATIVE NUMBERS.
R  INDICATES RECORD WAS SET OR TIED.
MM INDICATES DATA IS MISSING.
T  INDICATES TRACE AMOUNT.




$$
