000
CDUS45 KCYS 282233
CLICYS


CLIMATE REPORT
NATIONAL WEATHER SERVICE CHEYENNE WY
333 PM MST SUN DEC 28 2014


...................................

...THE CHEYENNE WYOMING CLIMATE SUMMARY FOR DECEMBER 28 2014...
VALID AS OF 0300 PM LOCAL TIME.

CLIMATE NORMAL PERIOD 1981 TO 2010
CLIMATE RECORD PERIOD 1871 TO 2014


WEATHER ITEM   OBSERVED TIME   RECORD YEAR NORMAL DEPARTURE LAST
                VALUE   (LST)  VALUE       VALUE  FROM      YEAR
                                                  NORMAL
..................................................................
TEMPERATURE (F)
 TODAY
  MAXIMUM         33   1254 PM  63    1933  39     -6       47
  MINIMUM         12    233 AM -24    1880  17     -5       12
  AVERAGE         23                        28     -5       30

PRECIPITATION (IN)
  TODAY            0.00          0.32 2006   0.02  -0.02     0.02
  MONTH TO DATE    0.53                      0.45   0.08     0.50
  SINCE DEC 1      0.53                      0.45   0.08     0.50
  SINCE JAN 1     17.63                     15.90   1.73    18.18

SNOWFALL (IN)
  TODAY            0.0           6.2  2006   0.3   -0.3      0.3
  MONTH TO DATE    9.2                       7.7    1.5     10.1
  SINCE JUL 1     20.6                      22.0   -1.4     25.7
  SNOW DEPTH       5

DEGREE DAYS
 HEATING
  TODAY           42                        37      5       35
  MONTH TO DATE  906                      1046   -140     1098
  SINCE DEC 1    906                      1046   -140     1098
  SINCE JUL 1   2504                      2794   -290     2802

 COOLING
  TODAY            0                         0      0        0
  MONTH TO DATE    0                         0      0        0
  SINCE DEC 1      0                         0      0        0
  SINCE JAN 1    301                       348    -47      520
..................................................................


WIND (MPH)
  HIGHEST WIND SPEED    30   HIGHEST WIND DIRECTION     W (250)
  HIGHEST GUST SPEED    36   HIGHEST GUST DIRECTION     W (250)
  AVERAGE WIND SPEED     9.6


SKY COVER
  AVERAGE SKY COVER 0.3


WEATHER CONDITIONS
 THE FOLLOWING WEATHER WAS RECORDED TODAY.
  NO SIGNIFICANT WEATHER WAS OBSERVED.


RELATIVE HUMIDITY (PERCENT)
 HIGHEST    59           500 AM
 LOWEST     38           100 PM
 AVERAGE    49

..........................................................


THE CHEYENNE WYOMING CLIMATE NORMALS FOR TOMORROW
                         NORMAL    RECORD    YEAR
 MAXIMUM TEMPERATURE (F)   39        63      1933
 MINIMUM TEMPERATURE (F)   18       -19      1880


SUNRISE AND SUNSET
DECEMBER 28 2014......SUNRISE   724 AM MST   SUNSET   438 PM MST
DECEMBER 29 2014......SUNRISE   724 AM MST   SUNSET   439 PM MST


-  INDICATES NEGATIVE NUMBERS.
R  INDICATES RECORD WAS SET OR TIED.
MM INDICATES DATA IS MISSING.
T  INDICATES TRACE AMOUNT.




$$
