000
CDUS45 KCYS 040730
CLICYS


CLIMATE REPORT
NATIONAL WEATHER SERVICE CHEYENNE WY
128 AM MDT WED MAY 4 2016


...................................

...THE CHEYENNE WYOMING AIRPORT CLIMATE SUMMARY FOR MAY 3 2016...

CLIMATE NORMAL PERIOD 1981 TO 2010
CLIMATE RECORD PERIOD 1871 TO 2016


WEATHER ITEM   OBSERVED TIME   RECORD YEAR NORMAL DEPARTURE LAST
                VALUE   (LST)  VALUE       VALUE  FROM      YEAR
                                                  NORMAL
..................................................................
TEMPERATURE (F)
 YESTERDAY
  MAXIMUM         62    530 PM  80    1947  61      1       68
                                      1940
  MINIMUM         40    441 AM   8    1907  36      4       47
  AVERAGE         51                        48      3       58

PRECIPITATION (IN)
  YESTERDAY        0.00          1.62 1904   0.07  -0.07     0.17
  MONTH TO DATE    0.01                      0.20  -0.19     0.22
  SINCE JAN 1      6.60                      3.83   2.77     3.81

SNOWFALL (IN)
  YESTERDAY        0.0           3.9  1898   0.2   -0.2      0.0
  MONTH TO DATE    T                         0.5   -0.5      0.0
  SINCE JUL 1     90.1                      58.5   31.6     50.1
  SNOW DEPTH       0

DEGREE DAYS
 HEATING
  YESTERDAY       14                        17     -3        7
  MONTH TO DATE   69                        51     18       26
  SINCE MAR 1   1558                      1617    -59     1360
  SINCE JUL 1   6075                      6636   -561     6011

 COOLING
  YESTERDAY        0                         0      0        0
  MONTH TO DATE    0                         0      0        0
  SINCE MAR 1      0                         0      0        0
  SINCE JAN 1      0                         0      0        0
..................................................................


WIND (MPH)
  HIGHEST WIND SPEED    23   HIGHEST WIND DIRECTION    NW (320)
  HIGHEST GUST SPEED    30   HIGHEST GUST DIRECTION    NW (330)
  AVERAGE WIND SPEED    12.8


SKY COVER
  AVERAGE SKY COVER 0.2


WEATHER CONDITIONS
 THE FOLLOWING WEATHER WAS RECORDED YESTERDAY.
  NO SIGNIFICANT WEATHER WAS OBSERVED.


RELATIVE HUMIDITY (PERCENT)
 HIGHEST    70          1100 PM
 LOWEST     30           500 PM
 AVERAGE    50

..........................................................


THE CHEYENNE WYOMING AIRPORT CLIMATE NORMALS FOR TODAY
                         NORMAL    RECORD    YEAR
 MAXIMUM TEMPERATURE (F)   61        84      2000
 MINIMUM TEMPERATURE (F)   36        23      1950
                                             1874


SUNRISE AND SUNSET
MAY  4 2016...........SUNRISE   553 AM MDT   SUNSET   800 PM MDT
MAY  5 2016...........SUNRISE   551 AM MDT   SUNSET   801 PM MDT


-  INDICATES NEGATIVE NUMBERS.
R  INDICATES RECORD WAS SET OR TIED.
MM INDICATES DATA IS MISSING.
T  INDICATES TRACE AMOUNT.




$$
