000
CDUS45 KCYS 280730
CLICYS


CLIMATE REPORT
NATIONAL WEATHER SERVICE CHEYENNE WY
129 AM MDT THU JUL 28 2016


...................................

...THE CHEYENNE WYOMING AIRPORT CLIMATE SUMMARY FOR JULY 27 2016...

CLIMATE NORMAL PERIOD 1981 TO 2010
CLIMATE RECORD PERIOD 1871 TO 2016


WEATHER ITEM   OBSERVED TIME   RECORD YEAR NORMAL DEPARTURE LAST
                VALUE   (LST)  VALUE       VALUE  FROM      YEAR
                                                  NORMAL
..................................................................
TEMPERATURE (F)
 YESTERDAY
  MAXIMUM         85    216 PM  94    1960  84      1       90
  MINIMUM         56    421 AM  45    1877  56      0       56
  AVERAGE         71                        70      1       73

PRECIPITATION (IN)
  YESTERDAY        0.01          1.31 1925   0.08  -0.07     0.00
  MONTH TO DATE    0.74                      1.89  -1.15     1.81
  SINCE JAN 1     11.44                     10.20   1.24    12.92

SNOWFALL (IN)
  YESTERDAY        0.0          MM      MM   0.0    0.0      0.0
  MONTH TO DATE    0.0                       0.0    0.0      0.0
  SINCE JUL 1      0.0                       0.0    0.0      0.0
  SNOW DEPTH       0

DEGREE DAYS
 HEATING
  YESTERDAY        0                         1     -1        0
  MONTH TO DATE    3                        27    -24       28
  SINCE JUN 1     29                       161   -132       64
  SINCE JUL 1      3                        27    -24       28

 COOLING
  YESTERDAY        6                         6      0        8
  MONTH TO DATE  182                       141     41      101
  SINCE JUN 1    284                       188     96      162
  SINCE JAN 1    284                       191     93      162
..................................................................


WIND (MPH)
  HIGHEST WIND SPEED    17   HIGHEST WIND DIRECTION     W (290)
  HIGHEST GUST SPEED    25   HIGHEST GUST DIRECTION     N (350)
  AVERAGE WIND SPEED     7.2


SKY COVER
  AVERAGE SKY COVER 0.1


WEATHER CONDITIONS
 THE FOLLOWING WEATHER WAS RECORDED YESTERDAY.
  THUNDERSTORM
  LIGHT RAIN


RELATIVE HUMIDITY (PERCENT)
 HIGHEST    78           900 PM
 LOWEST     33           200 PM
 AVERAGE    56

..........................................................


THE CHEYENNE WYOMING AIRPORT CLIMATE NORMALS FOR TODAY
                         NORMAL    RECORD    YEAR
 MAXIMUM TEMPERATURE (F)   84        93      2006
                                             1995
                                             1959
 MINIMUM TEMPERATURE (F)   56        43      1971


SUNRISE AND SUNSET
JULY 28 2016..........SUNRISE   552 AM MDT   SUNSET   819 PM MDT
JULY 29 2016..........SUNRISE   553 AM MDT   SUNSET   818 PM MDT


-  INDICATES NEGATIVE NUMBERS.
R  INDICATES RECORD WAS SET OR TIED.
MM INDICATES DATA IS MISSING.
T  INDICATES TRACE AMOUNT.




$$
