000
CDUS45 KCYS 250728
CLICYS


CLIMATE REPORT
NATIONAL WEATHER SERVICE CHEYENNE WY
127 AM MDT FRI JUL 25 2014


...................................

...THE CHEYENNE WYOMING CLIMATE SUMMARY FOR JULY 24 2014...

CLIMATE NORMAL PERIOD 1981 TO 2010
CLIMATE RECORD PERIOD 1871 TO 2014


WEATHER ITEM   OBSERVED TIME   RECORD YEAR NORMAL DEPARTURE LAST
                VALUE   (LST)  VALUE       VALUE  FROM      YEAR
                                                  NORMAL
..................................................................
TEMPERATURE (F)
 YESTERDAY
  MAXIMUM         91    114 PM  97    2003  84      7       85
  MINIMUM         61    303 AM  44    1962  56      5       57
                                      1958
  AVERAGE         76                        70      6       71

PRECIPITATION (IN)
  YESTERDAY        0.00          1.61 1977   0.09  -0.09     0.12
  MONTH TO DATE    2.16                      1.65   0.51     1.25
  SINCE JAN 1     11.10                      9.96   1.14     6.89

SNOWFALL (IN)
  YESTERDAY        0.0          MM      MM   0.0    0.0      0.0
  MONTH TO DATE    0.0                       0.0    0.0      0.0
  SINCE JUL 1      0.0                       0.0    0.0      0.0
  SNOW DEPTH       0

DEGREE DAYS
 HEATING
  YESTERDAY        0                         1     -1        0
  MONTH TO DATE   21                        24     -3        0
  SINCE JUN 1    147                       158    -11       62
  SINCE JUL 1     21                        24     -3        0

 COOLING
  YESTERDAY       11                         6      5        6
  MONTH TO DATE  131                       123      8      147
  SINCE JUN 1    145                       170    -25      264
  SINCE JAN 1    146                       173    -27      270
..................................................................


WIND (MPH)
  HIGHEST WIND SPEED    36   HIGHEST WIND DIRECTION     W (270)
  HIGHEST GUST SPEED    45   HIGHEST GUST DIRECTION     W (270)
  AVERAGE WIND SPEED    17.3


SKY COVER
  AVERAGE SKY COVER 0.0


WEATHER CONDITIONS
 THE FOLLOWING WEATHER WAS RECORDED YESTERDAY.
  THUNDERSTORM


RELATIVE HUMIDITY (PERCENT)
 HIGHEST    60           200 AM
 LOWEST     21          1200 PM
 AVERAGE    41

..........................................................


THE CHEYENNE WYOMING CLIMATE NORMALS FOR TODAY
                         NORMAL    RECORD    YEAR
 MAXIMUM TEMPERATURE (F)   84        95      2003
                                             1931
 MINIMUM TEMPERATURE (F)   56        42      1911


SUNRISE AND SUNSET
JULY 25 2014..........SUNRISE   548 AM MDT   SUNSET   823 PM MDT
JULY 26 2014..........SUNRISE   549 AM MDT   SUNSET   822 PM MDT


-  INDICATES NEGATIVE NUMBERS.
R  INDICATES RECORD WAS SET OR TIED.
MM INDICATES DATA IS MISSING.
T  INDICATES TRACE AMOUNT.




$$
