000
CDUS46 KSGX 282317
CLICZZ


CLIMATE REPORT
NATIONAL WEATHER SERVICE SAN DIEGO, CA
417 PM PDT THU MAY 28 2015


...................................

...THE CAMPO ASOS CA CLIMATE SUMMARY FOR MAY 28 2015...
VALID TODAY AS OF 0400 PM LOCAL TIME.

CLIMATE NORMAL PERIOD 1981 TO 2010
CLIMATE RECORD PERIOD 1948 TO 2015


WEATHER ITEM   OBSERVED TIME   RECORD YEAR NORMAL DEPARTURE LAST
                VALUE   (LST)  VALUE       VALUE  FROM      YEAR
                                                  NORMAL
..................................................................
TEMPERATURE (F)
 TODAY
  MAXIMUM         84    256 PM 102    2003  82      2       85
  MINIMUM         44    419 AM  30    1959  43      1       52
  AVERAGE         64                        62      2       69

PRECIPITATION (IN)
  TODAY            0.00          0.21 1990   0.00   0.00     0.00
  MONTH TO DATE    2.31                      0.17   2.14     0.01
  SINCE OCT 1      8.93                     14.25  -5.32     5.01
  SINCE JAN 1      5.06                     10.03  -4.97     2.76

SNOWFALL (IN)
  TODAY            0.0
  MONTH TO DATE    0.0
  SINCE MAR 1      0.0
  SINCE JUL 1      0.0
  SNOW DEPTH      MM

DEGREE DAYS
 HEATING
  TODAY            1                         4     -3        0
  MONTH TO DATE  244                       147     97      137
  SINCE MAR 1    827                       864    -37      761
  SINCE JUL 1   2463                      2915   -452     2631

 COOLING
  TODAY            0                         1     -1        4
  MONTH TO DATE    2                        23    -21       35
  SINCE MAR 1      7                        26    -19       45
  SINCE JAN 1      7                        26    -19       45
..................................................................


WIND (MPH)
  RESULTANT WIND SPEED   5   RESULTANT WIND DIRECTION  SW (220)
  HIGHEST WIND SPEED    21   HIGHEST WIND DIRECTION    SW (220)
  HIGHEST GUST SPEED    24   HIGHEST GUST DIRECTION    SW (220)
  AVERAGE WIND SPEED     8.6


SKY COVER
  POSSIBLE SUNSHINE  MM
  AVERAGE SKY COVER 0.0



RELATIVE HUMIDITY (PERCENT)
 HIGHEST    93           100 AM
 LOWEST     28           300 PM
 AVERAGE    61

..........................................................


THE CAMPO ASOS CA CLIMATE NORMALS FOR TOMORROW
                         NORMAL    RECORD    YEAR
 MAXIMUM TEMPERATURE (F)   82       102      1984
 MINIMUM TEMPERATURE (F)   43        32      2010
                                             1989


SUNRISE AND SUNSET
MAY 28 2015...........SUNRISE   540 AM PDT   SUNSET   746 PM PDT
MAY 29 2015...........SUNRISE   540 AM PDT   SUNSET   747 PM PDT


-  INDICATES NEGATIVE NUMBERS.
R  INDICATES RECORD WAS SET OR TIED.
MM INDICATES DATA IS MISSING.
T  INDICATES TRACE AMOUNT.




$$
