000
CDUS46 KSGX 281417
CLICZZ


CLIMATE REPORT
NATIONAL WEATHER SERVICE SAN DIEGO, CA
617 AM PST FRI NOV 28 2014


...................................

...THE CAMPO ASOS CA CLIMATE SUMMARY FOR NOVEMBER 27 2014...

CLIMATE NORMAL PERIOD 1981 TO 2010
CLIMATE RECORD PERIOD 1948 TO 2014


WEATHER ITEM   OBSERVED TIME   RECORD YEAR NORMAL DEPARTURE LAST
                VALUE   (LST)  VALUE       VALUE  FROM      YEAR
                                                  NORMAL
..................................................................
TEMPERATURE (F)
 YESTERDAY
  MAXIMUM         82    201 PM  88    1977  66     16       63
  MINIMUM         46   1038 PM  21    2010  34     12       46
  AVERAGE         64                        50     14       55

PRECIPITATION (IN)
  YESTERDAY        0.00          0.64 1960   0.05  -0.05     0.00
  MONTH TO DATE    0.26                      0.97  -0.71     0.80
  SINCE JUL 1      2.29                      3.15  -0.86     3.64
  SINCE JAN 1      5.05                     13.30  -8.25     8.42

SNOWFALL (IN)
  YESTERDAY        0.0
  MONTH TO DATE    0.0
  SINCE JAN 1      0.0
  SINCE JUL 1      0.0
  SNOW DEPTH       0

DEGREE DAYS
 HEATING
  YESTERDAY        1                        15    -14       10
  MONTH TO DATE  260                       314    -54      302
  SINCE SEP 1    346                       510   -164      583
  SINCE JUL 1    348                       524   -176      585

 COOLING
  YESTERDAY        0                         0      0        0
  MONTH TO DATE    0                         0      0        0
  SINCE SEP 1    268                       189     79      192
  SINCE JAN 1    900                       839     61      909
..................................................................


WIND (MPH)
  RESULTANT WIND SPEED   8   RESULTANT WIND DIRECTION  NE (60)
  HIGHEST WIND SPEED    24   HIGHEST WIND DIRECTION     E (70)
  HIGHEST GUST SPEED    28   HIGHEST GUST DIRECTION     E (80)
  AVERAGE WIND SPEED     8.8


SKY COVER
  POSSIBLE SUNSHINE  MM
  AVERAGE SKY COVER 0.0



RELATIVE HUMIDITY (PERCENT)
 HIGHEST    27          1000 PM
 LOWEST      9          1000 AM
 AVERAGE    18

..........................................................


THE CAMPO ASOS CA CLIMATE NORMALS FOR TODAY
                         NORMAL    RECORD    YEAR
 MAXIMUM TEMPERATURE (F)   66        83      1999
 MINIMUM TEMPERATURE (F)   34        21      1952


SUNRISE AND SUNSET
NOVEMBER 28 2014......SUNRISE   627 AM PST   SUNSET   440 PM PST
NOVEMBER 29 2014......SUNRISE   628 AM PST   SUNSET   440 PM PST


-  INDICATES NEGATIVE NUMBERS.
R  INDICATES RECORD WAS SET OR TIED.
MM INDICATES DATA IS MISSING.
T  INDICATES TRACE AMOUNT.




$$
