000
CDUS46 KSGX 281431
CLICZZ


CLIMATE REPORT
NATIONAL WEATHER SERVICE SAN DIEGO, CA
731 AM PDT TUE JUL 28 2015


...................................

...THE CAMPO ASOS CA CLIMATE SUMMARY FOR JULY 27 2015...

CLIMATE NORMAL PERIOD 1981 TO 2010
CLIMATE RECORD PERIOD 1948 TO 2015


WEATHER ITEM   OBSERVED TIME   RECORD YEAR NORMAL DEPARTURE LAST
                VALUE   (LST)  VALUE       VALUE  FROM      YEAR
                                                  NORMAL
..................................................................
TEMPERATURE (F)
 YESTERDAY
  MAXIMUM         86    159 PM 111    1995  95     -9       90
  MINIMUM         42    507 AM  40    1990  54    -12       60
  AVERAGE         64                        74    -10       75

PRECIPITATION (IN)
  YESTERDAY        0.00          0.55 1956   0.01  -0.01     0.00
  MONTH TO DATE    0.49                      0.25   0.24     0.14
  SINCE OCT 1     10.09                     14.62  -4.53     5.15
  SINCE JAN 1      6.22                     10.40  -4.18     2.90

DEGREE DAYS
 HEATING
  YESTERDAY        1                         0      1        0
  MONTH TO DATE   10                         4      6        0
  SINCE JUN 1     60                        60      0       28
  SINCE JUL 1     10                         4      6        0

 COOLING
  YESTERDAY        0                         9     -9       10
  MONTH TO DATE  137                       214    -77      232
  SINCE JUN 1    325                       306     19      292
  SINCE JAN 1    342                       336      6      344
..................................................................


WIND (MPH)
  RESULTANT WIND SPEED   4   RESULTANT WIND DIRECTION  SW (210)
  HIGHEST WIND SPEED    20   HIGHEST WIND DIRECTION    SW (220)
  HIGHEST GUST SPEED    25   HIGHEST GUST DIRECTION     S (200)
  AVERAGE WIND SPEED     8.8


SKY COVER
  POSSIBLE SUNSHINE  MM
  AVERAGE SKY COVER 0.0



RELATIVE HUMIDITY (PERCENT)
 HIGHEST    80          1200 AM
 LOWEST     13          1200 PM
 AVERAGE    47

..........................................................


THE CAMPO ASOS CA CLIMATE NORMALS FOR TODAY
                         NORMAL    RECORD    YEAR
 MAXIMUM TEMPERATURE (F)   95       109      1995
 MINIMUM TEMPERATURE (F)   54        43      1986


SUNRISE AND SUNSET
JULY 28 2015..........SUNRISE   557 AM PDT   SUNSET   747 PM PDT
JULY 29 2015..........SUNRISE   558 AM PDT   SUNSET   746 PM PDT


-  INDICATES NEGATIVE NUMBERS.
R  INDICATES RECORD WAS SET OR TIED.
MM INDICATES DATA IS MISSING.
T  INDICATES TRACE AMOUNT.




$$
