000
CDUS46 KSGX 030017
CLICZZ


CLIMATE REPORT
NATIONAL WEATHER SERVICE SAN DIEGO, CA
517 PM PDT TUE SEP 2 2014


...................................

...THE CAMPO ASOS CA CLIMATE SUMMARY FOR SEPTEMBER 2 2014...
VALID TODAY AS OF 0500 PM LOCAL TIME.

CLIMATE NORMAL PERIOD 1981 TO 2010
CLIMATE RECORD PERIOD 1948 TO 2014


WEATHER ITEM   OBSERVED TIME   RECORD YEAR NORMAL DEPARTURE LAST
                VALUE   (LST)  VALUE       VALUE  FROM      YEAR
                                                  NORMAL
..................................................................
TEMPERATURE (F)
 TODAY
  MAXIMUM         93   1255 PM 107    1982  93      0       95
  MINIMUM         50    458 AM  30    1973  51     -1       59
  AVERAGE         72                        72      0       77

PRECIPITATION (IN)
  TODAY            0.00          0.33 1997   0.02  -0.02     0.02
  MONTH TO DATE    0.00                      0.03  -0.03     0.02
  SINCE JUL 1      0.62                      1.05  -0.43     0.45
  SINCE JAN 1      3.38                     11.20  -7.82     5.23

SNOWFALL (IN)
  TODAY            0.0
  MONTH TO DATE    0.0
  SINCE JAN 1      0.0
  SINCE JUL 1      0.0
  SNOW DEPTH       0

DEGREE DAYS
 HEATING
  TODAY            0                         0      0        0
  MONTH TO DATE    0                         0      0        0
  SINCE SEP 1      0                         0      0        0
  SINCE JUL 1      2                        14    -12        2

 COOLING
  TODAY            7                         8     -1       12
  MONTH TO DATE   14                        16     -2       26
  SINCE SEP 1     14                        16     -2       26
  SINCE JAN 1    646                       666    -20      743
..................................................................


WIND (MPH)
  RESULTANT WIND SPEED   2   RESULTANT WIND DIRECTION  SW (210)
  HIGHEST WIND SPEED    17   HIGHEST WIND DIRECTION    SW (210)
  HIGHEST GUST SPEED    22   HIGHEST GUST DIRECTION    SW (240)
  AVERAGE WIND SPEED     8.3


SKY COVER
  POSSIBLE SUNSHINE  MM
  AVERAGE SKY COVER 0.0



RELATIVE HUMIDITY (PERCENT)
 HIGHEST    51           600 AM
 LOWEST     14          1000 AM
 AVERAGE    33

..........................................................


THE CAMPO ASOS CA CLIMATE NORMALS FOR TOMORROW
                         NORMAL    RECORD    YEAR
 MAXIMUM TEMPERATURE (F)   93       106      1982
 MINIMUM TEMPERATURE (F)   51        38      1999


SUNRISE AND SUNSET
SEPTEMBER  2 2014.....SUNRISE   621 AM PDT   SUNSET   709 PM PDT
SEPTEMBER  3 2014.....SUNRISE   622 AM PDT   SUNSET   708 PM PDT


-  INDICATES NEGATIVE NUMBERS.
R  INDICATES RECORD WAS SET OR TIED.
MM INDICATES DATA IS MISSING.
T  INDICATES TRACE AMOUNT.




$$
