000
CDUS46 KSGX 281421
CLICZZ


CLIMATE REPORT
NATIONAL WEATHER SERVICE SAN DIEGO, CA
719 AM PDT SAT MAY 28 2016


...................................

...THE CAMPO ASOS CA CLIMATE SUMMARY FOR MAY 27 2016...

CLIMATE NORMAL PERIOD 1981 TO 2010
CLIMATE RECORD PERIOD 1948 TO 2016


WEATHER ITEM   OBSERVED TIME   RECORD YEAR NORMAL DEPARTURE LAST
                VALUE   (LST)  VALUE       VALUE  FROM      YEAR
                                                  NORMAL
..................................................................
TEMPERATURE (F)
 YESTERDAY
  MAXIMUM         81    236 PM  97    2003  82     -1       72
                                      1984
  MINIMUM         49   1141 PM  31    1998  43      6       47
  AVERAGE         65                        62      3       60

PRECIPITATION (IN)
  YESTERDAY        0.00          0.13 1962   0.00   0.00     0.00
  MONTH TO DATE    0.14                      0.17  -0.03     2.31
  SINCE OCT 1      9.32                     14.25  -4.93     8.93
  SINCE JAN 1      6.37                     10.03  -3.66     5.06

DEGREE DAYS
 HEATING
  YESTERDAY        0                         4     -4        5
  MONTH TO DATE  198                       143     55      254
  SINCE MAR 1    871                       860     11      837
  SINCE JUL 1   2755                      2911   -156     2473

 COOLING
  YESTERDAY        0                         1     -1        0
  MONTH TO DATE    2                        22    -20        2
  SINCE MAR 1      2                        25    -23        7
  SINCE JAN 1      2                        25    -23        7
..................................................................


WIND (MPH)
  RESULTANT WIND SPEED   7   RESULTANT WIND DIRECTION  SW (220)
  HIGHEST WIND SPEED    22   HIGHEST WIND DIRECTION    SW (210)
  HIGHEST GUST SPEED    28   HIGHEST GUST DIRECTION    SW (230)
  AVERAGE WIND SPEED     8.6


SKY COVER
  POSSIBLE SUNSHINE  MM
  AVERAGE SKY COVER 0.0



RELATIVE HUMIDITY (PERCENT)
 HIGHEST    89          1200 AM
 LOWEST     35           200 PM
 AVERAGE    62

..........................................................


THE CAMPO ASOS CA CLIMATE NORMALS FOR TODAY
                         NORMAL    RECORD    YEAR
 MAXIMUM TEMPERATURE (F)   82       102      2003
 MINIMUM TEMPERATURE (F)   43        30      1959


SUNRISE AND SUNSET
MAY 28 2016...........SUNRISE   540 AM PDT   SUNSET   747 PM PDT
MAY 29 2016...........SUNRISE   540 AM PDT   SUNSET   747 PM PDT


-  INDICATES NEGATIVE NUMBERS.
R  INDICATES RECORD WAS SET OR TIED.
MM INDICATES DATA IS MISSING.
T  INDICATES TRACE AMOUNT.




$$
