000
CDUS46 KSGX 041416
CLICZZ


CLIMATE REPORT
NATIONAL WEATHER SERVICE SAN DIEGO, CA
716 AM PDT FRI SEP 4 2015


...................................

...THE CAMPO ASOS CA CLIMATE SUMMARY FOR SEPTEMBER 3 2015...

CLIMATE NORMAL PERIOD 1981 TO 2010
CLIMATE RECORD PERIOD 1948 TO 2015


WEATHER ITEM   OBSERVED TIME   RECORD YEAR NORMAL DEPARTURE LAST
                VALUE   (LST)  VALUE       VALUE  FROM      YEAR
                                                  NORMAL
..................................................................
TEMPERATURE (F)
 YESTERDAY
  MAXIMUM         83    215 PM 106    1982  93    -10       90
  MINIMUM         44    521 AM  38    1999  51     -7       49
  AVERAGE         64                        72     -8       70

PRECIPITATION (IN)
  YESTERDAY        0.00          0.68 1997   0.01  -0.01     0.00
  MONTH TO DATE    0.00                      0.04  -0.04     0.00
  SINCE OCT 1     10.12                     15.43  -5.31     5.63
  SINCE JAN 1      6.25                     11.21  -4.96     3.38

DEGREE DAYS
 HEATING
  YESTERDAY        1                         1      0        0
  MONTH TO DATE    1                         1      0        0
  SINCE SEP 1      1                         1      0        0
  SINCE JUL 1     11                        15     -4        2

 COOLING
  YESTERDAY        0                         8     -8        5
  MONTH TO DATE    2                        24    -22       19
  SINCE SEP 1      2                        24    -22       19
  SINCE JAN 1    692                       674     18      651
..................................................................


WIND (MPH)
  RESULTANT WIND SPEED   3   RESULTANT WIND DIRECTION  SW (220)
  HIGHEST WIND SPEED    17   HIGHEST WIND DIRECTION    SW (220)
  HIGHEST GUST SPEED    23   HIGHEST GUST DIRECTION    SW (210)
  AVERAGE WIND SPEED     7.2


SKY COVER
  POSSIBLE SUNSHINE  MM
  AVERAGE SKY COVER 0.0



RELATIVE HUMIDITY (PERCENT)
 HIGHEST    77          1200 AM
 LOWEST     24           100 PM
 AVERAGE    51

..........................................................


THE CAMPO ASOS CA CLIMATE NORMALS FOR TODAY
                         NORMAL    RECORD    YEAR
 MAXIMUM TEMPERATURE (F)   93       105      1955
 MINIMUM TEMPERATURE (F)   51        39      2004
                                             2000


SUNRISE AND SUNSET
SEPTEMBER  4 2015.....SUNRISE   622 AM PDT   SUNSET   707 PM PDT
SEPTEMBER  5 2015.....SUNRISE   623 AM PDT   SUNSET   705 PM PDT


-  INDICATES NEGATIVE NUMBERS.
R  INDICATES RECORD WAS SET OR TIED.
MM INDICATES DATA IS MISSING.
T  INDICATES TRACE AMOUNT.




$$
