000
CDUS46 KSGX 231519
CLICZZ


CLIMATE REPORT
NATIONAL WEATHER SERVICE SAN DIEGO, CA
719 AM PST THU FEB 23 2017


...................................

...THE CAMPO ASOS CA CLIMATE SUMMARY FOR FEBRUARY 22 2017...

CLIMATE NORMAL PERIOD 1981 TO 2010
CLIMATE RECORD PERIOD 1948 TO 2017


WEATHER ITEM   OBSERVED TIME   RECORD YEAR NORMAL DEPARTURE LAST
                VALUE   (LST)  VALUE       VALUE  FROM      YEAR
                                                  NORMAL
..................................................................
TEMPERATURE (F)
 YESTERDAY
  MAXIMUM         57   1222 PM  80    1983  65     -8       79
  MINIMUM         34    525 AM  19    1967  35     -1       31
  AVERAGE         46                        50     -4       55

PRECIPITATION (IN)
  YESTERDAY        0.00          1.80 2004   0.13  -0.13     0.00
  MONTH TO DATE    1.25                      2.53  -1.28     0.20
  SINCE OCT 1     13.14                      9.73   3.41     6.75
  SINCE JAN 1      7.91                      5.51   2.40     3.80

DEGREE DAYS
 HEATING
  YESTERDAY       19                        15      4       10
  MONTH TO DATE  341                       346     -5      247
  SINCE DEC 1   1359                      1392    -33     1407
  SINCE JUL 1   1777                      1962   -185     1823

 COOLING
  YESTERDAY        0                         0      0        0
  MONTH TO DATE    0                         0      0        0
  SINCE DEC 1      0                         0      0        0
  SINCE JAN 1      0                         0      0        0
..................................................................


WIND (MPH)
  RESULTANT WIND SPEED   7   RESULTANT WIND DIRECTION   W (250)
  HIGHEST WIND SPEED    20   HIGHEST WIND DIRECTION    SW (230)
  HIGHEST GUST SPEED    25   HIGHEST GUST DIRECTION    SW (220)
  AVERAGE WIND SPEED     9.0


SKY COVER
  POSSIBLE SUNSHINE  MM
  AVERAGE SKY COVER 0.0



RELATIVE HUMIDITY (PERCENT)
 HIGHEST   100           200 AM
 LOWEST     66          1200 PM
 AVERAGE    83

..........................................................


THE CAMPO ASOS CA CLIMATE NORMALS FOR TODAY
                         NORMAL    RECORD    YEAR
 MAXIMUM TEMPERATURE (F)   65        86      1989
 MINIMUM TEMPERATURE (F)   35        12      1953


SUNRISE AND SUNSET
FEBRUARY 23 2017......SUNRISE   620 AM PST   SUNSET   539 PM PST
FEBRUARY 24 2017......SUNRISE   619 AM PST   SUNSET   539 PM PST


-  INDICATES NEGATIVE NUMBERS.
R  INDICATES RECORD WAS SET OR TIED.
MM INDICATES DATA IS MISSING.
T  INDICATES TRACE AMOUNT.




$$
