000
CDUS46 KSGX 061419
CLICZZ


CLIMATE REPORT
NATIONAL WEATHER SERVICE SAN DIEGO, CA
619 AM PST FRI MAR 6 2015


...................................

...THE CAMPO ASOS CA CLIMATE SUMMARY FOR MARCH 5 2015...

CLIMATE NORMAL PERIOD 1981 TO 2010
CLIMATE RECORD PERIOD 1948 TO 2015


WEATHER ITEM   OBSERVED TIME   RECORD YEAR NORMAL DEPARTURE LAST
                VALUE   (LST)  VALUE       VALUE  FROM      YEAR
                                                  NORMAL
..................................................................
TEMPERATURE (F)
 YESTERDAY
  MAXIMUM         62    309 PM  85    1986  66     -4       77
  MINIMUM         41   1211 AM  20    1974  36      5       38
  AVERAGE         52                        51      1       58

PRECIPITATION (IN)
  YESTERDAY        0.00          1.85 1995   0.11  -0.11     0.00
  MONTH TO DATE    1.45                      0.55   0.90     0.64
  SINCE OCT 1      6.35                     10.98  -4.63     4.21
  SINCE JAN 1      2.48                      6.76  -4.28     1.96

SNOWFALL (IN)
  YESTERDAY        0.0
  MONTH TO DATE    0.0
  SINCE JAN 1      0.0
  SINCE JUL 1      0.0
  SNOW DEPTH       0

DEGREE DAYS
 HEATING
  YESTERDAY       13                        14     -1        7
  MONTH TO DATE   93                        71     22       69
  SINCE MAR 1     93                        71     22       69
  SINCE JUL 1   1729                      2122   -393     1939

 COOLING
  YESTERDAY        0                         0      0        0
  MONTH TO DATE    0                         0      0        0
  SINCE MAR 1      0                         0      0        0
  SINCE JAN 1      0                         0      0        0
..................................................................


WIND (MPH)
  RESULTANT WIND SPEED  14   RESULTANT WIND DIRECTION  NE (50)
  HIGHEST WIND SPEED    33   HIGHEST WIND DIRECTION    NE (40)
  HIGHEST GUST SPEED    44   HIGHEST GUST DIRECTION     N (20)
  AVERAGE WIND SPEED    14.9


SKY COVER
  POSSIBLE SUNSHINE  MM
  AVERAGE SKY COVER 0.0



RELATIVE HUMIDITY (PERCENT)
 HIGHEST    39          1200 AM
 LOWEST     19           500 PM
 AVERAGE    29

..........................................................


THE CAMPO ASOS CA CLIMATE NORMALS FOR TODAY
                         NORMAL    RECORD    YEAR
 MAXIMUM TEMPERATURE (F)   66        84      1972
 MINIMUM TEMPERATURE (F)   36        21      1977


SUNRISE AND SUNSET
MARCH  6 2015.........SUNRISE   608 AM PST   SUNSET   547 PM PST
MARCH  7 2015.........SUNRISE   606 AM PST   SUNSET   548 PM PST


-  INDICATES NEGATIVE NUMBERS.
R  INDICATES RECORD WAS SET OR TIED.
MM INDICATES DATA IS MISSING.
T  INDICATES TRACE AMOUNT.




$$
