000
CDUS46 KSGX 240022
CLICZZ


CLIMATE REPORT
NATIONAL WEATHER SERVICE SAN DIEGO, CA
522 PM PDT WED JUL 23 2014


...................................

...THE CAMPO ASOS CA CLIMATE SUMMARY FOR JULY 23 2014...
VALID TODAY AS OF 0500 PM LOCAL TIME.

CLIMATE NORMAL PERIOD 1981 TO 2010
CLIMATE RECORD PERIOD 1948 TO 2014


WEATHER ITEM   OBSERVED TIME   RECORD YEAR NORMAL DEPARTURE LAST
                VALUE   (LST)  VALUE       VALUE  FROM      YEAR
                                                  NORMAL
..................................................................
TEMPERATURE (F)
 TODAY
  MAXIMUM         99    313 PM 103    2006  95      4       89
  MINIMUM         52    354 AM  39    1987  53     -1       60
  AVERAGE         76                        74      2       75

PRECIPITATION (IN)
  TODAY            0.00          0.12 1976   0.01  -0.01     0.00
  MONTH TO DATE    0.14                      0.19  -0.05     0.23
  SINCE JUL 1      0.14                      0.19  -0.05     0.23
  SINCE JAN 1      2.90                     10.34  -7.44     5.01

SNOWFALL (IN)
  TODAY            0.0
  MONTH TO DATE    0.0
  SINCE JAN 1      0.0
  SINCE JUL 1      0.0
  SNOW DEPTH       0

DEGREE DAYS
 HEATING
  TODAY            0                         0      0        0
  MONTH TO DATE    0                         4     -4        0
  SINCE JUN 1     28                        60    -32       28
  SINCE JUL 1      0                         4     -4        0

 COOLING
  TODAY           11                         9      2       10
  MONTH TO DATE  174                       178     -4      248
  SINCE JUN 1    234                       270    -36      355
  SINCE JAN 1    286                       300    -14      382
..................................................................


WIND (MPH)
  RESULTANT WIND SPEED   3   RESULTANT WIND DIRECTION   W (290)
  HIGHEST WIND SPEED    17   HIGHEST WIND DIRECTION    NW (300)
  HIGHEST GUST SPEED    25   HIGHEST GUST DIRECTION    SW (230)
  AVERAGE WIND SPEED     7.8


SKY COVER
  POSSIBLE SUNSHINE  MM
  AVERAGE SKY COVER 0.0



RELATIVE HUMIDITY (PERCENT)
 HIGHEST    77           100 AM
 LOWEST     11          1200 PM
 AVERAGE    44

..........................................................


THE CAMPO ASOS CA CLIMATE NORMALS FOR TOMORROW
                         NORMAL    RECORD    YEAR
 MAXIMUM TEMPERATURE (F)   95       102      1959
 MINIMUM TEMPERATURE (F)   53        43      1987


SUNRISE AND SUNSET
JULY 23 2014..........SUNRISE   554 AM PDT   SUNSET   750 PM PDT
JULY 24 2014..........SUNRISE   555 AM PDT   SUNSET   750 PM PDT


-  INDICATES NEGATIVE NUMBERS.
R  INDICATES RECORD WAS SET OR TIED.
MM INDICATES DATA IS MISSING.
T  INDICATES TRACE AMOUNT.




$$
