000
CDUS46 KSGX 200017
CLICZZ


CLIMATE REPORT
NATIONAL WEATHER SERVICE SAN DIEGO, CA
517 PM PDT SAT AUG 19 2017


...................................

...THE CAMPO ASOS CA CLIMATE SUMMARY FOR AUGUST 19 2017...
VALID TODAY AS OF 0500 PM LOCAL TIME.

CLIMATE NORMAL PERIOD 1981 TO 2010
CLIMATE RECORD PERIOD 1948 TO 2017


WEATHER ITEM   OBSERVED TIME   RECORD YEAR NORMAL DEPARTURE LAST
                VALUE   (LST)  VALUE       VALUE  FROM      YEAR
                                                  NORMAL
..................................................................
TEMPERATURE (F)
 TODAY
  MAXIMUM         89    114 PM 105    1950  95     -6       95
  MINIMUM         49    435 AM  39    1985  53     -4       56
  AVERAGE         69                        74     -5       76

PRECIPITATION (IN)
  TODAY            0.00          1.33 1984   0.03  -0.03     0.00
  MONTH TO DATE    0.00                      0.44  -0.44     0.00
  SINCE OCT 1     16.74                     15.13   1.61     9.32
  SINCE JAN 1     11.51                     10.91   0.60     6.37

DEGREE DAYS
 HEATING
  TODAY            0                         0      0        0
  MONTH TO DATE    4                         0      4        0
  SINCE JUN 1     41                        63    -22       27
  SINCE JUL 1      4                         7     -3        0

 COOLING
  TODAY            4                         9     -5       11
  MONTH TO DATE  174                       171      3      195
  SINCE JUN 1    709                       513    196      716
  SINCE JAN 1    736                       543    193      719
..................................................................


WIND (MPH)
  RESULTANT WIND SPEED   3   RESULTANT WIND DIRECTION  SW (210)
  HIGHEST WIND SPEED    18   HIGHEST WIND DIRECTION    SW (210)
  HIGHEST GUST SPEED    22   HIGHEST GUST DIRECTION    SW (220)
  AVERAGE WIND SPEED     7.5


SKY COVER
  POSSIBLE SUNSHINE  MM
  AVERAGE SKY COVER 0.0



RELATIVE HUMIDITY (PERCENT)
 HIGHEST    86          1200 AM
 LOWEST     20          1000 AM
 AVERAGE    53

..........................................................


THE CAMPO ASOS CA CLIMATE NORMALS FOR TOMORROW
                         NORMAL    RECORD    YEAR
 MAXIMUM TEMPERATURE (F)   95       105      1982
 MINIMUM TEMPERATURE (F)   53        39      1989


SUNRISE AND SUNSET
AUGUST 19 2017........SUNRISE   612 AM PDT   SUNSET   726 PM PDT
AUGUST 20 2017........SUNRISE   613 AM PDT   SUNSET   725 PM PDT


-  INDICATES NEGATIVE NUMBERS.
R  INDICATES RECORD WAS SET OR TIED.
MM INDICATES DATA IS MISSING.
T  INDICATES TRACE AMOUNT.




$$
