000
CDUS46 KSGX 171232
CLICZZ


CLIMATE REPORT
NATIONAL WEATHER SERVICE SAN DIEGO, CA
432 AM PST SUN DEC 17 2017


...................................

...THE CAMPO ASOS CA CLIMATE SUMMARY FOR DECEMBER 16 2017...

CLIMATE NORMAL PERIOD 1981 TO 2010
CLIMATE RECORD PERIOD 1948 TO 2017


WEATHER ITEM   OBSERVED TIME   RECORD YEAR NORMAL DEPARTURE LAST
                VALUE   (LST)  VALUE       VALUE  FROM      YEAR
                                                  NORMAL
..................................................................
TEMPERATURE (F)
 YESTERDAY
  MAXIMUM         58    159 PM  76    2013  62     -4       58
                                      1996
  MINIMUM         31    654 AM  20    2005  32     -1       42
                                      1960
  AVERAGE         45                        47     -2       50

PRECIPITATION (IN)
  YESTERDAY        0.00          1.14 2016   0.07  -0.07     1.14
  MONTH TO DATE    0.00                      1.07  -1.07     1.14
  SINCE OCT 1      0.34                      3.02  -2.68     2.08
  SINCE JAN 1     12.06                     14.53  -2.47     9.46

DEGREE DAYS
 HEATING
  YESTERDAY       20                        18      2       15
  MONTH TO DATE  175                       274    -99      235
  SINCE DEC 1    175                       274    -99      235
  SINCE JUL 1    571                       844   -273      653

 COOLING
  YESTERDAY        0                         0      0        0
  MONTH TO DATE    0                         0      0        0
  SINCE DEC 1      0                         0      0        0
  SINCE JAN 1   1087                       841    246      955
..................................................................


WIND (MPH)
  RESULTANT WIND SPEED   4   RESULTANT WIND DIRECTION  NE (60)
  HIGHEST WIND SPEED    14   HIGHEST WIND DIRECTION     W (260)
  HIGHEST GUST SPEED    16   HIGHEST GUST DIRECTION     W (260)
  AVERAGE WIND SPEED     5.5


SKY COVER
  POSSIBLE SUNSHINE  MM
  AVERAGE SKY COVER 0.0



RELATIVE HUMIDITY (PERCENT)
 HIGHEST    64           100 PM
 LOWEST     20           900 AM
 AVERAGE    42

..........................................................


THE CAMPO ASOS CA CLIMATE NORMALS FOR TODAY
                         NORMAL    RECORD    YEAR
 MAXIMUM TEMPERATURE (F)   62        81      1980
 MINIMUM TEMPERATURE (F)   32        17      1990


SUNRISE AND SUNSET
DECEMBER 17 2017......SUNRISE   642 AM PST   SUNSET   443 PM PST
DECEMBER 18 2017......SUNRISE   642 AM PST   SUNSET   443 PM PST


-  INDICATES NEGATIVE NUMBERS.
R  INDICATES RECORD WAS SET OR TIED.
MM INDICATES DATA IS MISSING.
T  INDICATES TRACE AMOUNT.




$$
