000
CDUS46 KSGX 130018
CLICZZ


CLIMATE REPORT
NATIONAL WEATHER SERVICE SAN DIEGO, CA
518 PM PDT SAT JUL 12 2014


...................................

...THE CAMPO ASOS CA CLIMATE SUMMARY FOR JULY 12 2014...
VALID TODAY AS OF 0500 PM LOCAL TIME.

CLIMATE NORMAL PERIOD 1981 TO 2010
CLIMATE RECORD PERIOD 1948 TO 2014


WEATHER ITEM   OBSERVED TIME   RECORD YEAR NORMAL DEPARTURE LAST
                VALUE   (LST)  VALUE       VALUE  FROM      YEAR
                                                  NORMAL
..................................................................
TEMPERATURE (F)
 TODAY
  MAXIMUM         89    306 PM 102    1983  94     -5       92
  MINIMUM         50    455 AM  38    1951  52     -2       61
  AVERAGE         70                        73     -3       77

PRECIPITATION (IN)
  TODAY            0.00          0.16 2002   0.01  -0.01     0.00
  MONTH TO DATE    0.13                      0.07   0.06     0.00
  SINCE JUL 1      0.13                      0.07   0.06     0.00
  SINCE JAN 1      2.89                     10.22  -7.33     4.78

SNOWFALL (IN)
  TODAY            0.0
  MONTH TO DATE    0.0
  SINCE JAN 1      0.0
  SINCE JUL 1      0.0
  SNOW DEPTH       0

DEGREE DAYS
 HEATING
  TODAY            0                         0      0        0
  MONTH TO DATE    0                         4     -4        0
  SINCE JUN 1     28                        60    -32       28
  SINCE JUL 1      0                         4     -4        0

 COOLING
  TODAY            5                         8     -3       12
  MONTH TO DATE  110                        83     27      147
  SINCE JUN 1    170                       175     -5      254
  SINCE JAN 1    222                       205     17      281
..................................................................


WIND (MPH)
  RESULTANT WIND SPEED   4   RESULTANT WIND DIRECTION  SW (220)
  HIGHEST WIND SPEED    22   HIGHEST WIND DIRECTION    SW (220)
  HIGHEST GUST SPEED    27   HIGHEST GUST DIRECTION    SW (220)
  AVERAGE WIND SPEED     7.9


SKY COVER
  POSSIBLE SUNSHINE  MM
  AVERAGE SKY COVER 0.0



RELATIVE HUMIDITY (PERCENT)
 HIGHEST    89           500 AM
 LOWEST     29           100 PM
 AVERAGE    59

..........................................................


THE CAMPO ASOS CA CLIMATE NORMALS FOR TOMORROW
                         NORMAL    RECORD    YEAR
 MAXIMUM TEMPERATURE (F)   94       104      2005
                                             1983
 MINIMUM TEMPERATURE (F)   52        38      1962


SUNRISE AND SUNSET
JULY 12 2014..........SUNRISE   547 AM PDT   SUNSET   755 PM PDT
JULY 13 2014..........SUNRISE   548 AM PDT   SUNSET   755 PM PDT


-  INDICATES NEGATIVE NUMBERS.
R  INDICATES RECORD WAS SET OR TIED.
MM INDICATES DATA IS MISSING.
T  INDICATES TRACE AMOUNT.




$$
