000
CDUS43 KUNR 200836
CLID07


CLIMATE REPORT
NATIONAL WEATHER SERVICE RAPID CITY SD
234 AM MDT SUN APR 20 2014


...................................

...THE FAITH SD CLIMATE SUMMARY FOR APRIL 19 2014...

CLIMATE NORMAL PERIOD 1981 TO 2010
CLIMATE RECORD PERIOD 9999 TO 9999


WEATHER ITEM   OBSERVED TIME   NORMAL DEPARTURE LAST
                VALUE   (LST)  VALUE  FROM      YEAR
                                      NORMAL
......................................................
TEMPERATURE (F)
 YESTERDAY
  MAXIMUM         67    315 PM  59      8       45
  MINIMUM         39    522 AM  34      5       24
  AVERAGE         53            46      7       35

PRECIPITATION (IN)
  YESTERDAY        0.00          0.05  -0.05     0.01
  MONTH TO DATE    0.17          0.80  -0.63     0.79
  SINCE MAR 1      1.36          1.78  -0.42     1.22
  SINCE JAN 1      2.26          2.40  -0.14     1.79

DEGREE DAYS
 HEATING
  YESTERDAY       12            19     -7       30
  MONTH TO DATE  470           429     41      594
  SINCE MAR 1   1588          1432    156     1660
  SINCE JUL 1   7674          7120    554     7003

 COOLING
  YESTERDAY        0             0      0        0
  MONTH TO DATE    0             0      0        0
  SINCE MAR 1      0             0      0        0
  SINCE JAN 1      0             0      0        0
......................................................


WIND (MPH)
  HIGHEST WIND SPEED    24   HIGHEST WIND DIRECTION    NW (320)
  HIGHEST GUST SPEED    31   HIGHEST GUST DIRECTION     W (290)
  AVERAGE WIND SPEED    12.8




RELATIVE HUMIDITY (PERCENT)
 HIGHEST    76           100 AM
 LOWEST     20           100 PM
 AVERAGE    48

..........................................................




SUNRISE AND SUNSET
APRIL 20 2014.........SUNRISE   555 AM MDT   SUNSET   740 PM MDT
APRIL 21 2014.........SUNRISE   553 AM MDT   SUNSET   741 PM MDT


-  INDICATES NEGATIVE NUMBERS.
R  INDICATES RECORD WAS SET OR TIED.
MM INDICATES DATA IS MISSING.
T  INDICATES TRACE AMOUNT.




$$
