000
CDUS43 KUNR 131207
CLID07


CLIMATE REPORT
NATIONAL WEATHER SERVICE RAPID CITY SD
506 AM MST SAT FEB 13 2016


...................................

...THE FAITH SD CLIMATE SUMMARY FOR FEBRUARY 12 2016...

CLIMATE NORMAL PERIOD 1981 TO 2010
CLIMATE RECORD PERIOD 9999 TO 9999


WEATHER ITEM   OBSERVED TIME   NORMAL DEPARTURE LAST
                VALUE   (LST)  VALUE  FROM      YEAR
                                      NORMAL
......................................................
TEMPERATURE (F)
 YESTERDAY
  MAXIMUM         25    210 AM  33     -8       34
  MINIMUM         14   1159 PM  13      1        3
  AVERAGE         20            23     -3       19

PRECIPITATION (IN)
  YESTERDAY        0.00          0.02  -0.02     0.00
  MONTH TO DATE    0.04          0.21  -0.17     0.11
  SINCE DEC 1      0.83          0.81   0.02     0.56
  SINCE JAN 1      0.30          0.41  -0.11     0.28

DEGREE DAYS
 HEATING
  YESTERDAY       45            42      3       46
  MONTH TO DATE  430           519    -89      459
  SINCE DEC 1   3066          3265   -199     2892
  SINCE JUL 1   4452          5048   -596     4768

 COOLING
  YESTERDAY        0             0      0        0
  MONTH TO DATE    0             0      0        0
  SINCE DEC 1      0             0      0        0
  SINCE JAN 1      0             0      0        0
......................................................


WIND (MPH)
  HIGHEST WIND SPEED    24   HIGHEST WIND DIRECTION    SE (140)
  HIGHEST GUST SPEED    29   HIGHEST GUST DIRECTION    SE (130)
  AVERAGE WIND SPEED    12.7




RELATIVE HUMIDITY (PERCENT)
 HIGHEST    88           400 AM
 LOWEST     67           300 PM
 AVERAGE    78

..........................................................




SUNRISE AND SUNSET
FEBRUARY 13 2016......SUNRISE   653 AM MST   SUNSET   513 PM MST
FEBRUARY 14 2016......SUNRISE   651 AM MST   SUNSET   514 PM MST


-  INDICATES NEGATIVE NUMBERS.
R  INDICATES RECORD WAS SET OR TIED.
MM INDICATES DATA IS MISSING.
T  INDICATES TRACE AMOUNT.




$$
