000
CDUS43 KUNR 030842
CLID07


CLIMATE REPORT
NATIONAL WEATHER SERVICE RAPID CITY SD
138 AM MST TUE MAR 3 2015


...................................

...THE FAITH SD CLIMATE SUMMARY FOR MARCH 2 2015...

CLIMATE NORMAL PERIOD 1981 TO 2010
CLIMATE RECORD PERIOD 9999 TO 9999


WEATHER ITEM   OBSERVED TIME   NORMAL DEPARTURE LAST
                VALUE   (LST)  VALUE  FROM      YEAR
                                      NORMAL
......................................................
TEMPERATURE (F)
 YESTERDAY
  MAXIMUM         49    414 PM  38     11       -3
  MINIMUM          8    221 AM  18    -10      -19
  AVERAGE         29            28      1      -11

PRECIPITATION (IN)
  YESTERDAY        0.00          0.01  -0.01     0.00
  MONTH TO DATE    0.00          0.02  -0.02     0.12
  SINCE MAR 1      0.00          0.02  -0.02     0.12
  SINCE JAN 1      0.43          0.64  -0.21     1.02

DEGREE DAYS
 HEATING
  YESTERDAY       36            37     -1       76
  MONTH TO DATE   80            75      5      149
  SINCE MAR 1     80            75      5      149
  SINCE JUL 1   5579          5763   -184     6235

 COOLING
  YESTERDAY        0             0      0        0
  MONTH TO DATE    0             0      0        0
  SINCE MAR 1      0             0      0        0
  SINCE JAN 1      0             0      0        0
......................................................


WIND (MPH)
  HIGHEST WIND SPEED    32   HIGHEST WIND DIRECTION     S (160)
  HIGHEST GUST SPEED    37   HIGHEST GUST DIRECTION     S (160)
  AVERAGE WIND SPEED    15.9




RELATIVE HUMIDITY (PERCENT)
 HIGHEST    83           100 AM
 LOWEST     28           100 PM
 AVERAGE    56

..........................................................




SUNRISE AND SUNSET
MARCH  3 2015.........SUNRISE   623 AM MST   SUNSET   538 PM MST
MARCH  4 2015.........SUNRISE   621 AM MST   SUNSET   539 PM MST


-  INDICATES NEGATIVE NUMBERS.
R  INDICATES RECORD WAS SET OR TIED.
MM INDICATES DATA IS MISSING.
T  INDICATES TRACE AMOUNT.




$$
