000
CDUS43 KUNR 290833
CLID07


CLIMATE REPORT
NATIONAL WEATHER SERVICE RAPID CITY SD
233 AM MDT FRI AUG 29 2014


...................................

...THE FAITH SD CLIMATE SUMMARY FOR AUGUST 28 2014...

CLIMATE NORMAL PERIOD 1981 TO 2010
CLIMATE RECORD PERIOD 9999 TO 9999


WEATHER ITEM   OBSERVED TIME   NORMAL DEPARTURE LAST
                VALUE   (LST)  VALUE  FROM      YEAR
                                      NORMAL
......................................................
TEMPERATURE (F)
 YESTERDAY
  MAXIMUM         79    329 PM  83     -4       91
  MINIMUM         60   1159 PM  55      5       65
  AVERAGE         70            69      1       78

PRECIPITATION (IN)
  YESTERDAY        0.05          0.05   0.00     0.00
  MONTH TO DATE    5.51          1.46   4.05     1.90
  SINCE JUN 1     11.87          7.35   4.52     4.73
  SINCE JAN 1     16.45         13.65   2.80    12.37

DEGREE DAYS
 HEATING
  YESTERDAY        0             1     -1        0
  MONTH TO DATE   22            12     10        2
  SINCE JUN 1    144           114     30       88
  SINCE JUL 1     39            24     15       15

 COOLING
  YESTERDAY        5             6     -1       13
  MONTH TO DATE  169           216    -47      195
  SINCE JUN 1    367           549   -182      540
  SINCE JAN 1    397           561   -164      553
......................................................


WIND (MPH)
  HIGHEST WIND SPEED    13   HIGHEST WIND DIRECTION     S (160)
  HIGHEST GUST SPEED    14   HIGHEST GUST DIRECTION     S (170)
  AVERAGE WIND SPEED     4.4




RELATIVE HUMIDITY (PERCENT)
 HIGHEST   100          1200 AM
 LOWEST     64           300 PM
 AVERAGE    82

..........................................................




SUNRISE AND SUNSET
AUGUST 29 2014........SUNRISE   606 AM MDT   SUNSET   731 PM MDT
AUGUST 30 2014........SUNRISE   608 AM MDT   SUNSET   729 PM MDT


-  INDICATES NEGATIVE NUMBERS.
R  INDICATES RECORD WAS SET OR TIED.
MM INDICATES DATA IS MISSING.
T  INDICATES TRACE AMOUNT.




$$
