000
CDUS43 KUNR 020850
CLID07


CLIMATE REPORT
NATIONAL WEATHER SERVICE RAPID CITY SD
249 AM MDT THU JUL 2 2015


...................................

...THE FAITH SD CLIMATE SUMMARY FOR JULY 1 2015...

CLIMATE NORMAL PERIOD 1981 TO 2010
CLIMATE RECORD PERIOD 9999 TO 9999


WEATHER ITEM   OBSERVED TIME   NORMAL DEPARTURE LAST
                VALUE   (LST)  VALUE  FROM      YEAR
                                      NORMAL
......................................................
TEMPERATURE (F)
 YESTERDAY
  MAXIMUM         80    352 PM  83     -3       71
  MINIMUM         59    445 AM  57      2       53
  AVERAGE         70            70      0       62

PRECIPITATION (IN)
  YESTERDAY        0.00          0.11  -0.11     0.02
  MONTH TO DATE    0.00          0.11  -0.11     0.02
  SINCE JUN 1      2.64          3.20  -0.56     5.95
  SINCE JAN 1      9.88          9.50   0.38    10.53

DEGREE DAYS
 HEATING
  YESTERDAY        0             1     -1        3
  MONTH TO DATE    0             1     -1        3
  SINCE JUN 1     34            91    -57      108
  SINCE JUL 1      0             1     -1        3

 COOLING
  YESTERDAY        5             6     -1        0
  MONTH TO DATE    5             6     -1        0
  SINCE JUN 1    100            94      6       22
  SINCE JAN 1    102           106     -4       52
......................................................


WIND (MPH)
  HIGHEST WIND SPEED    12   HIGHEST WIND DIRECTION     N (20)
  HIGHEST GUST SPEED    19   HIGHEST GUST DIRECTION     N (350)
  AVERAGE WIND SPEED     5.9




RELATIVE HUMIDITY (PERCENT)
 HIGHEST   100           700 AM
 LOWEST     56           300 PM
 AVERAGE    78

..........................................................




SUNRISE AND SUNSET
JULY  2 2015..........SUNRISE   506 AM MDT   SUNSET   838 PM MDT
JULY  3 2015..........SUNRISE   506 AM MDT   SUNSET   838 PM MDT


-  INDICATES NEGATIVE NUMBERS.
R  INDICATES RECORD WAS SET OR TIED.
MM INDICATES DATA IS MISSING.
T  INDICATES TRACE AMOUNT.




$$
