000
CDUS43 KUNR 230834
CLID07


CLIMATE REPORT
NATIONAL WEATHER SERVICE RAPID CITY SD
234 AM MDT SUN APR 23 2017


...................................

...THE FAITH SD CLIMATE SUMMARY FOR APRIL 22 2017...

CLIMATE NORMAL PERIOD 1981 TO 2010
CLIMATE RECORD PERIOD 9999 TO 9999


WEATHER ITEM   OBSERVED TIME   NORMAL DEPARTURE LAST
                VALUE   (LST)  VALUE  FROM      YEAR
                                      NORMAL
......................................................
TEMPERATURE (F)
 YESTERDAY
  MAXIMUM         66    332 PM  60      6       77
  MINIMUM         34    221 AM  35     -1       36
  AVERAGE         50            48      2       57

PRECIPITATION (IN)
  YESTERDAY        0.00          0.07  -0.07     0.00
  MONTH TO DATE    1.46          0.99   0.47     2.68
  SINCE MAR 1      1.96          1.97  -0.01     3.51
  SINCE JAN 1      2.98          2.59   0.39     5.02

DEGREE DAYS
 HEATING
  YESTERDAY       15            18     -3        8
  MONTH TO DATE  375           483   -108      403
  SINCE MAR 1   1285          1486   -201     1173
  SINCE JUL 1   6636          7174   -538     6119

 COOLING
  YESTERDAY        0             0      0        0
  MONTH TO DATE    0             0      0        0
  SINCE MAR 1      0             0      0        0
  SINCE JAN 1      0             0      0        0
......................................................


WIND (MPH)
  HIGHEST WIND SPEED    18   HIGHEST WIND DIRECTION     S (200)
  HIGHEST GUST SPEED    22   HIGHEST GUST DIRECTION     S (200)
  AVERAGE WIND SPEED    11.3




RELATIVE HUMIDITY (PERCENT)
 HIGHEST   100           100 AM
 LOWEST     34           300 PM
 AVERAGE    67

..........................................................




SUNRISE AND SUNSET
APRIL 23 2017.........SUNRISE   549 AM MDT   SUNSET   744 PM MDT
APRIL 24 2017.........SUNRISE   548 AM MDT   SUNSET   745 PM MDT


-  INDICATES NEGATIVE NUMBERS.
R  INDICATES RECORD WAS SET OR TIED.
MM INDICATES DATA IS MISSING.
T  INDICATES TRACE AMOUNT.




$$
