000
CDUS42 KMLB 280644
CLIDAB


CLIMATE REPORT
NATIONAL WEATHER SERVICE MELBOURNE FL
233 AM EDT THU JUL 28 2016


...................................

...THE DAYTONA BEACH CLIMATE SUMMARY FOR JULY 27 2016...

CLIMATE NORMAL PERIOD 1981 TO 2010
CLIMATE RECORD PERIOD 1923 TO 2016


WEATHER ITEM   OBSERVED TIME   RECORD YEAR NORMAL DEPARTURE LAST
                VALUE   (LST)  VALUE       VALUE  FROM      YEAR
                                                  NORMAL
..................................................................
TEMPERATURE (F)
 YESTERDAY
  MAXIMUM         94    110 PM  98    1992  91      3       89
  MINIMUM         75    432 AM  69    1941  73      2       75
                                      1939
                                      1938
  AVERAGE         85                        82      3       82

PRECIPITATION (IN)
  YESTERDAY        0.00          1.66 1927   0.19  -0.19     0.23
  MONTH TO DATE    0.71                      5.05  -4.34     3.25
  SINCE JUN 1      4.28                     10.88  -6.60     8.64
  SINCE JAN 1     24.28                     25.95  -1.67    22.98

SNOWFALL (IN)
  YESTERDAY        0.0
  MONTH TO DATE    0.0
  SINCE JUL 1      0.0

DEGREE DAYS
 HEATING
  YESTERDAY        0                         0      0        0
  MONTH TO DATE    0                         0      0        0
  SINCE JUN 1      0                         0      0        0
  SINCE JUL 1      0                         0      0        0

 COOLING
  YESTERDAY       20                        17      3       17
  MONTH TO DATE  520                       448     72      476
  SINCE JUN 1   1021                       895    126      973
  SINCE JAN 1   1795                      1496    299     1886
..................................................................


WIND (MPH)
  HIGHEST WIND SPEED    15   HIGHEST WIND DIRECTION     E (70)
  HIGHEST GUST SPEED    21   HIGHEST GUST DIRECTION     E (80)
  AVERAGE WIND SPEED     5.8


SKY COVER
  AVERAGE SKY COVER 0.3


WEATHER CONDITIONS
 THE FOLLOWING WEATHER WAS RECORDED YESTERDAY.
  NO SIGNIFICANT WEATHER WAS OBSERVED.


RELATIVE HUMIDITY (PERCENT)
 HIGHEST    94           500 AM
 LOWEST     52          1100 AM
 AVERAGE    73

..........................................................


THE DAYTONA BEACH CLIMATE NORMALS FOR TODAY
                         NORMAL    RECORD    YEAR
 MAXIMUM TEMPERATURE (F)   91        98      1992
 MINIMUM TEMPERATURE (F)   73        66      1947


SUNRISE AND SUNSET
JULY 28 2016..........SUNRISE   643 AM EDT   SUNSET   818 PM EDT
JULY 29 2016..........SUNRISE   643 AM EDT   SUNSET   818 PM EDT


-  INDICATES NEGATIVE NUMBERS.
R  INDICATES RECORD WAS SET OR TIED.
MM INDICATES DATA IS MISSING.
T  INDICATES TRACE AMOUNT.




$$
