000
CDUS42 KMLB 180646
CLIDAB


CLIMATE REPORT
NATIONAL WEATHER SERVICE MELBOURNE FL
134 AM EST WED JAN 18 2017


...................................

...THE DAYTONA BEACH CLIMATE SUMMARY FOR JANUARY 17 2017...

CLIMATE NORMAL PERIOD 1981 TO 2010
CLIMATE RECORD PERIOD 1923 TO 2017


WEATHER ITEM   OBSERVED TIME   RECORD YEAR NORMAL DEPARTURE LAST
                VALUE   (LST)  VALUE       VALUE  FROM      YEAR
                                                  NORMAL
..................................................................
TEMPERATURE (F)
 YESTERDAY
  MAXIMUM         79   1239 PM  86    1943  68     11       68
  MINIMUM         53    429 AM  26    1940  47      6       48
  AVERAGE         66                        58      8       58

PRECIPITATION (IN)
  YESTERDAY        0.00          1.45 2016   0.08  -0.08     1.45
  MONTH TO DATE    1.32                      1.48  -0.16     3.19
  SINCE DEC 1      2.02                      4.11  -2.09     3.76
  SINCE JAN 1      1.32                      1.48  -0.16     3.19

SNOWFALL (IN)
  YESTERDAY        0.0
  MONTH TO DATE    0.0
  SINCE JUL 1      0.0

DEGREE DAYS
 HEATING
  YESTERDAY        0                         8     -8        7
  MONTH TO DATE   64                       136    -72       91
  SINCE DEC 1    143                       328   -185      116
  SINCE JUL 1    180                       402   -222      128

 COOLING
  YESTERDAY        1                         1      0        0
  MONTH TO DATE   33                        17     16       13
  SINCE DEC 1    141                        68     73      222
  SINCE JAN 1     33                        17     16       13
..................................................................


WIND (MPH)
  HIGHEST WIND SPEED    14   HIGHEST WIND DIRECTION     S (170)
  HIGHEST GUST SPEED    17   HIGHEST GUST DIRECTION     S (160)
  AVERAGE WIND SPEED     2.2


SKY COVER
  AVERAGE SKY COVER 0.4


WEATHER CONDITIONS
 THE FOLLOWING WEATHER WAS RECORDED YESTERDAY.
  FOG


RELATIVE HUMIDITY (PERCENT)
 HIGHEST   100          1200 AM
 LOWEST     60           100 PM
 AVERAGE    80

..........................................................


THE DAYTONA BEACH CLIMATE NORMALS FOR TODAY
                         NORMAL    RECORD    YEAR
 MAXIMUM TEMPERATURE (F)   68        85      1937
 MINIMUM TEMPERATURE (F)   47        25      1981


SUNRISE AND SUNSET
JANUARY 18 2017.......SUNRISE   719 AM EST   SUNSET   551 PM EST
JANUARY 19 2017.......SUNRISE   718 AM EST   SUNSET   552 PM EST


-  INDICATES NEGATIVE NUMBERS.
R  INDICATES RECORD WAS SET OR TIED.
MM INDICATES DATA IS MISSING.
T  INDICATES TRACE AMOUNT.




$$
