000
CDUS42 KMLB 260635
CLIDAB


CLIMATE REPORT
NATIONAL WEATHER SERVICE MELBOURNE FL
135 AM EST FRI DEC 26 2014


...................................

...THE DAYTONA BEACH CLIMATE SUMMARY FOR DECEMBER 25 2014...

CLIMATE NORMAL PERIOD 1981 TO 2010
CLIMATE RECORD PERIOD 1923 TO 2014


WEATHER ITEM   OBSERVED TIME   RECORD YEAR NORMAL DEPARTURE LAST
                VALUE   (LST)  VALUE       VALUE  FROM      YEAR
                                                  NORMAL
..................................................................
TEMPERATURE (F)
 YESTERDAY
  MAXIMUM         64    209 AM  82    1988  69     -5       73
                                      1987
                                      1962
  MINIMUM         50   1154 PM  20    1983  49      1       44
  AVERAGE         57                        59     -2       59

PRECIPITATION (IN)
  YESTERDAY        0.00          3.27 1949   0.09  -0.09     0.00
  MONTH TO DATE    2.78                      2.11   0.67     1.27
  SINCE DEC 1      2.78                      2.11   0.67     1.27
  SINCE JAN 1     63.77                     49.10  14.67    47.63

SNOWFALL (IN)
  YESTERDAY        0.0
  MONTH TO DATE    0.0
  SINCE JUL 1      0.0

DEGREE DAYS
 HEATING
  YESTERDAY        8                         7      1        6
  MONTH TO DATE  109                       144    -35       63
  SINCE DEC 1    109                       144    -35       63
  SINCE JUL 1    238                       218     20       94

 COOLING
  YESTERDAY        0                         1     -1        0
  MONTH TO DATE   63                        41     22      101
  SINCE DEC 1     63                        41     22      101
  SINCE JAN 1   3045                      2953     92     3243
..................................................................


WIND (MPH)
  HIGHEST WIND SPEED    13   HIGHEST WIND DIRECTION     W (270)
  HIGHEST GUST SPEED    17   HIGHEST GUST DIRECTION     W (250)
  AVERAGE WIND SPEED     4.0


SKY COVER
  AVERAGE SKY COVER 0.6


WEATHER CONDITIONS
 THE FOLLOWING WEATHER WAS RECORDED YESTERDAY.
  LIGHT RAIN
  FOG


RELATIVE HUMIDITY (PERCENT)
 HIGHEST   100           900 PM
 LOWEST     62           200 PM
 AVERAGE    81

..........................................................


THE DAYTONA BEACH CLIMATE NORMALS FOR TODAY
                         NORMAL    RECORD    YEAR
 MAXIMUM TEMPERATURE (F)   69        82      1987
 MINIMUM TEMPERATURE (F)   48        19      1983


SUNRISE AND SUNSET
DECEMBER 26 2014......SUNRISE   716 AM EST   SUNSET   533 PM EST
DECEMBER 27 2014......SUNRISE   717 AM EST   SUNSET   534 PM EST


-  INDICATES NEGATIVE NUMBERS.
R  INDICATES RECORD WAS SET OR TIED.
MM INDICATES DATA IS MISSING.
T  INDICATES TRACE AMOUNT.




$$
