000
CDUS42 KMLB 200642
CLIDAB


CLIMATE REPORT
NATIONAL WEATHER SERVICE MELBOURNE FL
132 AM EST TUE FEB 20 2018


...................................

...THE DAYTONA BEACH CLIMATE SUMMARY FOR FEBRUARY 19 2018...

CLIMATE NORMAL PERIOD 1981 TO 2010
CLIMATE RECORD PERIOD 1923 TO 2018


WEATHER ITEM   OBSERVED TIME   RECORD YEAR NORMAL DEPARTURE LAST
                VALUE   (LST)  VALUE       VALUE  FROM      YEAR
                                                  NORMAL
..................................................................
TEMPERATURE (F)
 YESTERDAY
  MAXIMUM         81    108 PM  86    1990  71     10       76
                                      1975
  MINIMUM         61    624 AM  27    1958  51     10       57
  AVERAGE         71                        61     10       67

PRECIPITATION (IN)
  YESTERDAY        0.00          1.60 1927   0.10  -0.10     0.10
  MONTH TO DATE    0.34                      1.84  -1.50     0.57
  SINCE DEC 1      7.99                      7.21   0.78     3.25
  SINCE JAN 1      6.80                      4.58   2.22     2.55

SNOWFALL (IN)
  YESTERDAY        0.0
  MONTH TO DATE    0.0
  SINCE JUL 1      0.0

DEGREE DAYS
 HEATING
  YESTERDAY        0                         5     -5        0
  MONTH TO DATE   21                       121   -100       50
  SINCE DEC 1    463                       564   -101      264
  SINCE JUL 1    497                       638   -141      301

 COOLING
  YESTERDAY        6                         1      5        2
  MONTH TO DATE   65                        19     46       24
  SINCE DEC 1    161                        99     62      199
  SINCE JAN 1     92                        48     44       91
..................................................................


WIND (MPH)
  HIGHEST WIND SPEED    16   HIGHEST WIND DIRECTION     E (80)
  HIGHEST GUST SPEED    24   HIGHEST GUST DIRECTION     E (80)
  AVERAGE WIND SPEED     5.4


SKY COVER
  AVERAGE SKY COVER 0.2


WEATHER CONDITIONS
 THE FOLLOWING WEATHER WAS RECORDED YESTERDAY.
  FOG
  FOG W/VISIBILITY <= 1/4 MILE


RELATIVE HUMIDITY (PERCENT)
 HIGHEST   100           100 AM
 LOWEST     62          1200 PM
 AVERAGE    81

..........................................................


THE DAYTONA BEACH CLIMATE NORMALS FOR TODAY
                         NORMAL    RECORD    YEAR
 MAXIMUM TEMPERATURE (F)   71        85      1988
 MINIMUM TEMPERATURE (F)   51        29      1958


SUNRISE AND SUNSET
FEBRUARY 20 2018......SUNRISE   659 AM EST   SUNSET   618 PM EST
FEBRUARY 21 2018......SUNRISE   658 AM EST   SUNSET   618 PM EST


-  INDICATES NEGATIVE NUMBERS.
R  INDICATES RECORD WAS SET OR TIED.
MM INDICATES DATA IS MISSING.
T  INDICATES TRACE AMOUNT.




$$
