000
CDUS42 KMLB 102143
CLIDAB


CLIMATE REPORT
NATIONAL WEATHER SERVICE MELBOURNE FL
431 PM EST SUN DEC 10 2017


...................................

...THE DAYTONA BEACH CLIMATE SUMMARY FOR DECEMBER 10 2017...
VALID TODAY AS OF 0400 PM LOCAL TIME.

CLIMATE NORMAL PERIOD 1981 TO 2010
CLIMATE RECORD PERIOD 1923 TO 2017


WEATHER ITEM   OBSERVED TIME   RECORD YEAR NORMAL DEPARTURE LAST
                VALUE   (LST)  VALUE       VALUE  FROM      YEAR
                                                  NORMAL
..................................................................
TEMPERATURE (F)
 TODAY
  MAXIMUM         56    354 PM  85    1947  71    -15       70
  MINIMUM         38    731 AM  31    1962  52    -14       46
  AVERAGE         47                        62    -15       58

PRECIPITATION (IN)
  TODAY            0.00          1.17 1969   0.07  -0.07     0.00
  MONTH TO DATE    1.16                      0.76   0.40     0.60
  SINCE DEC 1      1.16                      0.76   0.40     0.60
  SINCE JAN 1     49.94                     47.75   2.19    44.54

SNOWFALL (IN)
  TODAY            0.0
  MONTH TO DATE    0.0
  SINCE JUL 1      0.0

DEGREE DAYS
 HEATING
  TODAY           18                         5     13        7
  MONTH TO DATE   29                        46    -17       29
  SINCE DEC 1     29                        46    -17       29
  SINCE JUL 1     63                       120    -57       66

 COOLING
  TODAY            0                         2     -2        0
  MONTH TO DATE   34                        20     14       32
  SINCE DEC 1     34                        20     14       32
  SINCE JAN 1   3443                      2932    511     3411
..................................................................


WIND (MPH)
  HIGHEST WIND SPEED    14   HIGHEST WIND DIRECTION    NW (320)
  HIGHEST GUST SPEED    18   HIGHEST GUST DIRECTION    NW (320)
  AVERAGE WIND SPEED     7.9


SKY COVER
  AVERAGE SKY COVER 0.1


WEATHER CONDITIONS
 THE FOLLOWING WEATHER WAS RECORDED TODAY.
  NO SIGNIFICANT WEATHER WAS OBSERVED.


RELATIVE HUMIDITY (PERCENT)
 HIGHEST    92           200 AM
 LOWEST     41           300 PM
 AVERAGE    67

..........................................................


THE DAYTONA BEACH CLIMATE NORMALS FOR TOMORROW
                         NORMAL    RECORD    YEAR
 MAXIMUM TEMPERATURE (F)   71        83      1961
 MINIMUM TEMPERATURE (F)   52        28      1981
                                             1962


SUNRISE AND SUNSET
DECEMBER 10 2017......SUNRISE   707 AM EST   SUNSET   527 PM EST
DECEMBER 11 2017......SUNRISE   708 AM EST   SUNSET   527 PM EST


-  INDICATES NEGATIVE NUMBERS.
R  INDICATES RECORD WAS SET OR TIED.
MM INDICATES DATA IS MISSING.
T  INDICATES TRACE AMOUNT.




$$
