000
CDUS42 KMLB 230635
CLIDAB


CLIMATE REPORT
NATIONAL WEATHER SERVICE MELBOURNE FL
235 AM EDT SAT MAY 23 2015


...................................

...THE DAYTONA BEACH CLIMATE SUMMARY FOR MAY 22 2015...

CLIMATE NORMAL PERIOD 1981 TO 2010
CLIMATE RECORD PERIOD 1923 TO 2015


WEATHER ITEM   OBSERVED TIME   RECORD YEAR NORMAL DEPARTURE LAST
                VALUE   (LST)  VALUE       VALUE  FROM      YEAR
                                                  NORMAL
..................................................................
TEMPERATURE (F)
 YESTERDAY
  MAXIMUM         85   1218 PM  97    1962  86     -1       92
                                      1940
                                      1938
  MINIMUM         72   1159 PM  55    1954  67      5       65
  AVERAGE         79                        77      2       79

PRECIPITATION (IN)
  YESTERDAY        0.00          2.56 2009   0.11  -0.11     0.00
  MONTH TO DATE    2.15                      1.83   0.32     2.68
  SINCE MAR 1      8.44                      8.25   0.19    11.74
  SINCE JAN 1     13.87                     13.77   0.10    18.32

SNOWFALL (IN)
  YESTERDAY        0.0
  MONTH TO DATE    0.0
  SINCE JUL 1      0.0

DEGREE DAYS
 HEATING
  YESTERDAY        0                         0      0        0
  MONTH TO DATE    0                         0      0        0
  SINCE MAR 1     35                       125    -90       89
  SINCE JUL 1    682                       807   -125      602

 COOLING
  YESTERDAY       14                        11      3       14
  MONTH TO DATE  241                       201     40      206
  SINCE MAR 1    746                       423    323      457
  SINCE JAN 1    786                       488    298      541
..................................................................


WIND (MPH)
  HIGHEST WIND SPEED    18   HIGHEST WIND DIRECTION    NE (40)
  HIGHEST GUST SPEED    21   HIGHEST GUST DIRECTION    NE (40)
  AVERAGE WIND SPEED     8.9


SKY COVER
  AVERAGE SKY COVER 0.3


WEATHER CONDITIONS
 THE FOLLOWING WEATHER WAS RECORDED YESTERDAY.
  NO SIGNIFICANT WEATHER WAS OBSERVED.


RELATIVE HUMIDITY (PERCENT)
 HIGHEST    93           100 AM
 LOWEST     55           900 AM
 AVERAGE    74

..........................................................


THE DAYTONA BEACH CLIMATE NORMALS FOR TODAY
                         NORMAL    RECORD    YEAR
 MAXIMUM TEMPERATURE (F)   86        95      1940
 MINIMUM TEMPERATURE (F)   67        54      1981


SUNRISE AND SUNSET
MAY 23 2015...........SUNRISE   628 AM EDT   SUNSET   814 PM EDT
MAY 24 2015...........SUNRISE   628 AM EDT   SUNSET   814 PM EDT


-  INDICATES NEGATIVE NUMBERS.
R  INDICATES RECORD WAS SET OR TIED.
MM INDICATES DATA IS MISSING.
T  INDICATES TRACE AMOUNT.




$$
