000
CDUS41 KRNK 042219
CLIDAN


CLIMATE REPORT
NATIONAL WEATHER SERVICE BLACKSBURG VA
518 PM EST WED MAR 4 2015


...................................

...THE DANVILLE VA CLIMATE SUMMARY FOR MARCH 4 2015...
VALID TODAY AS OF 0500 PM LOCAL TIME.

CLIMATE NORMAL PERIOD 1981 TO 2010
CLIMATE RECORD PERIOD 1948 TO 2015


WEATHER ITEM   OBSERVED TIME   RECORD YEAR NORMAL DEPARTURE LAST
                VALUE   (LST)  VALUE       VALUE  FROM      YEAR
                                                  NORMAL
..................................................................
TEMPERATURE (F)
 TODAY
  MAXIMUM         70    310 PM  85    1976  55     15       34
  MINIMUM         40    100 AM   9    2014  35      5        9
  AVERAGE         55                        45     10

PRECIPITATION (IN)
  TODAY            0.00          2.60 1993   0.11  -0.11     0.00
  MONTH TO DATE    0.25                      0.40  -0.15     0.45
  SINCE MAR 1      0.25                      0.40  -0.15     0.45
  SINCE JAN 1      4.04                      6.83  -2.79     5.57

SNOWFALL (IN)
  TODAY            0.0
  MONTH TO DATE    0.0
  SINCE MAR 1      0.0
  SINCE JUL 1      9.8
  SNOW DEPTH       0

DEGREE DAYS
 HEATING
  TODAY           10                        20    -10
  MONTH TO DATE   91                        82      9
  SINCE MAR 1     91                        82      9
  SINCE JUL 1   3185                      3083    102

 COOLING
  TODAY            0                         0      0
  MONTH TO DATE    0                         0      0
  SINCE MAR 1      0                         0      0
  SINCE JAN 1      0                         0      0
..................................................................


WIND (MPH)
  HIGHEST WIND SPEED    12   HIGHEST WIND DIRECTION     N (340)
  HIGHEST GUST SPEED    17   HIGHEST GUST DIRECTION    SW (210)
  AVERAGE WIND SPEED     6.1


SKY COVER
  POSSIBLE SUNSHINE  MM
  AVERAGE SKY COVER 0.8


WEATHER CONDITIONS
 THE FOLLOWING WEATHER WAS RECORDED TODAY.
  LIGHT RAIN
  FOG


RELATIVE HUMIDITY (PERCENT)
 HIGHEST    96           400 AM
 LOWEST     63           300 PM
 AVERAGE    80

..........................................................


THE DANVILLE VA CLIMATE NORMALS FOR TOMORROW
                         NORMAL    RECORD    YEAR
 MAXIMUM TEMPERATURE (F)   55        81      1961
 MINIMUM TEMPERATURE (F)   35        13      1960


SUNRISE AND SUNSET
MARCH  4 2015.........SUNRISE   644 AM EST   SUNSET   614 PM EST
MARCH  5 2015.........SUNRISE   643 AM EST   SUNSET   615 PM EST


-  INDICATES NEGATIVE NUMBERS.
R  INDICATES RECORD WAS SET OR TIED.
MM INDICATES DATA IS MISSING.
T  INDICATES TRACE AMOUNT.




$$
