000
CDUS41 KRNK 150917
CLIDAN


CLIMATE REPORT
NATIONAL WEATHER SERVICE BLACKSBURG VA
513 AM EDT MON SEP 15 2014


...................................

...THE DANVILLE VA CLIMATE SUMMARY FOR SEPTEMBER 14 2014...

CLIMATE NORMAL PERIOD 1981 TO 2010
CLIMATE RECORD PERIOD 1948 TO 2014


WEATHER ITEM   OBSERVED TIME   RECORD YEAR NORMAL DEPARTURE LAST
                VALUE   (LST)  VALUE       VALUE  FROM      YEAR
                                                  NORMAL
..................................................................
TEMPERATURE (F)
 YESTERDAY
  MAXIMUM         71    130 PM  95    1962  81    -10       75
  MINIMUM         61    726 PM  39    1953  61      0       53
  AVERAGE         66                        71     -5

PRECIPITATION (IN)
  YESTERDAY        T             1.72 1966   0.13  -0.13     0.00
  MONTH TO DATE    3.10                      1.88   1.22     0.24
  SINCE SEP 1      3.10                      1.88   1.22     0.24
  SINCE JAN 1     32.85                     32.17   0.68    41.55

SNOWFALL (IN)
  YESTERDAY        0.0
  MONTH TO DATE    0.0
  SINCE SEP 1      0.0
  SINCE JUL 1      0.0
  SNOW DEPTH       0

DEGREE DAYS
 HEATING
  YESTERDAY        0                         1     -1
  MONTH TO DATE    0                         1     -1
  SINCE SEP 1      0                         1     -1
  SINCE JUL 1      0                         1     -1

 COOLING
  YESTERDAY        1                         6     -5
  MONTH TO DATE  149                       111     38
  SINCE SEP 1    149                       111     38
  SINCE JAN 1   1338                      1338      0
..................................................................


WIND (MPH)
  HIGHEST WIND SPEED    13   HIGHEST WIND DIRECTION    NE (50)
  HIGHEST GUST SPEED    18   HIGHEST GUST DIRECTION    NW (330)
  AVERAGE WIND SPEED     4.5


SKY COVER
  POSSIBLE SUNSHINE  MM
  AVERAGE SKY COVER 0.9


WEATHER CONDITIONS
 THE FOLLOWING WEATHER WAS RECORDED YESTERDAY.
  LIGHT RAIN


RELATIVE HUMIDITY (PERCENT)
 HIGHEST    87           500 AM
 LOWEST     53           100 PM
 AVERAGE    70

..........................................................


THE DANVILLE VA CLIMATE NORMALS FOR TODAY
                         NORMAL    RECORD    YEAR
 MAXIMUM TEMPERATURE (F)   80        96      1991
 MINIMUM TEMPERATURE (F)   60        44      1985


SUNRISE AND SUNSET
SEPTEMBER 15 2014.....SUNRISE   700 AM EDT   SUNSET   725 PM EDT
SEPTEMBER 16 2014.....SUNRISE   700 AM EDT   SUNSET   723 PM EDT


-  INDICATES NEGATIVE NUMBERS.
R  INDICATES RECORD WAS SET OR TIED.
MM INDICATES DATA IS MISSING.
T  INDICATES TRACE AMOUNT.



$$
