000
CDUS41 KILN 280555
CLIDAY


CLIMATE REPORT
NATIONAL WEATHER SERVICE WILMINGTON OH
1254 AM EST SUN DEC 28 2014


...................................

...THE DAYTON OH CLIMATE SUMMARY FOR DECEMBER 27 2014...

CLIMATE NORMAL PERIOD 1981 TO 2010
CLIMATE RECORD PERIOD 1869 TO 2014


WEATHER ITEM   OBSERVED TIME   RECORD YEAR NORMAL DEPARTURE LAST
                VALUE   (LST)  VALUE       VALUE  FROM      YEAR
                                                  NORMAL
..................................................................
TEMPERATURE (F)
 YESTERDAY
  MAXIMUM         50    210 PM  66    2008  35     15       46
  MINIMUM         42   1159 PM  -4    1950  22     20       31
                                      1925
  AVERAGE         46                        28     18       39

PRECIPITATION (IN)
  YESTERDAY        0.19          1.48 1982   0.10   0.09     0.00
  MONTH TO DATE    2.59                      2.72  -0.13     4.42
  SINCE DEC 1      2.59                      2.72  -0.13     4.42
  SINCE JAN 1     35.78                     40.65  -4.87    36.37

SNOWFALL (IN)
  YESTERDAY        0.0           4.9  1939   0.2   -0.2      0.0
  MONTH TO DATE    0.1                       3.7   -3.6     12.5
  SINCE DEC 1      0.1                       3.7   -3.6     12.5
  SINCE JUL 1      4.2                       4.7   -0.5     14.5
  SNOW DEPTH       0

DEGREE DAYS
 HEATING
  YESTERDAY       19                        37    -18       26
  MONTH TO DATE  762                       900   -138      868
  SINCE DEC 1    762                       900   -138      868
  SINCE JUL 1   1978                      2011    -33     1992

 COOLING
  YESTERDAY        0                         0      0        0
  MONTH TO DATE    0                         0      0        0
  SINCE DEC 1      0                         0      0        0
  SINCE JAN 1    977                       891     86     1062
..................................................................


WIND (MPH)
  RESULTANT WIND SPEED  11   RESULTANT WIND DIRECTION  SW (210)
  HIGHEST WIND SPEED    20   HIGHEST WIND DIRECTION    SW (210)
  HIGHEST GUST SPEED    26   HIGHEST GUST DIRECTION     S (200)
  AVERAGE WIND SPEED    11.8



WEATHER CONDITIONS
 THE FOLLOWING WEATHER WAS RECORDED YESTERDAY.
  LIGHT RAIN
  FOG


RELATIVE HUMIDITY (PERCENT)
 HIGHEST   100           600 PM
 LOWEST     60           200 AM
 AVERAGE    80

..........................................................


THE DAYTON OH CLIMATE NORMALS FOR TODAY
                         NORMAL    RECORD    YEAR
 MAXIMUM TEMPERATURE (F)   35        64      1984
 MINIMUM TEMPERATURE (F)   22        -6      1924


SUNRISE AND SUNSET
DECEMBER 28 2014......SUNRISE   758 AM EST   SUNSET   519 PM EST
DECEMBER 29 2014......SUNRISE   758 AM EST   SUNSET   520 PM EST


-  INDICATES NEGATIVE NUMBERS.
R  INDICATES RECORD WAS SET OR TIED.
MM INDICATES DATA IS MISSING.
T  INDICATES TRACE AMOUNT.




$$
