000
CDUS41 KILN 260543
CLIDAY


CLIMATE REPORT
NATIONAL WEATHER SERVICE WILMINGTON OH
143 AM EDT FRI MAY 26 2017


...................................

...THE DAYTON OH CLIMATE SUMMARY FOR MAY 25 2017...

CLIMATE NORMAL PERIOD 1981 TO 2010
CLIMATE RECORD PERIOD 1869 TO 2017


WEATHER ITEM   OBSERVED TIME   RECORD YEAR NORMAL DEPARTURE LAST
                VALUE   (LST)  VALUE       VALUE  FROM      YEAR
                                                  NORMAL
..................................................................
TEMPERATURE (F)
 YESTERDAY
  MAXIMUM         70    240 PM  92    1939  74     -4       82
  MINIMUM         58   1159 PM  33    1925  54      4       62
  AVERAGE         64                        64      0       72

PRECIPITATION (IN)
  YESTERDAY        0.04          1.56 1939   0.15  -0.11     0.03
  MONTH TO DATE    4.95                      3.75   1.20     2.75
  SINCE MAR 1     15.36                     11.18   4.18    11.20
  SINCE JAN 1     20.30                     16.13   4.17    16.02

SNOWFALL (IN)
  YESTERDAY        0.0           0.0    MM   0.0    0.0      0.0
  MONTH TO DATE    0.0                       0.0    0.0      0.0
  SINCE MAR 1      1.3                       4.0   -2.7      2.1
  SINCE JUL 1      8.5                      23.3  -14.8     12.7
  SNOW DEPTH       0

DEGREE DAYS
 HEATING
  YESTERDAY        1                         4     -3        0
  MONTH TO DATE  160                       151      9      188
  SINCE MAR 1   1125                      1327   -202     1136
  SINCE JUL 1   4555                      5602  -1047     4677

 COOLING
  YESTERDAY        0                         3     -3        7
  MONTH TO DATE   39                        41     -2       17
  SINCE MAR 1     72                        51     21       21
  SINCE JAN 1     72                        51     21       21
..................................................................


WIND (MPH)
  RESULTANT WIND SPEED   9   RESULTANT WIND DIRECTION   W (280)
  HIGHEST WIND SPEED    28   HIGHEST WIND DIRECTION    NW (300)
  HIGHEST GUST SPEED    35   HIGHEST GUST DIRECTION    NW (300)
  AVERAGE WIND SPEED    11.1



WEATHER CONDITIONS
 THE FOLLOWING WEATHER WAS RECORDED YESTERDAY.
  THUNDERSTORM
  RAIN
  LIGHT RAIN
  FOG


RELATIVE HUMIDITY (PERCENT)
 HIGHEST   100           400 AM
 LOWEST     68          1100 AM
 AVERAGE    84

..........................................................


THE DAYTON OH CLIMATE NORMALS FOR TODAY
                         NORMAL    RECORD    YEAR
 MAXIMUM TEMPERATURE (F)   74        95      1911
 MINIMUM TEMPERATURE (F)   55        37      1983
                                             1897


SUNRISE AND SUNSET
MAY 26 2017...........SUNRISE   613 AM EDT   SUNSET   855 PM EDT
MAY 27 2017...........SUNRISE   613 AM EDT   SUNSET   856 PM EDT


-  INDICATES NEGATIVE NUMBERS.
R  INDICATES RECORD WAS SET OR TIED.
MM INDICATES DATA IS MISSING.
T  INDICATES TRACE AMOUNT.




$$
