000
CDUS41 KILN 010545
CLIDAY


CLIMATE REPORT
NATIONAL WEATHER SERVICE WILMINGTON OH
144 AM EDT WED JUN 1 2016


...................................

...THE DAYTON OH CLIMATE SUMMARY FOR MAY 31 2016...

CLIMATE NORMAL PERIOD 1981 TO 2010
CLIMATE RECORD PERIOD 1869 TO 2016


WEATHER ITEM   OBSERVED TIME   RECORD YEAR NORMAL DEPARTURE LAST
                VALUE   (LST)  VALUE       VALUE  FROM      YEAR
                                                  NORMAL
..................................................................
TEMPERATURE (F)
 YESTERDAY
  MAXIMUM         88    254 PM  97    1895  76     12       71
  MINIMUM         62    524 AM  36    1897  56      6       53
  AVERAGE         75                        66      9       62

PRECIPITATION (IN)
  YESTERDAY        0.00          1.75 1997   0.15  -0.15     0.02
  MONTH TO DATE    2.95                      4.66  -1.71     1.79
  SINCE MAR 1     11.40                     12.09  -0.69    10.96
  SINCE JAN 1     16.22                     17.04  -0.82    15.32

SNOWFALL (IN)
  YESTERDAY        0.0           0.0    MM   0.0    0.0      0.0
  MONTH TO DATE    0.0                       0.0    0.0      0.0
  SINCE MAR 1      2.1                       4.0   -1.9      5.7
  SINCE JUL 1     12.7                      23.3  -10.6     27.7
  SNOW DEPTH       0

DEGREE DAYS
 HEATING
  YESTERDAY        0                         3     -3        3
  MONTH TO DATE  188                       169     19       70
  SINCE MAR 1   1136                      1345   -209     1201
  SINCE JUL 1   4677                      5620   -943     5764

 COOLING
  YESTERDAY       10                         4      6        0
  MONTH TO DATE   75                        60     15      171
  SINCE MAR 1     79                        70      9      175
  SINCE JAN 1     79                        70      9      175
..................................................................


WIND (MPH)
  RESULTANT WIND SPEED   2   RESULTANT WIND DIRECTION   E (70)
  HIGHEST WIND SPEED    14   HIGHEST WIND DIRECTION    NE (50)
  HIGHEST GUST SPEED    18   HIGHEST GUST DIRECTION    NE (50)
  AVERAGE WIND SPEED     4.6



WEATHER CONDITIONS
 THE FOLLOWING WEATHER WAS RECORDED YESTERDAY.
  NO SIGNIFICANT WEATHER WAS OBSERVED.


RELATIVE HUMIDITY (PERCENT)
 HIGHEST    81           700 AM
 LOWEST     29           100 PM
 AVERAGE    55

..........................................................


THE DAYTON OH CLIMATE NORMALS FOR TODAY
                         NORMAL    RECORD    YEAR
 MAXIMUM TEMPERATURE (F)   76        97      1895
 MINIMUM TEMPERATURE (F)   57        41      2003


SUNRISE AND SUNSET
JUNE  1 2016..........SUNRISE   610 AM EDT   SUNSET   900 PM EDT
JUNE  2 2016..........SUNRISE   610 AM EDT   SUNSET   900 PM EDT


-  INDICATES NEGATIVE NUMBERS.
R  INDICATES RECORD WAS SET OR TIED.
MM INDICATES DATA IS MISSING.
T  INDICATES TRACE AMOUNT.




$$
