000
CDUS41 KILN 300615
CLIDAY


CLIMATE REPORT
NATIONAL WEATHER SERVICE WILMINGTON OH
214 AM EDT THU JUL 30 2015


...................................

...THE DAYTON OH CLIMATE SUMMARY FOR JULY 29 2015...

CLIMATE NORMAL PERIOD 1981 TO 2010
CLIMATE RECORD PERIOD 1869 TO 2015


WEATHER ITEM   OBSERVED TIME   RECORD YEAR NORMAL DEPARTURE LAST
                VALUE   (LST)  VALUE       VALUE  FROM      YEAR
                                                  NORMAL
..................................................................
TEMPERATURE (F)
 YESTERDAY
  MAXIMUM         90    236 PM 100    1901  83      7       73
  MINIMUM         71    513 AM  51    1968  64      7       52
  AVERAGE         81                        74      7       63

PRECIPITATION (IN)
  YESTERDAY        0.93          1.56 2001   0.11   0.82     0.00
  MONTH TO DATE    4.60                      3.89   0.71     3.22
  SINCE JUN 1     12.48                      8.06   4.42     6.75
  SINCE JAN 1     27.80                     25.10   2.70    24.83

SNOWFALL (IN)
  YESTERDAY        0.0           0.0         0.0    0.0      0.0
  MONTH TO DATE    0.0                       0.0    0.0      0.0
  SINCE JUN 1      0.0                       0.0    0.0      0.0
  SINCE JUL 1      0.0                       0.0    0.0      0.0
  SNOW DEPTH       0

DEGREE DAYS
 HEATING
  YESTERDAY        0                         0      0        2
  MONTH TO DATE    0                         0      0        4
  SINCE JUN 1     20                        22     -2        6
  SINCE JUL 1      0                         0      0        4

 COOLING
  YESTERDAY       16                         9      7        0
  MONTH TO DATE  260                       261     -1      182
  SINCE JUN 1    514                       451     63      445
  SINCE JAN 1    689                       521    168      574
..................................................................


WIND (MPH)
  RESULTANT WIND SPEED   3   RESULTANT WIND DIRECTION  SW (220)
  HIGHEST WIND SPEED    20   HIGHEST WIND DIRECTION    NW (300)
  HIGHEST GUST SPEED    23   HIGHEST GUST DIRECTION    NW (300)
  AVERAGE WIND SPEED     4.7



WEATHER CONDITIONS
 THE FOLLOWING WEATHER WAS RECORDED YESTERDAY.
  THUNDERSTORM
  HEAVY RAIN
  RAIN
  LIGHT RAIN
  HAZE


RELATIVE HUMIDITY (PERCENT)
 HIGHEST   100          1000 PM
 LOWEST     63          1200 PM
 AVERAGE    82

..........................................................


THE DAYTON OH CLIMATE NORMALS FOR TODAY
                         NORMAL    RECORD    YEAR
 MAXIMUM TEMPERATURE (F)   83        99      1913
 MINIMUM TEMPERATURE (F)   64        50      1981


SUNRISE AND SUNSET
JULY 30 2015..........SUNRISE   633 AM EDT   SUNSET   853 PM EDT
JULY 31 2015..........SUNRISE   634 AM EDT   SUNSET   852 PM EDT


-  INDICATES NEGATIVE NUMBERS.
R  INDICATES RECORD WAS SET OR TIED.
MM INDICATES DATA IS MISSING.
T  INDICATES TRACE AMOUNT.




$$
