000
CDUS41 KILN 110536
CLIDAY


CLIMATE REPORT
NATIONAL WEATHER SERVICE WILMINGTON OH
136 AM EDT FRI JUL 11 2014


...................................

...THE DAYTON OH CLIMATE SUMMARY FOR JULY 10 2014...

CLIMATE NORMAL PERIOD 1981 TO 2010
CLIMATE RECORD PERIOD 1869 TO 2014


WEATHER ITEM   OBSERVED TIME   RECORD YEAR NORMAL DEPARTURE LAST
                VALUE   (LST)  VALUE       VALUE  FROM      YEAR
                                                  NORMAL
..................................................................
TEMPERATURE (F)
 YESTERDAY
  MAXIMUM         80    435 PM 103    1936  84     -4       90
                                      1897
  MINIMUM         60    603 AM  48    1963  65     -5       68
  AVERAGE         70                        74     -4       79

PRECIPITATION (IN)
  YESTERDAY        0.00          1.05 1947   0.15  -0.15     0.06
  MONTH TO DATE    2.26                      1.43   0.83     1.60
  SINCE JUN 1      5.79                      5.60   0.19     4.72
  SINCE JAN 1     23.87                     22.64   1.23    19.02

SNOWFALL (IN)
  YESTERDAY        0.0           0.0    MM   0.0    0.0      0.0
  MONTH TO DATE    0.0                       0.0    0.0      0.0
  SINCE JUN 1      0.0                       0.0    0.0      0.0
  SINCE JUL 1      0.0                       0.0    0.0      0.0
  SNOW DEPTH       0

DEGREE DAYS
 HEATING
  YESTERDAY        0                         0      0        0
  MONTH TO DATE    0                         0      0        0
  SINCE JUN 1      2                        22    -20       11
  SINCE JUL 1      0                         0      0        0

 COOLING
  YESTERDAY        5                         9     -4       14
  MONTH TO DATE   71                        90    -19      101
  SINCE JUN 1    334                       280     54      309
  SINCE JAN 1    463                       350    113      440
..................................................................


WIND (MPH)
  RESULTANT WIND SPEED   5   RESULTANT WIND DIRECTION   N (340)
  HIGHEST WIND SPEED    13   HIGHEST WIND DIRECTION    NW (320)
  HIGHEST GUST SPEED    16   HIGHEST GUST DIRECTION     N (350)
  AVERAGE WIND SPEED     5.8



WEATHER CONDITIONS
 THE FOLLOWING WEATHER WAS RECORDED YESTERDAY.
  NO SIGNIFICANT WEATHER WAS OBSERVED.


RELATIVE HUMIDITY (PERCENT)
 HIGHEST    90           300 AM
 LOWEST     42           300 PM
 AVERAGE    66

..........................................................


THE DAYTON OH CLIMATE NORMALS FOR TODAY
                         NORMAL    RECORD    YEAR
 MAXIMUM TEMPERATURE (F)   84       102      1936
 MINIMUM TEMPERATURE (F)   65        45      1898


SUNRISE AND SUNSET
JULY 11 2014..........SUNRISE   618 AM EDT   SUNSET   906 PM EDT
JULY 12 2014..........SUNRISE   619 AM EDT   SUNSET   906 PM EDT


-  INDICATES NEGATIVE NUMBERS.
R  INDICATES RECORD WAS SET OR TIED.
MM INDICATES DATA IS MISSING.
T  INDICATES TRACE AMOUNT.




$$
