000
CDUS41 KILN 010533
CLIDAY


CLIMATE REPORT
NATIONAL WEATHER SERVICE WILMINGTON OH
1232 AM EST WED MAR 1 2017


...................................

...THE DAYTON OH CLIMATE SUMMARY FOR FEBRUARY 28 2017...

CLIMATE NORMAL PERIOD 1981 TO 2010
CLIMATE RECORD PERIOD 1869 TO 2017


WEATHER ITEM   OBSERVED TIME   RECORD YEAR NORMAL DEPARTURE LAST
                VALUE   (LST)  VALUE       VALUE  FROM      YEAR
                                                  NORMAL
..................................................................
TEMPERATURE (F)
 YESTERDAY
  MAXIMUM         61   1159 PM  64    2016  43     18       64
                                      1972
  MINIMUM         41    205 AM  -3    1934  26     15       41
  AVERAGE         51                        35     16       53

PRECIPITATION (IN)
  YESTERDAY        0.18          0.81 1939   0.08   0.10      T
  MONTH TO DATE    1.52                      2.24  -0.72     3.17
  SINCE DEC 1      7.93                      8.07  -0.14     9.06
  SINCE JAN 1      4.94                      4.95  -0.01     4.67

SNOWFALL (IN)
  YESTERDAY        0.0           4.5  1980   0.2   -0.2      0.0
  MONTH TO DATE    1.2                       5.9   -4.7      5.6
  SINCE DEC 1      7.2                      18.3  -11.1     10.6
  SINCE JUL 1      7.2                      19.3  -12.1     10.6
  SNOW DEPTH       0

DEGREE DAYS
 HEATING
  YESTERDAY       14                        30    -16       12
  MONTH TO DATE  646                       952   -306      890
  SINCE DEC 1   2657                      3164   -507     2685
  SINCE JUL 1   3430                      4275   -845     3521

 COOLING
  YESTERDAY        0                         0      0        0
  MONTH TO DATE    0                         0      0        0
  SINCE DEC 1      0                         0      0        0
  SINCE JAN 1      0                         0      0        0
..................................................................


WIND (MPH)
  RESULTANT WIND SPEED  11   RESULTANT WIND DIRECTION   S (170)
  HIGHEST WIND SPEED    23   HIGHEST WIND DIRECTION     S (200)
  HIGHEST GUST SPEED    28   HIGHEST GUST DIRECTION     S (200)
  AVERAGE WIND SPEED    12.9



WEATHER CONDITIONS
 THE FOLLOWING WEATHER WAS RECORDED YESTERDAY.
  THUNDERSTORM
  RAIN
  LIGHT RAIN
  FOG


RELATIVE HUMIDITY (PERCENT)
 HIGHEST   100           900 AM
 LOWEST     82          1200 AM
 AVERAGE    91

..........................................................


THE DAYTON OH CLIMATE NORMALS FOR TODAY
                         NORMAL    RECORD    YEAR
 MAXIMUM TEMPERATURE (F)   44        66      1976
 MINIMUM TEMPERATURE (F)   27         0      1980


SUNRISE AND SUNSET
MARCH  1 2017.........SUNRISE   710 AM EST   SUNSET   629 PM EST
MARCH  2 2017.........SUNRISE   708 AM EST   SUNSET   630 PM EST


-  INDICATES NEGATIVE NUMBERS.
R  INDICATES RECORD WAS SET OR TIED.
MM INDICATES DATA IS MISSING.
T  INDICATES TRACE AMOUNT.




$$
