000
CDUS41 KILN 180537
CLIDAY


CLIMATE REPORT
NATIONAL WEATHER SERVICE WILMINGTON OH
1237 AM EST SUN FEB 18 2018


...................................

...THE DAYTON OH CLIMATE SUMMARY FOR FEBRUARY 17 2018...

CLIMATE NORMAL PERIOD 1981 TO 2010
CLIMATE RECORD PERIOD 1869 TO 2018


WEATHER ITEM   OBSERVED TIME   RECORD YEAR NORMAL DEPARTURE LAST
                VALUE   (LST)  VALUE       VALUE  FROM      YEAR
                                                  NORMAL
..................................................................
TEMPERATURE (F)
 YESTERDAY
  MAXIMUM         35   1113 PM  70    1911  39     -4       64
  MINIMUM         28    648 AM -11    1979  23      5       30
  AVERAGE         32                        31      1       47

PRECIPITATION (IN)
  YESTERDAY        0.09          0.95 1910   0.08   0.01     0.00
  MONTH TO DATE    1.69                      1.36   0.33     1.00
  SINCE DEC 1      5.92                      7.19  -1.27     7.41
  SINCE JAN 1      4.38                      4.07   0.31     4.42

SNOWFALL (IN)
  YESTERDAY        0.2          10.5  1910   0.2    0.0      0.0
  MONTH TO DATE    2.6                       3.7   -1.1      1.2
  SINCE DEC 1     17.5                      16.1    1.4      7.2
  SINCE JUL 1     17.5                      17.1    0.4      7.2
  SNOW DEPTH       0

DEGREE DAYS
 HEATING
  YESTERDAY       33                        34     -1       18
  MONTH TO DATE  600                       601     -1      493
  SINCE DEC 1   2922                      2813    109     2504
  SINCE JUL 1   3929                      3924      5     3277

 COOLING
  YESTERDAY        0                         0      0        0
  MONTH TO DATE    0                         0      0        0
  SINCE DEC 1      0                         0      0        0
  SINCE JAN 1      0                         0      0        0
..................................................................


WIND (MPH)
  RESULTANT WIND SPEED   2   RESULTANT WIND DIRECTION   S (180)
  HIGHEST WIND SPEED    22   HIGHEST WIND DIRECTION     W (270)
  HIGHEST GUST SPEED    30   HIGHEST GUST DIRECTION     W (290)
  AVERAGE WIND SPEED     6.0



WEATHER CONDITIONS
 THE FOLLOWING WEATHER WAS RECORDED YESTERDAY.
  MIXED PRECIP
  LIGHT RAIN
  SNOW
  LIGHT SNOW
  FOG


RELATIVE HUMIDITY (PERCENT)
 HIGHEST   100           200 PM
 LOWEST     72           100 AM
 AVERAGE    86

..........................................................


THE DAYTON OH CLIMATE NORMALS FOR TODAY
                         NORMAL    RECORD    YEAR
 MAXIMUM TEMPERATURE (F)   40        66      2017
 MINIMUM TEMPERATURE (F)   24        -9      1936
                                             1900


SUNRISE AND SUNSET
FEBRUARY 18 2018......SUNRISE   726 AM EST   SUNSET   616 PM EST
FEBRUARY 19 2018......SUNRISE   724 AM EST   SUNSET   618 PM EST


-  INDICATES NEGATIVE NUMBERS.
R  INDICATES RECORD WAS SET OR TIED.
MM INDICATES DATA IS MISSING.
T  INDICATES TRACE AMOUNT.




$$
