000
CDUS41 KILN 022055
CLIDAY


CLIMATE REPORT
NATIONAL WEATHER SERVICE WILMINGTON OH
454 PM EDT THU JUL 2 2015


...................................

...THE DAYTON OH CLIMATE SUMMARY FOR JULY 2 2015...
VALID TODAY AS OF 0400 PM LOCAL TIME.

CLIMATE NORMAL PERIOD 1981 TO 2010
CLIMATE RECORD PERIOD 1869 TO 2015


WEATHER ITEM   OBSERVED TIME   RECORD YEAR NORMAL DEPARTURE LAST
                VALUE   (LST)  VALUE       VALUE  FROM      YEAR
                                                  NORMAL
..................................................................
TEMPERATURE (F)
 TODAY
  MAXIMUM         77    321 PM  99    1966  84     -7       83
                                      1898
  MINIMUM         65    536 AM  48    1904  64      1       66
  AVERAGE         71                        74     -3       75

PRECIPITATION (IN)
  TODAY            0.00          1.49 1978   0.13  -0.13     0.04
  MONTH TO DATE    T                         0.27  -0.27     1.23
  SINCE JUN 1      7.88                      4.44   3.44     4.76
  SINCE JAN 1     23.20                     21.48   1.72    22.84

SNOWFALL (IN)
  TODAY            0.0           0.0    MM   0.0    0.0      0.0
  MONTH TO DATE    0.0                       0.0    0.0      0.0
  SINCE JUN 1      0.0                       0.0    0.0      0.0
  SINCE JUL 1      0.0                       0.0    0.0      0.0
  SNOW DEPTH       0

DEGREE DAYS
 HEATING
  TODAY            0                         0      0        0
  MONTH TO DATE    0                         0      0        0
  SINCE JUN 1     20                        22     -2        2
  SINCE JUL 1      0                         0      0        0

 COOLING
  TODAY            6                         9     -3       10
  MONTH TO DATE   12                        18     -6       23
  SINCE JUN 1    266                       208     58      286
  SINCE JAN 1    441                       278    163      415
..................................................................


WIND (MPH)
  RESULTANT WIND SPEED   6   RESULTANT WIND DIRECTION  NE (60)
  HIGHEST WIND SPEED    16   HIGHEST WIND DIRECTION     E (70)
  HIGHEST GUST SPEED    19   HIGHEST GUST DIRECTION    NE (60)
  AVERAGE WIND SPEED     6.7


SKY COVER
  POSSIBLE SUNSHINE  MM
  AVERAGE SKY COVER 0.9


WEATHER CONDITIONS
 THE FOLLOWING WEATHER WAS RECORDED TODAY.
  NO SIGNIFICANT WEATHER WAS OBSERVED.


RELATIVE HUMIDITY (PERCENT)
 HIGHEST    87           300 AM
 LOWEST     68           100 PM
 AVERAGE    78

..........................................................


THE DAYTON OH CLIMATE NORMALS FOR TOMORROW
                         NORMAL    RECORD    YEAR
 MAXIMUM TEMPERATURE (F)   84       102      1897
 MINIMUM TEMPERATURE (F)   64        50      1924
                                             1907


SUNRISE AND SUNSET
JULY  2 2015..........SUNRISE   612 AM EDT   SUNSET   909 PM EDT
JULY  3 2015..........SUNRISE   613 AM EDT   SUNSET   909 PM EDT


-  INDICATES NEGATIVE NUMBERS.
R  INDICATES RECORD WAS SET OR TIED.
MM INDICATES DATA IS MISSING.
T  INDICATES TRACE AMOUNT.




$$
