000
CDUS43 KDVN 181024
CLIDBQ


CLIMATE REPORT
NATIONAL WEATHER SERVICE QUAD CITIES IA IL
424 AM CST THU DEC 18 2014


...................................

...THE DUBUQUE IA CLIMATE SUMMARY FOR DECEMBER 17 2014...

CLIMATE NORMAL PERIOD 1981 TO 2010
CLIMATE RECORD PERIOD 1873 TO 2014


WEATHER ITEM   OBSERVED TIME   RECORD YEAR NORMAL DEPARTURE LAST
                VALUE   (LST)  VALUE       VALUE  FROM      YEAR
                                                  NORMAL
..................................................................
TEMPERATURE (F)
 YESTERDAY
  MAXIMUM         24    233 PM  54    1939  29     -5       32
  MINIMUM         16   1136 PM -14    1972  15      1       12
  AVERAGE         20                        22     -2       22

PRECIPITATION (IN)
  YESTERDAY        0.00          0.52 1895   0.05  -0.05     0.00
  MONTH TO DATE    0.47                      1.15  -0.68     0.41
  SINCE DEC 1      0.47                      1.15  -0.68     0.41
  SINCE JAN 1     36.99                     35.60   1.39    37.22

SNOWFALL (IN)
  YESTERDAY        0.0          MM      MM   0.4   -0.4      0.0
  MONTH TO DATE    T                         6.4   -6.4      6.4
  SINCE DEC 1      T                         6.4   -6.4      6.4
  SINCE JUL 1      3.5                       9.2   -5.7     10.3
  SNOW DEPTH       0

DEGREE DAYS
 HEATING
  YESTERDAY       45                        43      2       43
  MONTH TO DATE  611                       685    -74      826
  SINCE DEC 1    611                       685    -74      826
  SINCE JUL 1   2393                      2185    208     2425

 COOLING
  YESTERDAY        0                         0      0        0
  MONTH TO DATE    0                         0      0        0
  SINCE DEC 1      0                         0      0        0
  SINCE JAN 1    526                       643   -117      640
..................................................................


WIND (MPH)
  HIGHEST WIND SPEED    18   HIGHEST WIND DIRECTION     N (340)
  HIGHEST GUST SPEED    21   HIGHEST GUST DIRECTION    NW (320)
  AVERAGE WIND SPEED     9.0


SKY COVER
  POSSIBLE SUNSHINE  MM
  AVERAGE SKY COVER 0.6


WEATHER CONDITIONS
 THE FOLLOWING WEATHER WAS RECORDED YESTERDAY.
  NO SIGNIFICANT WEATHER WAS OBSERVED.


RELATIVE HUMIDITY (PERCENT)
 HIGHEST    88          1000 PM
 LOWEST     68           200 PM
 AVERAGE    78

..........................................................


THE DUBUQUE IA CLIMATE NORMALS FOR TODAY
                         NORMAL    RECORD    YEAR
 MAXIMUM TEMPERATURE (F)   29        60      1877
 MINIMUM TEMPERATURE (F)   14       -19      1985
                                             1983


SUNRISE AND SUNSET
DECEMBER 18 2014......SUNRISE   727 AM CST   SUNSET   432 PM CST
DECEMBER 19 2014......SUNRISE   728 AM CST   SUNSET   432 PM CST


-  INDICATES NEGATIVE NUMBERS.
R  INDICATES RECORD WAS SET OR TIED.
MM INDICATES DATA IS MISSING.
T  INDICATES TRACE AMOUNT.




$$
