000
CDUS43 KDVN 182220
CLIDBQ


CLIMATE REPORT
NATIONAL WEATHER SERVICE QUAD CITIES IA IL
419 PM CST SUN FEB 18 2018


...................................

...THE DUBUQUE IA CLIMATE SUMMARY FOR FEBRUARY 18 2018...
VALID TODAY AS OF 0400 PM LOCAL TIME.

CLIMATE NORMAL PERIOD 1981 TO 2010
CLIMATE RECORD PERIOD 1873 TO 2018


WEATHER ITEM   OBSERVED TIME   RECORD YEAR NORMAL DEPARTURE LAST
                VALUE   (LST)  VALUE       VALUE  FROM      YEAR
                                                  NORMAL
..................................................................
TEMPERATURE (F)
 TODAY
  MAXIMUM         36    359 PM  64    2017  32      4       64
  MINIMUM         11    409 AM -18    2006  17     -6       32
  AVERAGE         24                        25     -1       48

PRECIPITATION (IN)
  TODAY            0.00          0.78 1908   0.05  -0.05     0.00
  MONTH TO DATE    1.13                      0.85   0.28     0.99
  SINCE DEC 1      3.03                      3.86  -0.83     4.54
  SINCE JAN 1      2.32                      2.02   0.30     3.00

SNOWFALL (IN)
  TODAY            0.0          MM      MM   0.3   -0.3      0.0
  MONTH TO DATE   12.8                       6.2    6.6       T
  SINCE DEC 1     22.0                      28.0   -6.0     21.2
  SINCE JUL 1     22.0                      30.8   -8.8     21.2
  SNOW DEPTH       5

DEGREE DAYS
 HEATING
  TODAY           41                        40      1       17
  MONTH TO DATE  893                       772    121      633
  SINCE DEC 1   3620                      3509    111     3258
  SINCE JUL 1   4985                      5009    -24     4250

 COOLING
  TODAY            0                         0      0        0
  MONTH TO DATE    0                         0      0        0
  SINCE DEC 1      0                         0      0        0
  SINCE JAN 1      0                         0      0        0
..................................................................


WIND (MPH)
  HIGHEST WIND SPEED    25   HIGHEST WIND DIRECTION     S (160)
  HIGHEST GUST SPEED    32   HIGHEST GUST DIRECTION     S (160)
  AVERAGE WIND SPEED    12.4


SKY COVER
  POSSIBLE SUNSHINE  MM
  AVERAGE SKY COVER 0.7


WEATHER CONDITIONS
 THE FOLLOWING WEATHER WAS RECORDED TODAY.
  FOG
  FOG W/VISIBILITY <= 1/4 MILE
  HAZE


RELATIVE HUMIDITY (PERCENT)
 HIGHEST    96          1200 AM
 LOWEST     70           200 PM
 AVERAGE    83

..........................................................


THE DUBUQUE IA CLIMATE NORMALS FOR TOMORROW
                         NORMAL    RECORD    YEAR
 MAXIMUM TEMPERATURE (F)   33        64      2017
 MINIMUM TEMPERATURE (F)   17       -13      2006
                                             1979


SUNRISE AND SUNSET
FEBRUARY 18 2018......SUNRISE   655 AM CST   SUNSET   539 PM CST
FEBRUARY 19 2018......SUNRISE   653 AM CST   SUNSET   540 PM CST


-  INDICATES NEGATIVE NUMBERS.
R  INDICATES RECORD WAS SET OR TIED.
MM INDICATES DATA IS MISSING.
T  INDICATES TRACE AMOUNT.




$$
