000
CDUS43 KDVN 271021
CLIDBQ


CLIMATE REPORT
NATIONAL WEATHER SERVICE QUAD CITIES IA IL
420 AM CST FRI FEB 27 2015


...................................

...THE DUBUQUE IA CLIMATE SUMMARY FOR FEBRUARY 26 2015...

CLIMATE NORMAL PERIOD 1981 TO 2010
CLIMATE RECORD PERIOD 1873 TO 2015


WEATHER ITEM   OBSERVED TIME   RECORD YEAR NORMAL DEPARTURE LAST
                VALUE   (LST)  VALUE       VALUE  FROM      YEAR
                                                  NORMAL
..................................................................
TEMPERATURE (F)
 YESTERDAY
  MAXIMUM         12   1241 AM  62    1896  36    -24       17
  MINIMUM         -4   1135 PM -12    2014  20    -24      -12
  AVERAGE          4                        28    -24        3

PRECIPITATION (IN)
  YESTERDAY        T             1.31 1912   0.06  -0.06      T
  MONTH TO DATE    1.36                      1.32   0.04     1.43
  SINCE DEC 1      3.22                      4.33  -1.11     3.62
  SINCE JAN 1      2.29                      2.49  -0.20     2.38

SNOWFALL (IN)
  YESTERDAY        T            MM      MM   0.3   -0.3       T
  MONTH TO DATE   15.4                       8.5    6.9     14.1
  SINCE DEC 1     26.1                      30.3   -4.2     46.6
  SINCE JUL 1     29.6                      33.1   -3.5     50.5
  SNOW DEPTH       7

DEGREE DAYS
 HEATING
  YESTERDAY       61                        37     24       62
  MONTH TO DATE 1383                      1082    301     1415
  SINCE DEC 1   3929                      3819    110     4658
  SINCE JUL 1   5711                      5319    392     6257

 COOLING
  YESTERDAY        0                         0      0        0
  MONTH TO DATE    0                         0      0        0
  SINCE DEC 1      0                         0      0        0
  SINCE JAN 1      0                         0      0        0
..................................................................


WIND (MPH)
  HIGHEST WIND SPEED    18   HIGHEST WIND DIRECTION     N (10)
  HIGHEST GUST SPEED    22   HIGHEST GUST DIRECTION     N (360)
  AVERAGE WIND SPEED    12.0


SKY COVER
  POSSIBLE SUNSHINE  MM
  AVERAGE SKY COVER 0.3


WEATHER CONDITIONS
 THE FOLLOWING WEATHER WAS RECORDED YESTERDAY.
  LIGHT SNOW
  FOG
  HAZE


RELATIVE HUMIDITY (PERCENT)
 HIGHEST    84          1200 AM
 LOWEST     50           400 PM
 AVERAGE    67

..........................................................


THE DUBUQUE IA CLIMATE NORMALS FOR TODAY
                         NORMAL    RECORD    YEAR
 MAXIMUM TEMPERATURE (F)   36        62      1896
 MINIMUM TEMPERATURE (F)   20       -12      1879


SUNRISE AND SUNSET
FEBRUARY 27 2015......SUNRISE   642 AM CST   SUNSET   550 PM CST
FEBRUARY 28 2015......SUNRISE   640 AM CST   SUNSET   551 PM CST


-  INDICATES NEGATIVE NUMBERS.
R  INDICATES RECORD WAS SET OR TIED.
MM INDICATES DATA IS MISSING.
T  INDICATES TRACE AMOUNT.




$$
