000
CDUS43 KDVN 231026
CLIDBQ


CLIMATE REPORT
NATIONAL WEATHER SERVICE QUAD CITIES IA IL
424 AM CST THU NOV 23 2017


...................................

...THE DUBUQUE IA CLIMATE SUMMARY FOR NOVEMBER 22 2017...

CLIMATE NORMAL PERIOD 1981 TO 2010
CLIMATE RECORD PERIOD 1873 TO 2017


WEATHER ITEM   OBSERVED TIME   RECORD YEAR NORMAL DEPARTURE LAST
                VALUE   (LST)  VALUE       VALUE  FROM      YEAR
                                                  NORMAL
..................................................................
TEMPERATURE (F)
 YESTERDAY
  MAXIMUM         32    259 PM  64    1908  41     -9       39
  MINIMUM         14    722 AM   2    2015  25    -11       29
                                      1929
                                      1880
  AVERAGE         23                        33    -10       34

PRECIPITATION (IN)
  YESTERDAY        0.00          3.45 1963   0.08  -0.08     0.35
  MONTH TO DATE    0.66                      1.74  -1.08     0.91
  SINCE SEP 1      7.87                      7.86   0.01     8.59
  SINCE JAN 1     35.29                     33.84   1.45    37.75

SNOWFALL (IN)
  YESTERDAY        0.0          MM      MM   0.1   -0.1      0.0
  MONTH TO DATE    0.0                       1.3   -1.3       T
  SINCE SEP 1      T                         1.3   -1.3       T
  SINCE JUL 1      T                         1.3   -1.3       T
  SNOW DEPTH       0

DEGREE DAYS
 HEATING
  YESTERDAY       42                        32     10       31
  MONTH TO DATE  684                       575    109      409
  SINCE SEP 1   1144                      1197    -53      768
  SINCE JUL 1   1170                      1224    -54      775

 COOLING
  YESTERDAY        0                         0      0        0
  MONTH TO DATE    0                         0      0        0
  SINCE SEP 1    114                        67     47      101
  SINCE JAN 1    569                       643    -74      781
..................................................................


WIND (MPH)
  HIGHEST WIND SPEED    15   HIGHEST WIND DIRECTION     S (180)
  HIGHEST GUST SPEED    18   HIGHEST GUST DIRECTION     S (180)
  AVERAGE WIND SPEED     7.2


SKY COVER
  POSSIBLE SUNSHINE  MM
  AVERAGE SKY COVER 0.3


WEATHER CONDITIONS
 THE FOLLOWING WEATHER WAS RECORDED YESTERDAY.
  NO SIGNIFICANT WEATHER WAS OBSERVED.


RELATIVE HUMIDITY (PERCENT)
 HIGHEST    88           800 AM
 LOWEST     45           300 PM
 AVERAGE    67

..........................................................


THE DUBUQUE IA CLIMATE NORMALS FOR TODAY
                         NORMAL    RECORD    YEAR
 MAXIMUM TEMPERATURE (F)   40        64      1931
 MINIMUM TEMPERATURE (F)   25        -1      1950


SUNRISE AND SUNSET
NOVEMBER 23 2017......SUNRISE   704 AM CST   SUNSET   435 PM CST
NOVEMBER 24 2017......SUNRISE   705 AM CST   SUNSET   434 PM CST


-  INDICATES NEGATIVE NUMBERS.
R  INDICATES RECORD WAS SET OR TIED.
MM INDICATES DATA IS MISSING.
T  INDICATES TRACE AMOUNT.




$$
