000
CDUS43 KDVN 161025
CLIDBQ


CLIMATE REPORT
NATIONAL WEATHER SERVICE QUAD CITIES IA IL
423 AM CST MON JAN 16 2017


...................................

...THE DUBUQUE IA CLIMATE SUMMARY FOR JANUARY 15 2017...

CLIMATE NORMAL PERIOD 1981 TO 2010
CLIMATE RECORD PERIOD 1873 TO 2017


WEATHER ITEM   OBSERVED TIME   RECORD YEAR NORMAL DEPARTURE LAST
                VALUE   (LST)  VALUE       VALUE  FROM      YEAR
                                                  NORMAL
..................................................................
TEMPERATURE (F)
 YESTERDAY
  MAXIMUM         31    351 PM  56    1953  26      5       35
  MINIMUM         14    340 AM -26    2009  11      3       22
  AVERAGE         23                        19      4       29

PRECIPITATION (IN)
  YESTERDAY        0.00          1.08 1906   0.04  -0.04      T
  MONTH TO DATE    0.45                      0.57  -0.12     0.28
  SINCE DEC 1      1.99                      2.41  -0.42     4.47
  SINCE JAN 1      0.45                      0.57  -0.12     0.28

SNOWFALL (IN)
  YESTERDAY        0.0          MM      MM   0.3   -0.3       T
  MONTH TO DATE    0.2                       4.8   -4.6      1.6
  SINCE DEC 1     17.6                      16.6    1.0     10.0
  SINCE JUL 1     17.6                      19.4   -1.8     21.8
  SNOW DEPTH       T

DEGREE DAYS
 HEATING
  YESTERDAY       42                        46     -4       36
  MONTH TO DATE  720                       690     30      667
  SINCE DEC 1   2075                      2000     75     1613
  SINCE JUL 1   3067                      3500   -433     2820

 COOLING
  YESTERDAY        0                         0      0        0
  MONTH TO DATE    0                         0      0        0
  SINCE DEC 1      0                         0      0        0
  SINCE JAN 1      0                         0      0        0
..................................................................


WIND (MPH)
  HIGHEST WIND SPEED     7   HIGHEST WIND DIRECTION    SE (130)
  HIGHEST GUST SPEED     8   HIGHEST GUST DIRECTION    SE (140)
  AVERAGE WIND SPEED     2.8


SKY COVER
  POSSIBLE SUNSHINE  MM
  AVERAGE SKY COVER 0.0


WEATHER CONDITIONS
 THE FOLLOWING WEATHER WAS RECORDED YESTERDAY.
  NO SIGNIFICANT WEATHER WAS OBSERVED.


RELATIVE HUMIDITY (PERCENT)
 HIGHEST    81           700 PM
 LOWEST     58           200 PM
 AVERAGE    70

..........................................................


THE DUBUQUE IA CLIMATE NORMALS FOR TODAY
                         NORMAL    RECORD    YEAR
 MAXIMUM TEMPERATURE (F)   26        54      1933
 MINIMUM TEMPERATURE (F)   11       -30      2009
                                             1888


SUNRISE AND SUNSET
JANUARY 16 2017.......SUNRISE   729 AM CST   SUNSET   457 PM CST
JANUARY 17 2017.......SUNRISE   728 AM CST   SUNSET   458 PM CST


-  INDICATES NEGATIVE NUMBERS.
R  INDICATES RECORD WAS SET OR TIED.
MM INDICATES DATA IS MISSING.
T  INDICATES TRACE AMOUNT.




$$
