811
CDUS41 KLWX 060534
CLIDCA


CLIMATE REPORT
NATIONAL WEATHER SERVICE BALTIMORE MD/WASHINGTON DC
1234 AM EST SAT FEB 6 2016


...................................

...THE WASHINGTON NATIONAL DC CLIMATE SUMMARY FOR FEBRUARY 5 2016...

CLIMATE NORMAL PERIOD 1981 TO 2010
CLIMATE RECORD PERIOD 1871 TO 2016


WEATHER ITEM   OBSERVED TIME   RECORD YEAR NORMAL DEPARTURE LAST
                VALUE   (LST)  VALUE       VALUE  FROM      YEAR
                                                  NORMAL
..................................................................
TEMPERATURE (F)
 YESTERDAY
  MAXIMUM         44    127 PM  70    1991  45     -1       44
                                      1890
  MINIMUM         33   1155 PM  -2    1918  29      4       21
                                      1886
  AVERAGE         39                        37      2       33

PRECIPITATION (IN)
  YESTERDAY        0.04          0.80 1908   0.09  -0.05     0.00
  MONTH TO DATE    0.68                      0.48   0.20     0.13
  SINCE DEC 1      8.20                      6.34   1.86     7.36
  SINCE JAN 1      3.36                      3.29   0.07     3.86

SNOWFALL (IN)
  YESTERDAY        T             8.7  2010   0.2   -0.2
  MONTH TO DATE    T                         1.2   -1.2
  SINCE JUL 1     18.8                       9.6    9.2
  SNOW DEPTH       0

DEGREE DAYS
 HEATING
  YESTERDAY       26                        28     -2       32
  MONTH TO DATE   90                       140    -50      143
  SINCE DEC 1   1434                      1825   -391     1696
  SINCE JUL 1   1969                      2520   -551     2303

 COOLING
  YESTERDAY        0                         0      0        0
  MONTH TO DATE    0                         0      0        0
  SINCE DEC 1      1                         0      1        0
  SINCE JAN 1      0                         0      0        0
..................................................................


WIND (MPH)
  HIGHEST WIND SPEED    29   HIGHEST WIND DIRECTION    NW (320)
  HIGHEST GUST SPEED    37   HIGHEST GUST DIRECTION    NW (320)
  AVERAGE WIND SPEED    15.0


SKY COVER
  POSSIBLE SUNSHINE  MM
  AVERAGE SKY COVER 0.6


WEATHER CONDITIONS
 THE FOLLOWING WEATHER WAS RECORDED YESTERDAY.
  LIGHT RAIN
  SNOW
  LIGHT SNOW
  FOG


RELATIVE HUMIDITY (PERCENT)
 HIGHEST    70           700 AM
 LOWEST     39           200 PM
 AVERAGE    55

..........................................................


THE WASHINGTON NATIONAL DC CLIMATE NORMALS FOR TODAY
                         NORMAL    RECORD    YEAR
 MAXIMUM TEMPERATURE (F)   45        74      2008
 MINIMUM TEMPERATURE (F)   30         1      1895


SUNRISE AND SUNSET
FEBRUARY  6 2016......SUNRISE   710 AM EST   SUNSET   535 PM EST
FEBRUARY  7 2016......SUNRISE   709 AM EST   SUNSET   536 PM EST


-  INDICATES NEGATIVE NUMBERS.
R  INDICATES RECORD WAS SET OR TIED.
MM INDICATES DATA IS MISSING.
T  INDICATES TRACE AMOUNT.




$$
