000
CDUS41 KLWX 220522
CLIDCA


CLIMATE REPORT
NATIONAL WEATHER SERVICE BALTIMORE MD/WASHINGTON DC
1221 AM EST SAT NOV 22 2014


...................................

...THE WASHINGTON NATIONAL DC CLIMATE SUMMARY FOR NOVEMBER 21 2014...

CLIMATE NORMAL PERIOD 1981 TO 2010
CLIMATE RECORD PERIOD 1871 TO 2014


WEATHER ITEM   OBSERVED TIME   RECORD YEAR NORMAL DEPARTURE LAST
                VALUE   (LST)  VALUE       VALUE  FROM      YEAR
                                                  NORMAL
..................................................................
TEMPERATURE (F)
 YESTERDAY
  MAXIMUM         40    154 PM  79    1900  56    -16       51
  MINIMUM         29   1145 PM  18    1872  40    -11       36
  AVERAGE         35                        48    -13       44

PRECIPITATION (IN)
  YESTERDAY        0.00          2.52 1952   0.11  -0.11     0.00
  MONTH TO DATE    1.27                      2.21  -0.94     0.72
  SINCE SEP 1      5.87                      9.33  -3.46     8.19
  SINCE JAN 1     39.54                     35.73   3.81    36.51

SNOWFALL (IN)
  YESTERDAY        0.0           T    2008   0.1   -0.1
                                      1987
                                      1967
  MONTH TO DATE    T                         0.3   -0.3
  SINCE JUL 1      T                         0.3   -0.3
  SNOW DEPTH       0

DEGREE DAYS
 HEATING
  YESTERDAY       30                        17     13       21
  MONTH TO DATE  353                       294     59      305
  SINCE SEP 1    455                       523    -68      470
  SINCE JUL 1    455                       523    -68      470

 COOLING
  YESTERDAY        0                         0      0        0
  MONTH TO DATE    0                         0      0        2
  SINCE SEP 1    319                       236     83      289
  SINCE JAN 1   1712                      1547    165     1719
..................................................................


WIND (MPH)
  HIGHEST WIND SPEED    25   HIGHEST WIND DIRECTION    NW (310)
  HIGHEST GUST SPEED    35   HIGHEST GUST DIRECTION    NW (310)
  AVERAGE WIND SPEED    10.8


SKY COVER
  POSSIBLE SUNSHINE  MM
  AVERAGE SKY COVER 0.1


WEATHER CONDITIONS
 THE FOLLOWING WEATHER WAS RECORDED YESTERDAY.
  NO SIGNIFICANT WEATHER WAS OBSERVED.


RELATIVE HUMIDITY (PERCENT)
 HIGHEST    39          1100 PM
 LOWEST     23           400 PM
 AVERAGE    31

..........................................................


THE WASHINGTON NATIONAL DC CLIMATE NORMALS FOR TODAY
                         NORMAL    RECORD    YEAR
 MAXIMUM TEMPERATURE (F)   55        77      2007
 MINIMUM TEMPERATURE (F)   39        12      1880


SUNRISE AND SUNSET
NOVEMBER 22 2014......SUNRISE   658 AM EST   SUNSET   450 PM EST
NOVEMBER 23 2014......SUNRISE   659 AM EST   SUNSET   449 PM EST


-  INDICATES NEGATIVE NUMBERS.
R  INDICATES RECORD WAS SET OR TIED.
MM INDICATES DATA IS MISSING.
T  INDICATES TRACE AMOUNT.




$$
