000
CDUS41 KLWX 022127
CLIDCA


CLIMATE REPORT
NATIONAL WEATHER SERVICE BALTIMORE MD/WASHINGTON DC
427 PM EST MON MAR 2 2015


...................................

...THE WASHINGTON NATIONAL DC CLIMATE SUMMARY FOR MARCH 2 2015...
VALID TODAY AS OF 0400 PM LOCAL TIME.

CLIMATE NORMAL PERIOD 1981 TO 2010
CLIMATE RECORD PERIOD 1871 TO 2015


WEATHER ITEM   OBSERVED TIME   RECORD YEAR NORMAL DEPARTURE LAST
                VALUE   (LST)  VALUE       VALUE  FROM      YEAR
                                                  NORMAL
..................................................................
TEMPERATURE (F)
 TODAY
  MAXIMUM         46    317 PM  77    1972  51     -5       53
  MINIMUM         34    725 AM  13    1925  34      0       36
                                      1886
  AVERAGE         40                        42     -2       45

PRECIPITATION (IN)
  TODAY            0.00          1.65 1994   0.10  -0.10     0.23
  MONTH TO DATE    0.51                      0.19   0.32     0.23
  SINCE MAR 1      0.51                      0.19   0.32     0.23
  SINCE JAN 1      5.92                      5.62   0.30     6.83

SNOWFALL (IN)
  TODAY            0.0           4.5  2009   0.1   -0.1
  MONTH TO DATE    0.1                       0.2   -0.1
  SINCE JUL 1     13.5                      14.3   -0.8
  SNOW DEPTH       0

DEGREE DAYS
 HEATING
  TODAY           25                        23      2       20
  MONTH TO DATE   61                        46     15       50
  SINCE MAR 1     61                        46     15       50
  SINCE JUL 1   3185                      3154     31     3216

 COOLING
  TODAY            0                         0      0        0
  MONTH TO DATE    0                         0      0        0
  SINCE MAR 1      0                         0      0        0
  SINCE JAN 1      0                         0      0        0
..................................................................


WIND (MPH)
  HIGHEST WIND SPEED    26   HIGHEST WIND DIRECTION    NW (320)
  HIGHEST GUST SPEED    35   HIGHEST GUST DIRECTION    NW (320)
  AVERAGE WIND SPEED     8.3


SKY COVER
  POSSIBLE SUNSHINE  MM
  AVERAGE SKY COVER 0.8


WEATHER CONDITIONS
 THE FOLLOWING WEATHER WAS RECORDED TODAY.
  FOG
  FOG W/VISIBILITY <= 1/4 MILE
  HAZE


RELATIVE HUMIDITY (PERCENT)
 HIGHEST    89          1200 AM
 LOWEST     31           400 PM
 AVERAGE    60

..........................................................


THE WASHINGTON NATIONAL DC CLIMATE NORMALS FOR TOMORROW
                         NORMAL    RECORD    YEAR
 MAXIMUM TEMPERATURE (F)   51        79      1923
 MINIMUM TEMPERATURE (F)   34        11      1925
                                             1873


SUNRISE AND SUNSET
MARCH  2 2015.........SUNRISE   639 AM EST   SUNSET   602 PM EST
MARCH  3 2015.........SUNRISE   638 AM EST   SUNSET   603 PM EST


-  INDICATES NEGATIVE NUMBERS.
R  INDICATES RECORD WAS SET OR TIED.
MM INDICATES DATA IS MISSING.
T  INDICATES TRACE AMOUNT.




$$
