000
CDUS41 KLWX 260525
CLIDCA


CLIMATE REPORT
NATIONAL WEATHER SERVICE BALTIMORE MD/WASHINGTON DC
124 AM EDT TUE JUL 26 2016


...................................

...THE WASHINGTON NATIONAL DC CLIMATE SUMMARY FOR JULY 25 2016...

CLIMATE NORMAL PERIOD 1981 TO 2010
CLIMATE RECORD PERIOD 1871 TO 2016


WEATHER ITEM   OBSERVED TIME   RECORD YEAR NORMAL DEPARTURE LAST
                VALUE   (LST)  VALUE       VALUE  FROM      YEAR
                                                  NORMAL
..................................................................
TEMPERATURE (F)
 YESTERDAY
  MAXIMUM        100R   251 PM 100    1930  88     12       90
  MINIMUM         81    329 AM  58    1915  71     10       72
                                      1876
  AVERAGE         91                        80     11       81

PRECIPITATION (IN)
  YESTERDAY        0.00          3.27 1917   0.11  -0.11     0.00
  MONTH TO DATE    2.43                      3.03  -0.60     3.54
  SINCE JUN 1      6.11                      6.81  -0.70    15.48
  SINCE JAN 1     21.44                     22.77  -1.33    30.26

SNOWFALL (IN)
  YESTERDAY        0.0          MM      MM   0.0    0.0
  MONTH TO DATE    0.0                       0.0    0.0
  SINCE JUL 1      0.0                       0.0    0.0
  SNOW DEPTH       0

DEGREE DAYS
 HEATING
  YESTERDAY        0                         0      0        0
  MONTH TO DATE    0                         0      0        0
  SINCE JUN 1      0                         6     -6        6
  SINCE JUL 1      0                         0      0        0

 COOLING
  YESTERDAY       26                        15     11       16
  MONTH TO DATE  433                       370     63      406
  SINCE JUN 1    778                       684     94      813
  SINCE JAN 1    906                       818     88     1111
..................................................................


WIND (MPH)
  HIGHEST WIND SPEED    20   HIGHEST WIND DIRECTION     S (200)
  HIGHEST GUST SPEED    25   HIGHEST GUST DIRECTION     S (200)
  AVERAGE WIND SPEED     8.6


SKY COVER
  POSSIBLE SUNSHINE  MM
  AVERAGE SKY COVER 0.7


WEATHER CONDITIONS
 THE FOLLOWING WEATHER WAS RECORDED YESTERDAY.
  THUNDERSTORM


RELATIVE HUMIDITY (PERCENT)
 HIGHEST    88           400 AM
 LOWEST     42           400 PM
 AVERAGE    65

..........................................................


THE WASHINGTON NATIONAL DC CLIMATE NORMALS FOR TODAY
                         NORMAL    RECORD    YEAR
 MAXIMUM TEMPERATURE (F)   88       103      1930
 MINIMUM TEMPERATURE (F)   71        54      1920


SUNRISE AND SUNSET
JULY 26 2016..........SUNRISE   604 AM EDT   SUNSET   824 PM EDT
JULY 27 2016..........SUNRISE   605 AM EDT   SUNSET   823 PM EDT


-  INDICATES NEGATIVE NUMBERS.
R  INDICATES RECORD WAS SET OR TIED.
MM INDICATES DATA IS MISSING.
T  INDICATES TRACE AMOUNT.




$$
