000
CDUS41 KALY 210622
CLIDDH


CLIMATE REPORT
NATIONAL WEATHER SERVICE ALBANY NY
222 AM EDT SUN SEP 21 2014


...................................

...THE BENNINGTON VT CLIMATE SUMMARY FOR SEPTEMBER 20 2014...

CLIMATE NORMAL PERIOD 1981 TO 2010
CLIMATE RECORD PERIOD 9999 TO 9999


WEATHER ITEM   OBSERVED TIME   NORMAL DEPARTURE LAST
                VALUE   (LST)  VALUE  FROM      YEAR
                                      NORMAL
......................................................
TEMPERATURE (F)
 YESTERDAY
  MAXIMUM         71    159 PM  69      2       80
  MINIMUM         47   1212 AM  46      1       42
  AVERAGE         59            57      2       61

PRECIPITATION (IN)
  YESTERDAY        0.00          0.13  -0.13     0.00
  MONTH TO DATE    0.99          2.24  -1.25     3.34
  SINCE SEP 1      0.99          2.24  -1.25     3.34
  SINCE JAN 1     26.95         29.78  -2.83    35.06

DEGREE DAYS
 HEATING
  YESTERDAY        6             8     -2        4
  MONTH TO DATE  137           104     33      143
  SINCE SEP 1    137           104     33      143
  SINCE JUL 1    190           176     14      206

 COOLING
  YESTERDAY        0             0      0        0
  MONTH TO DATE   40            22     18       44
  SINCE SEP 1     40            22     18       44
  SINCE JAN 1    293           310    -17      503
......................................................


WIND (MPH)
  HIGHEST WIND SPEED    20   HIGHEST WIND DIRECTION     S (180)
  HIGHEST GUST SPEED    26   HIGHEST GUST DIRECTION     S (190)
  AVERAGE WIND SPEED     6.7


SKY COVER
  AVERAGE SKY COVER 0.6



RELATIVE HUMIDITY (PERCENT)
 HIGHEST    78           800 PM
 LOWEST     57           100 PM
 AVERAGE    68

..........................................................


THE BENNINGTON VT CLIMATE NORMALS FOR TODAY
                         NORMAL
 MAXIMUM TEMPERATURE (F)   69
 MINIMUM TEMPERATURE (F)   46


SUNRISE AND SUNSET
SEPTEMBER 21 2014.....SUNRISE   639 AM EDT   SUNSET   652 PM EDT
SEPTEMBER 22 2014.....SUNRISE   640 AM EDT   SUNSET   650 PM EDT


-  INDICATES NEGATIVE NUMBERS.
R  INDICATES RECORD WAS SET OR TIED.
MM INDICATES DATA IS MISSING.
T  INDICATES TRACE AMOUNT.




$$
