000
CDUS41 KALY 200644
CLIDDH


CLIMATE REPORT
NATIONAL WEATHER SERVICE ALBANY NY
240 AM EDT WED SEP 20 2017


...................................

...THE BENNINGTON VT CLIMATE SUMMARY FOR SEPTEMBER 19 2017...

CLIMATE NORMAL PERIOD 1981 TO 2010
CLIMATE RECORD PERIOD 9999 TO 9999


WEATHER ITEM   OBSERVED TIME   NORMAL DEPARTURE LAST
                VALUE   (LST)  VALUE  FROM      YEAR
                                      NORMAL
......................................................
TEMPERATURE (F)
 YESTERDAY
  MAXIMUM         77    417 PM  69      8       75
  MINIMUM         54    557 AM  46      8       63
  AVERAGE         66            58      8       69

PRECIPITATION (IN)
  YESTERDAY        0.00          0.12  -0.12     0.94
  MONTH TO DATE    3.37          2.11   1.26     2.34
  SINCE SEP 1      3.37          2.11   1.26     2.34
  SINCE JAN 1     35.72         29.65   6.07    23.65

DEGREE DAYS
 HEATING
  YESTERDAY        0             8     -8        0
  MONTH TO DATE   96            96      0       48
  SINCE SEP 1     96            96      0       48
  SINCE JUL 1    163           168     -5       70

 COOLING
  YESTERDAY        1             0      1        4
  MONTH TO DATE   34            22     12       41
  SINCE SEP 1     34            22     12       41
  SINCE JAN 1    341           310     31      480
......................................................


WIND (MPH)
  HIGHEST WIND SPEED    15   HIGHEST WIND DIRECTION    SE (130)
  HIGHEST GUST SPEED    19   HIGHEST GUST DIRECTION     E (110)
  AVERAGE WIND SPEED     3.9


SKY COVER
  AVERAGE SKY COVER 0.2



RELATIVE HUMIDITY (PERCENT)
 HIGHEST   100           300 AM
 LOWEST     54           300 PM
 AVERAGE    77

..........................................................


THE BENNINGTON VT CLIMATE NORMALS FOR TODAY
                         NORMAL
 MAXIMUM TEMPERATURE (F)   69
 MINIMUM TEMPERATURE (F)   46


SUNRISE AND SUNSET
SEPTEMBER 20 2017.....SUNRISE   638 AM EDT   SUNSET   653 PM EDT
SEPTEMBER 21 2017.....SUNRISE   639 AM EDT   SUNSET   652 PM EDT


-  INDICATES NEGATIVE NUMBERS.
R  INDICATES RECORD WAS SET OR TIED.
MM INDICATES DATA IS MISSING.
T  INDICATES TRACE AMOUNT.




$$
