000
CDUS41 KALY 170627
CLIDDH


CLIMATE REPORT
NATIONAL WEATHER SERVICE ALBANY NY
226 AM EDT THU APR 17 2014


...................................

...THE BENNINGTON VT CLIMATE SUMMARY FOR APRIL 16 2014...

CLIMATE NORMAL PERIOD 1981 TO 2010
CLIMATE RECORD PERIOD 9999 TO 9999


WEATHER ITEM   OBSERVED TIME   NORMAL DEPARTURE LAST
                VALUE   (LST)  VALUE  FROM      YEAR
                                      NORMAL
......................................................
TEMPERATURE (F)
 YESTERDAY
  MAXIMUM         38    522 PM  57    -19       64
  MINIMUM         22    617 AM  35    -13       47
  AVERAGE         30            46    -16       56

PRECIPITATION (IN)
  YESTERDAY        0.00          0.10  -0.10     0.21
  MONTH TO DATE    0.99          1.88  -0.89     2.06
  SINCE MAR 1      3.14          5.03  -1.89     3.34
  SINCE JAN 1      9.00         10.02  -1.02     6.00

DEGREE DAYS
 HEATING
  YESTERDAY       35            19     16        9
  MONTH TO DATE  316           356    -40      369
  SINCE MAR 1   1474          1340    134     1386
  SINCE JUL 1   6722          6591    131     6170

 COOLING
  YESTERDAY        0             0      0        0
  MONTH TO DATE    4             0      4        0
  SINCE MAR 1      4             0      4        0
  SINCE JAN 1      4             0      4        0
......................................................


WIND (MPH)
  HIGHEST WIND SPEED    18   HIGHEST WIND DIRECTION    NW (330)
  HIGHEST GUST SPEED    24   HIGHEST GUST DIRECTION     N (340)
  AVERAGE WIND SPEED     6.8


SKY COVER
  AVERAGE SKY COVER 0.4



RELATIVE HUMIDITY (PERCENT)
 HIGHEST    81           900 PM
 LOWEST     37           600 PM
 AVERAGE    59

..........................................................


THE BENNINGTON VT CLIMATE NORMALS FOR TODAY
                         NORMAL
 MAXIMUM TEMPERATURE (F)   58
 MINIMUM TEMPERATURE (F)   35


SUNRISE AND SUNSET
APRIL 17 2014.........SUNRISE   608 AM EDT   SUNSET   738 PM EDT
APRIL 18 2014.........SUNRISE   607 AM EDT   SUNSET   739 PM EDT


-  INDICATES NEGATIVE NUMBERS.
R  INDICATES RECORD WAS SET OR TIED.
MM INDICATES DATA IS MISSING.
T  INDICATES TRACE AMOUNT.




$$
