000
CDUS41 KALY 170623
CLIDDH


CLIMATE REPORT
NATIONAL WEATHER SERVICE ALBANY NY
122 AM EST TUE JAN 17 2017


...................................

...THE BENNINGTON VT CLIMATE SUMMARY FOR JANUARY 16 2017...

CLIMATE NORMAL PERIOD 1981 TO 2010
CLIMATE RECORD PERIOD 9999 TO 9999


WEATHER ITEM   OBSERVED TIME   NORMAL DEPARTURE LAST
                VALUE   (LST)  VALUE  FROM      YEAR
                                      NORMAL
......................................................
TEMPERATURE (F)
 YESTERDAY
  MAXIMUM         39    332 PM  30      9       39
  MINIMUM         10    639 AM  11     -1       32
  AVERAGE         25            21      4       36

PRECIPITATION (IN)
  YESTERDAY        T             0.08  -0.08     0.31
  MONTH TO DATE    1.14          1.58  -0.44     0.92
  SINCE DEC 1      3.23          4.37  -1.14     4.67
  SINCE JAN 1      1.14          1.58  -0.44     0.92

DEGREE DAYS
 HEATING
  YESTERDAY       40            44     -4       29
  MONTH TO DATE  620           700    -80      613
  SINCE DEC 1   1743          1859   -116     1358
  SINCE JUL 1   3113          3472   -359     2701

 COOLING
  YESTERDAY        0             0      0        0
  MONTH TO DATE    0             0      0        0
  SINCE DEC 1      0             0      0        0
  SINCE JAN 1      0             0      0        0
......................................................


WIND (MPH)
  HIGHEST WIND SPEED    10   HIGHEST WIND DIRECTION     W (280)
  HIGHEST GUST SPEED    15   HIGHEST GUST DIRECTION     W (290)
  AVERAGE WIND SPEED     1.5


SKY COVER
  AVERAGE SKY COVER 0.0



RELATIVE HUMIDITY (PERCENT)
 HIGHEST    92           300 AM
 LOWEST     44           200 PM
 AVERAGE    68

..........................................................


THE BENNINGTON VT CLIMATE NORMALS FOR TODAY
                         NORMAL
 MAXIMUM TEMPERATURE (F)   30
 MINIMUM TEMPERATURE (F)   11


SUNRISE AND SUNSET
JANUARY 17 2017.......SUNRISE   720 AM EST   SUNSET   447 PM EST
JANUARY 18 2017.......SUNRISE   719 AM EST   SUNSET   448 PM EST


-  INDICATES NEGATIVE NUMBERS.
R  INDICATES RECORD WAS SET OR TIED.
MM INDICATES DATA IS MISSING.
T  INDICATES TRACE AMOUNT.




$$
