547
CDUS43 KILX 230723
CLIDEC


CLIMATE REPORT
NATIONAL WEATHER SERVICE LINCOLN IL
150 AM CDT MON OCT 23 2017


...................................

...THE DECATUR IL AIRPORT CLIMATE SUMMARY FOR OCTOBER 22 2017...

CLIMATE NORMAL PERIOD 1981 TO 2010
CLIMATE RECORD PERIOD 9999 TO 9999


WEATHER ITEM   OBSERVED TIME   RECORD YEAR NORMAL DEPARTURE LAST
                VALUE   (LST)  VALUE       VALUE  FROM      YEAR
                                                  NORMAL
..................................................................
TEMPERATURE (F)
 YESTERDAY
  MAXIMUM         70    947 AM  MM      MM  63      7       63
  MINIMUM         51    905 PM  MM      MM  42      9       36
  AVERAGE         61                        52      9       50

PRECIPITATION (IN)
  YESTERDAY        0.86         MM      MM   0.12   0.74     0.00
  MONTH TO DATE    4.21                      2.24   1.97     2.30
  SINCE SEP 1      5.09                      5.13  -0.04     4.80
  SINCE JAN 1     31.26                     31.44  -0.18    27.72

DEGREE DAYS
 HEATING
  YESTERDAY        4                        13     -9       15
  MONTH TO DATE   63                       217   -154       98
  SINCE SEP 1    105                       284   -179      104
  SINCE JUL 1    106                       290   -184      109

 COOLING
  YESTERDAY        0                         0      0        0
  MONTH TO DATE   51                        14     37       50
  SINCE SEP 1    214                       125     89      279
  SINCE JAN 1   1120                      1043     77     1414
..................................................................


WIND (MPH)
  HIGHEST WIND SPEED    29   HIGHEST WIND DIRECTION     S (170)
  HIGHEST GUST SPEED    34   HIGHEST GUST DIRECTION     S (170)
  AVERAGE WIND SPEED    13.9


SKY COVER
  POSSIBLE SUNSHINE  MM
  AVERAGE SKY COVER 0.9


WEATHER CONDITIONS
 THE FOLLOWING WEATHER WAS RECORDED YESTERDAY.
  HEAVY RAIN
  RAIN
  LIGHT RAIN
  FOG
  HAZE


RELATIVE HUMIDITY (PERCENT)
 HIGHEST   100           900 PM
 LOWEST     68          1200 AM
 AVERAGE    84

..........................................................


THE DECATUR IL AIRPORT CLIMATE NORMALS FOR TODAY
                         NORMAL    RECORD    YEAR
 MAXIMUM TEMPERATURE (F)   63        MM        MM
 MINIMUM TEMPERATURE (F)   41        MM        MM


SUNRISE AND SUNSET
OCTOBER 23 2017.......SUNRISE   714 AM CDT   SUNSET   604 PM CDT
OCTOBER 24 2017.......SUNRISE   716 AM CDT   SUNSET   603 PM CDT


-  INDICATES NEGATIVE NUMBERS.
R  INDICATES RECORD WAS SET OR TIED.
MM INDICATES DATA IS MISSING.
T  INDICATES TRACE AMOUNT.




$$
