000
CDUS43 KILX 230636
CLIDEC


CLIMATE REPORT
NATIONAL WEATHER SERVICE LINCOLN IL
136 AM CDT TUE MAY 23 2017


...................................

...THE DECATUR IL AIRPORT CLIMATE SUMMARY FOR MAY 22 2017...

CLIMATE NORMAL PERIOD 1981 TO 2010
CLIMATE RECORD PERIOD 9999 TO 9999


WEATHER ITEM   OBSERVED TIME   RECORD YEAR NORMAL DEPARTURE LAST
                VALUE   (LST)  VALUE       VALUE  FROM      YEAR
                                                  NORMAL
..................................................................
TEMPERATURE (F)
 YESTERDAY
  MAXIMUM         72    431 PM  MM      MM  76     -4       85
  MINIMUM         47    501 AM  MM      MM  53     -6       47
  AVERAGE         60                        64     -4       66

PRECIPITATION (IN)
  YESTERDAY        T            MM      MM   0.14  -0.14     0.00
  MONTH TO DATE    8.14                      3.24   4.90     2.23
  SINCE MAR 1     16.42                      9.68   6.74     8.75
  SINCE JAN 1     18.52                     13.40   5.12     9.94

DEGREE DAYS
 HEATING
  YESTERDAY        5                         4      1        0
  MONTH TO DATE  139                       117     22      138
  SINCE MAR 1   1043                      1223   -180      993
  SINCE JUL 1   4402                      5480  -1078     4485

 COOLING
  YESTERDAY        0                         3     -3        1
  MONTH TO DATE   50                        39     11       10
  SINCE MAR 1     73                        53     20       17
  SINCE JAN 1     73                        53     20       17
..................................................................


WIND (MPH)
  HIGHEST WIND SPEED    20   HIGHEST WIND DIRECTION     S (200)
  HIGHEST GUST SPEED    25   HIGHEST GUST DIRECTION    SW (220)
  AVERAGE WIND SPEED     9.5


SKY COVER
  POSSIBLE SUNSHINE  MM
  AVERAGE SKY COVER 0.2


WEATHER CONDITIONS
 THE FOLLOWING WEATHER WAS RECORDED YESTERDAY.
  LIGHT RAIN


RELATIVE HUMIDITY (PERCENT)
 HIGHEST    93           400 AM
 LOWEST     40          1200 PM
 AVERAGE    67

..........................................................


THE DECATUR IL AIRPORT CLIMATE NORMALS FOR TODAY
                         NORMAL    RECORD    YEAR
 MAXIMUM TEMPERATURE (F)   76        MM        MM
 MINIMUM TEMPERATURE (F)   54        MM        MM


SUNRISE AND SUNSET
MAY 23 2017...........SUNRISE   534 AM CDT   SUNSET   811 PM CDT
MAY 24 2017...........SUNRISE   533 AM CDT   SUNSET   812 PM CDT


-  INDICATES NEGATIVE NUMBERS.
R  INDICATES RECORD WAS SET OR TIED.
MM INDICATES DATA IS MISSING.
T  INDICATES TRACE AMOUNT.




$$
