000
CDUS43 KILX 280628
CLIDEC


CLIMATE REPORT
NATIONAL WEATHER SERVICE LINCOLN IL
127 AM CDT TUE MAR 28 2017


...................................

...THE DECATUR IL AIRPORT CLIMATE SUMMARY FOR MARCH 27 2017...

CLIMATE NORMAL PERIOD 1981 TO 2010
CLIMATE RECORD PERIOD 9999 TO 9999


WEATHER ITEM   OBSERVED TIME   RECORD YEAR NORMAL DEPARTURE LAST
                VALUE   (LST)  VALUE       VALUE  FROM      YEAR
                                                  NORMAL
..................................................................
TEMPERATURE (F)
 YESTERDAY
  MAXIMUM         60   1254 PM  MM      MM  56      4       66
  MINIMUM         41    512 AM  MM      MM  35      6       37
  AVERAGE         51                        46      5       52

PRECIPITATION (IN)
  YESTERDAY        0.05         MM      MM   0.10  -0.05     0.16
  MONTH TO DATE    1.29                      2.26  -0.97     2.06
  SINCE MAR 1      1.29                      2.26  -0.97     2.06
  SINCE JAN 1      3.39                      5.98  -2.59     3.25

DEGREE DAYS
 HEATING
  YESTERDAY       14                        19     -5       13
  MONTH TO DATE  600                       652    -52      446
  SINCE MAR 1    600                       652    -52      446
  SINCE JUL 1   3959                      4909   -950     3938

 COOLING
  YESTERDAY        0                         0      0        0
  MONTH TO DATE    0                         0      0        0
  SINCE MAR 1      0                         0      0        0
  SINCE JAN 1      0                         0      0        0
..................................................................


WIND (MPH)
  HIGHEST WIND SPEED    16   HIGHEST WIND DIRECTION     E (80)
  HIGHEST GUST SPEED    29   HIGHEST GUST DIRECTION     E (80)
  AVERAGE WIND SPEED     8.2


SKY COVER
  POSSIBLE SUNSHINE  MM
  AVERAGE SKY COVER 0.8


WEATHER CONDITIONS
 THE FOLLOWING WEATHER WAS RECORDED YESTERDAY.
  LIGHT RAIN
  FOG


RELATIVE HUMIDITY (PERCENT)
 HIGHEST    96           400 AM
 LOWEST     69           100 PM
 AVERAGE    83

..........................................................


THE DECATUR IL AIRPORT CLIMATE NORMALS FOR TODAY
                         NORMAL    RECORD    YEAR
 MAXIMUM TEMPERATURE (F)   57        MM        MM
 MINIMUM TEMPERATURE (F)   36        MM        MM


SUNRISE AND SUNSET
MARCH 28 2017.........SUNRISE   646 AM CDT   SUNSET   716 PM CDT
MARCH 29 2017.........SUNRISE   644 AM CDT   SUNSET   717 PM CDT


-  INDICATES NEGATIVE NUMBERS.
R  INDICATES RECORD WAS SET OR TIED.
MM INDICATES DATA IS MISSING.
T  INDICATES TRACE AMOUNT.




$$
