000
CDUS43 KILX 302129
CLIDEC


CLIMATE REPORT
NATIONAL WEATHER SERVICE LINCOLN IL
429 PM CDT SAT APR 30 2016


...................................

...THE DECATUR IL AIRPORT CLIMATE SUMMARY FOR APRIL 30 2016...
VALID TODAY AS OF 0400 PM LOCAL TIME.

CLIMATE NORMAL PERIOD 1981 TO 2010
CLIMATE RECORD PERIOD 9999 TO 9999


WEATHER ITEM   OBSERVED TIME   RECORD YEAR NORMAL DEPARTURE LAST
                VALUE   (LST)  VALUE       VALUE  FROM      YEAR
                                                  NORMAL
..................................................................
TEMPERATURE (F)
 TODAY
  MAXIMUM         63    258 PM  MM      MM  69     -6       60
  MINIMUM         50    309 AM  MM      MM  47      3       38
  AVERAGE         57                        58     -1       49

PRECIPITATION (IN)
  TODAY            0.83         MM      MM   0.23   0.60     0.04
  MONTH TO DATE    3.33                      3.80  -0.47     2.02
  SINCE MAR 1      6.52                      6.44   0.08     3.63
  SINCE JAN 1      7.71                     10.16  -2.45     4.88

DEGREE DAYS
 HEATING
  TODAY            8                         8      0       16
  MONTH TO DATE  354                       380    -26      301
  SINCE MAR 1    856                      1106   -250     1090
  SINCE JUL 1   4348                      5363  -1015     5736

 COOLING
  TODAY            0                         1     -1        0
  MONTH TO DATE    7                        13     -6        3
  SINCE MAR 1      7                        14     -7        3
  SINCE JAN 1      7                        14     -7        3
..................................................................


WIND (MPH)
  HIGHEST WIND SPEED    24   HIGHEST WIND DIRECTION    SE (120)
  HIGHEST GUST SPEED    30   HIGHEST GUST DIRECTION    SE (120)
  AVERAGE WIND SPEED    15.2


SKY COVER
  POSSIBLE SUNSHINE  MM
  AVERAGE SKY COVER 1.0


WEATHER CONDITIONS
 THE FOLLOWING WEATHER WAS RECORDED TODAY.
  HEAVY RAIN
  RAIN
  LIGHT RAIN
  FOG
  HAZE


RELATIVE HUMIDITY (PERCENT)
 HIGHEST    97           200 PM
 LOWEST     83          1200 AM
 AVERAGE    90

..........................................................


THE DECATUR IL AIRPORT CLIMATE NORMALS FOR TOMORROW
                         NORMAL    RECORD    YEAR
 MAXIMUM TEMPERATURE (F)   70        MM        MM
 MINIMUM TEMPERATURE (F)   47        MM        MM


SUNRISE AND SUNSET
APRIL 30 2016.........SUNRISE   556 AM CDT   SUNSET   749 PM CDT
MAY  1 2016...........SUNRISE   555 AM CDT   SUNSET   750 PM CDT


-  INDICATES NEGATIVE NUMBERS.
R  INDICATES RECORD WAS SET OR TIED.
MM INDICATES DATA IS MISSING.
T  INDICATES TRACE AMOUNT.




$$
