000
CDUS43 KILX 220641
CLIDEC


CLIMATE REPORT
NATIONAL WEATHER SERVICE LINCOLN IL
135 AM CDT THU JUN 22 2017


...................................

...THE DECATUR IL AIRPORT CLIMATE SUMMARY FOR JUNE 21 2017...

CLIMATE NORMAL PERIOD 1981 TO 2010
CLIMATE RECORD PERIOD 9999 TO 9999


WEATHER ITEM   OBSERVED TIME   RECORD YEAR NORMAL DEPARTURE LAST
                VALUE   (LST)  VALUE       VALUE  FROM      YEAR
                                                  NORMAL
..................................................................
TEMPERATURE (F)
 YESTERDAY
  MAXIMUM         88    540 PM  MM      MM  84      4       87
  MINIMUM         64    259 AM  MM      MM  64      0       69
  AVERAGE         76                        74      2       78

PRECIPITATION (IN)
  YESTERDAY        T            MM      MM   0.13  -0.13     0.00
  MONTH TO DATE    0.73                      3.20  -2.47     1.98
  SINCE JUN 1      0.73                      3.20  -2.47     1.98
  SINCE JAN 1     19.66                     17.65   2.01    12.84

DEGREE DAYS
 HEATING
  YESTERDAY        0                         0      0        0
  MONTH TO DATE    0                        14    -14        0
  SINCE JUN 1      0                        14    -14        0
  SINCE JUL 1   4411                      5518  -1107     4485

 COOLING
  YESTERDAY       11                         9      2       13
  MONTH TO DATE  198                       139     59      224
  SINCE JUN 1    198                       139     59      224
  SINCE JAN 1    295                       226     69      314
..................................................................


WIND (MPH)
  HIGHEST WIND SPEED    17   HIGHEST WIND DIRECTION     S (200)
  HIGHEST GUST SPEED    22   HIGHEST GUST DIRECTION    SW (210)
  AVERAGE WIND SPEED     6.0


SKY COVER
  POSSIBLE SUNSHINE  MM
  AVERAGE SKY COVER 0.2


WEATHER CONDITIONS
 THE FOLLOWING WEATHER WAS RECORDED YESTERDAY.
  LIGHT RAIN


RELATIVE HUMIDITY (PERCENT)
 HIGHEST    93          1200 AM
 LOWEST     50           500 PM
 AVERAGE    72

..........................................................


THE DECATUR IL AIRPORT CLIMATE NORMALS FOR TODAY
                         NORMAL    RECORD    YEAR
 MAXIMUM TEMPERATURE (F)   85        MM        MM
 MINIMUM TEMPERATURE (F)   64        MM        MM


SUNRISE AND SUNSET
JUNE 22 2017..........SUNRISE   528 AM CDT   SUNSET   827 PM CDT
JUNE 23 2017..........SUNRISE   528 AM CDT   SUNSET   828 PM CDT


-  INDICATES NEGATIVE NUMBERS.
R  INDICATES RECORD WAS SET OR TIED.
MM INDICATES DATA IS MISSING.
T  INDICATES TRACE AMOUNT.




$$
