000
CDUS45 KBOU 272230
CLIDEN


CLIMATE REPORT
NATIONAL WEATHER SERVICE DENVER CO
429 PM MDT WED MAY 27 2015


...................................

...THE DENVER CO CLIMATE SUMMARY FOR MAY 27 2015...
VALID TODAY AS OF 0400 PM LOCAL TIME.

CLIMATE NORMAL PERIOD 1981 TO 2010
CLIMATE RECORD PERIOD 1872 TO 2015


WEATHER ITEM   OBSERVED TIME   RECORD YEAR NORMAL DEPARTURE LAST
                VALUE   (LST)  VALUE       VALUE  FROM      YEAR
                                                  NORMAL
..................................................................
TEMPERATURE (F)
 TODAY
  MAXIMUM         75    259 PM  93    2006  76     -1       83
  MINIMUM         50    557 AM  34    1950  46      4       51
  AVERAGE         63                        61      2       67

PRECIPITATION (IN)
  TODAY            0.00          1.41 1897   0.07  -0.07     0.00
  MONTH TO DATE    3.72                      1.81   1.91     3.46
  SINCE MAR 1      7.16                      4.44   2.72     5.53
  SINCE JAN 1      8.79                      5.22   3.57     6.66

DEGREE DAYS
 HEATING
  TODAY            2                         5     -3        0
  MONTH TO DATE  347                       245    102      242
  SINCE MAR 1   1439                      1537    -98     1453
  SINCE JUL 1   5552                      5976   -424     5972

 COOLING
  TODAY            0                         1     -1        2
  MONTH TO DATE    0                        12    -12        8
  SINCE MAR 1      0                        13    -13        8
  SINCE JAN 1      0                        13    -13        8
..................................................................


WIND (MPH)
  HIGHEST WIND SPEED    15   HIGHEST WIND DIRECTION    SW (220)
  HIGHEST GUST SPEED    18   HIGHEST GUST DIRECTION    SW (220)
  AVERAGE WIND SPEED     7.8


SKY COVER **
  POSSIBLE SUNSHINE  MM
  AVERAGE SKY COVER 0.7


WEATHER CONDITIONS
 THE FOLLOWING WEATHER WAS RECORDED TODAY.
  NO SIGNIFICANT WEATHER WAS OBSERVED.


RELATIVE HUMIDITY (PERCENT)
 HIGHEST    83          1200 AM
 LOWEST     25           300 PM
 AVERAGE    54

..........................................................


THE DENVER CO CLIMATE NORMALS FOR TOMORROW
                         NORMAL    RECORD    YEAR
 MAXIMUM TEMPERATURE (F)   76        93      1974
 MINIMUM TEMPERATURE (F)   47        32      1947


SUNRISE AND SUNSET
MAY 27 2015...........SUNRISE   535 AM MST   SUNSET   816 PM MST
MAY 28 2015...........SUNRISE   535 AM MST   SUNSET   817 PM MST


-  INDICATES NEGATIVE NUMBERS.
R  INDICATES RECORD WAS SET OR TIED.
MM INDICATES DATA IS MISSING.
T  INDICATES TRACE AMOUNT.




$$
