000
CDUS45 KBOU 212324
CLIDEN


CLIMATE REPORT
NATIONAL WEATHER SERVICE DENVER/BOULDER CO
423 PM MST TUE FEB 21 2017


...................................

...THE DENVER CO CLIMATE SUMMARY FOR FEBRUARY 21 2017...
VALID TODAY AS OF 0400 PM LOCAL TIME.

CLIMATE NORMAL PERIOD 1981 TO 2010
CLIMATE RECORD PERIOD 1872 TO 2017


WEATHER ITEM   OBSERVED TIME   RECORD YEAR NORMAL DEPARTURE LAST
                VALUE   (LST)  VALUE       VALUE  FROM      YEAR
                                                  NORMAL
..................................................................
TEMPERATURE (F)
 TODAY
  MAXIMUM         73R   222 PM  71    1995  47     26       46
                                      1982
  MINIMUM         39    654 AM  -2    1955  20     19       23
  AVERAGE         56                        34     22       35

PRECIPITATION (IN)
  TODAY            0.00          0.24 1915   0.01  -0.01     0.00
  MONTH TO DATE    T                         0.26  -0.26     0.48
  SINCE DEC 1      1.32                      1.02   0.30     1.69
  SINCE JAN 1      0.54                      0.67  -0.13     0.98

DEGREE DAYS
 HEATING
  TODAY            9                        31    -22       30
  MONTH TO DATE  440                       697   -257      593
  SINCE DEC 1   2661                      2846   -185     2711
  SINCE JUL 1   3557                      4228   -671     3801

 COOLING
  TODAY            0                         0      0        0
  MONTH TO DATE    0                         0      0        0
  SINCE DEC 1      0                         0      0        0
  SINCE JAN 1      0                         0      0        0
..................................................................


WIND (MPH)
  HIGHEST WIND SPEED    29   HIGHEST WIND DIRECTION     W (260)
  HIGHEST GUST SPEED    35   HIGHEST GUST DIRECTION    SW (240)
  AVERAGE WIND SPEED    13.7


SKY COVER **
  POSSIBLE SUNSHINE  MM
  AVERAGE SKY COVER 0.2


WEATHER CONDITIONS
 THE FOLLOWING WEATHER WAS RECORDED TODAY.
  NO SIGNIFICANT WEATHER WAS OBSERVED.


RELATIVE HUMIDITY (PERCENT)
 HIGHEST    44           700 AM
 LOWEST      7           100 PM
 AVERAGE    26

..........................................................


THE DENVER CO CLIMATE NORMALS FOR TOMORROW
                         NORMAL    RECORD    YEAR
 MAXIMUM TEMPERATURE (F)   48        72      1936
 MINIMUM TEMPERATURE (F)   20        -6      1913


SUNRISE AND SUNSET
FEBRUARY 21 2017......SUNRISE   643 AM MST   SUNSET   542 PM MST
FEBRUARY 22 2017......SUNRISE   641 AM MST   SUNSET   543 PM MST


-  INDICATES NEGATIVE NUMBERS.
R  INDICATES RECORD WAS SET OR TIED.
MM INDICATES DATA IS MISSING.
T  INDICATES TRACE AMOUNT.




$$
