000
CDUS45 KBOU 242330
CLIDEN


CLIMATE REPORT
NATIONAL WEATHER SERVICE DENVER/BOULDER CO
529 PM MDT SUN JUL 24 2016


...................................

...THE DENVER CO CLIMATE SUMMARY FOR JULY 24 2016...
VALID TODAY AS OF 0500 PM LOCAL TIME.

CLIMATE NORMAL PERIOD 1981 TO 2010
CLIMATE RECORD PERIOD 1872 TO 2016


WEATHER ITEM   OBSERVED TIME   RECORD YEAR NORMAL DEPARTURE LAST
                VALUE   (LST)  VALUE       VALUE  FROM      YEAR
                                                  NORMAL
..................................................................
TEMPERATURE (F)
 TODAY
  MAXIMUM         96    314 PM 100    2003  90      6       89
  MINIMUM         61    136 AM  49    2004  60      1       64
  AVERAGE         79                        75      4       77

PRECIPITATION (IN)
  TODAY            T             1.06 1973   0.08  -0.08      T
  MONTH TO DATE    1.06                      1.61  -0.55     1.06
  SINCE JUN 1      2.68                      3.59  -0.91     3.59
  SINCE JAN 1      9.78                      9.12   0.66    12.42

DEGREE DAYS
 HEATING
  TODAY            0                         0      0        0
  MONTH TO DATE    0                         1     -1        5
  SINCE JUN 1      4                        63    -59       16
  SINCE JUL 1      0                         1     -1        5

 COOLING
  TODAY           14                        10      4       12
  MONTH TO DATE  272                       219     53      179
  SINCE JUN 1    457                       352    105      333
  SINCE JAN 1    460                       374     86      337
..................................................................


WIND (MPH)
  HIGHEST WIND SPEED    54   HIGHEST WIND DIRECTION     N (340)
  HIGHEST GUST SPEED    74   HIGHEST GUST DIRECTION     N (340)
  AVERAGE WIND SPEED     9.1


SKY COVER **
  POSSIBLE SUNSHINE  MM
  AVERAGE SKY COVER 0.6


WEATHER CONDITIONS
 THE FOLLOWING WEATHER WAS RECORDED TODAY.
  THUNDERSTORM
  SANDSTORM


RELATIVE HUMIDITY (PERCENT)
 HIGHEST    67           200 AM
 LOWEST     12           300 PM
 AVERAGE    40

..........................................................


THE DENVER CO CLIMATE NORMALS FOR TOMORROW
                         NORMAL    RECORD    YEAR
 MAXIMUM TEMPERATURE (F)   90        99      1963
                                             1931
 MINIMUM TEMPERATURE (F)   60        51      1973


SUNRISE AND SUNSET
JULY 24 2016..........SUNRISE   551 AM MDT   SUNSET   820 PM MDT
JULY 25 2016..........SUNRISE   551 AM MDT   SUNSET   819 PM MDT


-  INDICATES NEGATIVE NUMBERS.
R  INDICATES RECORD WAS SET OR TIED.
MM INDICATES DATA IS MISSING.
T  INDICATES TRACE AMOUNT.




$$
