000
CDUS45 KBOU 200844
CLIDEN


CLIMATE REPORT
NATIONAL WEATHER SERVICE DENVER/BOULDER CO
243 AM MDT SUN AUG 20 2017


...................................

...THE DENVER CO CLIMATE SUMMARY FOR AUGUST 19 2017...

CLIMATE NORMAL PERIOD 1981 TO 2010
CLIMATE RECORD PERIOD 1872 TO 2017


WEATHER ITEM   OBSERVED TIME   RECORD YEAR NORMAL DEPARTURE LAST
                VALUE   (LST)  VALUE       VALUE  FROM      YEAR
                                                  NORMAL
..................................................................
TEMPERATURE (F)
 YESTERDAY
  MAXIMUM         95    212 PM  97    1986  87      8       81
  MINIMUM         61    510 AM  47    2015  58      3       50
  AVERAGE         78                        72      6       66

PRECIPITATION (IN)
  YESTERDAY        T             1.05 1979   0.04  -0.04     0.02
  MONTH TO DATE    1.86                      1.20   0.66     0.05
  SINCE JUN 1      2.66                      5.34  -2.68     2.74
  SINCE JAN 1      8.97                     10.87  -1.90     9.84

SNOWFALL (IN)
  YESTERDAY        0.0
  MONTH TO DATE      0
  SINCE JUN 1        0
  SINCE JUL 1        0
  SNOW DEPTH       0


DEGREE DAYS
 HEATING
  YESTERDAY        0                         0      0        0
  MONTH TO DATE    8                         0      8        0
  SINCE JUN 1     33                        68    -35        4
  SINCE JUL 1      8                         6      2        0

 COOLING
  YESTERDAY       13                         7      6        1
  MONTH TO DATE  102                       169    -67      170
  SINCE JUN 1    629                       591     38      711
  SINCE JAN 1    635                       613     22      714
..................................................................


WIND (MPH)
  HIGHEST WIND SPEED    33   HIGHEST WIND DIRECTION     E (110)
  HIGHEST GUST SPEED    48   HIGHEST GUST DIRECTION     E (70)
  AVERAGE WIND SPEED    10.4


SKY COVER **
  POSSIBLE SUNSHINE  MM
  AVERAGE SKY COVER 0.4


WEATHER CONDITIONS
 THE FOLLOWING WEATHER WAS RECORDED YESTERDAY.
  THUNDERSTORM
  LIGHT RAIN


RELATIVE HUMIDITY (PERCENT)
 HIGHEST    56          1200 AM
 LOWEST     10           400 PM
 AVERAGE    33

..........................................................


THE DENVER CO CLIMATE NORMALS FOR TODAY
                         NORMAL    RECORD    YEAR
 MAXIMUM TEMPERATURE (F)   87        99      2013
 MINIMUM TEMPERATURE (F)   58        46      1939


SUNRISE AND SUNSET
AUGUST 20 2017........SUNRISE   616 AM MDT   SUNSET   748 PM MDT
AUGUST 21 2017........SUNRISE   617 AM MDT   SUNSET   747 PM MDT


-  INDICATES NEGATIVE NUMBERS.
R  INDICATES RECORD WAS SET OR TIED.
MM INDICATES DATA IS MISSING.
T  INDICATES TRACE AMOUNT.

&&

** SUNSHINE DATA WILL NO LONGER BE AVAILABLE EFFECTIVE OCTOBER 1ST 2009.




$$
