000
CDUS45 KBOU 232341
CLIDEN


CLIMATE REPORT
NATIONAL WEATHER SERVICE DENVER/BOULDER CO
440 PM MST FRI FEB 23 2018


...................................

...THE DENVER CO CLIMATE SUMMARY FOR FEBRUARY 23 2018...
VALID TODAY AS OF 0400 PM LOCAL TIME.

CLIMATE NORMAL PERIOD 1981 TO 2010
CLIMATE RECORD PERIOD 1872 TO 2018


WEATHER ITEM   OBSERVED TIME   RECORD YEAR NORMAL DEPARTURE LAST
                VALUE   (LST)  VALUE       VALUE  FROM      YEAR
                                                  NORMAL
..................................................................
TEMPERATURE (F)
 TODAY
  MAXIMUM         35    221 PM  72    2002  48    -13       33
  MINIMUM          8    346 AM  -4    1899  21    -13       18
  AVERAGE         22                        34    -12       26

PRECIPITATION (IN)
  TODAY            T             0.22 1892   0.01  -0.01     0.16
  MONTH TO DATE    0.31                      0.29   0.02     0.16
  SINCE DEC 1      1.06                      1.05   0.01     1.48
  SINCE JAN 1      0.85                      0.70   0.15     0.70

DEGREE DAYS
 HEATING
  TODAY           43                        31     12       39
  MONTH TO DATE  817                       759     58      500
  SINCE DEC 1   2728                      2908   -180     2721
  SINCE JUL 1   3899                      4290   -391     3617

 COOLING
  TODAY            0                         0      0        0
  MONTH TO DATE    0                         0      0        0
  SINCE DEC 1      0                         0      0        0
  SINCE JAN 1      0                         0      0        0
..................................................................


WIND (MPH)
  HIGHEST WIND SPEED    21   HIGHEST WIND DIRECTION     N (340)
  HIGHEST GUST SPEED    26   HIGHEST GUST DIRECTION     N (340)
  AVERAGE WIND SPEED     6.4


SKY COVER
  POSSIBLE SUNSHINE  MM
  AVERAGE SKY COVER 0.5


WEATHER CONDITIONS
 THE FOLLOWING WEATHER WAS RECORDED TODAY.
  LIGHT SNOW
  FOG
  FOG W/VISIBILITY <= 1/4 MILE
  HAZE


RELATIVE HUMIDITY (PERCENT)
 HIGHEST    92           300 AM
 LOWEST     69           200 PM
 AVERAGE    81

..........................................................


THE DENVER CO CLIMATE NORMALS FOR TOMORROW
                         NORMAL    RECORD    YEAR
 MAXIMUM TEMPERATURE (F)   48        71      1995
 MINIMUM TEMPERATURE (F)   21        -8      1874


SUNRISE AND SUNSET
FEBRUARY 23 2018......SUNRISE   640 AM MST   SUNSET   544 PM MST
FEBRUARY 24 2018......SUNRISE   639 AM MST   SUNSET   545 PM MST


-  INDICATES NEGATIVE NUMBERS.
R  INDICATES RECORD WAS SET OR TIED.
MM INDICATES DATA IS MISSING.
T  INDICATES TRACE AMOUNT.




$$
