000
CDUS45 KBOU 250759
CLIDEN


CLIMATE REPORT
NATIONAL WEATHER SERVICE DENVER CO
1258 AM MST SUN JAN 25 2015


...................................

...THE DENVER CO CLIMATE SUMMARY FOR JANUARY 24 2015...

CLIMATE NORMAL PERIOD 1981 TO 2010
CLIMATE RECORD PERIOD 1872 TO 2015


WEATHER ITEM   OBSERVED TIME   RECORD YEAR NORMAL DEPARTURE LAST
                VALUE   (LST)  VALUE       VALUE  FROM      YEAR
                                                  NORMAL
..................................................................
TEMPERATURE (F)
 YESTERDAY
  MAXIMUM         53    226 PM  68    1970  44      9       57
  MINIMUM         30    336 AM -18    1872  17     13       22
  AVERAGE         42                        31     11       40

PRECIPITATION (IN)
  YESTERDAY        0.00          0.43 1921   0.02  -0.02     0.00
  MONTH TO DATE    0.30                      0.32  -0.02     0.58
  SINCE DEC 1      0.89                      0.67   0.22     0.83
  SINCE JAN 1      0.30                      0.32  -0.02     0.58

SNOWFALL (IN)
  YESTERDAY        0.0
  MONTH TO DATE    6.9
  SINCE DEC 1     18.9
  SINCE JUL 1     22.9
  SNOW DEPTH       0


DEGREE DAYS
 HEATING
  YESTERDAY       23                        34    -11       25
  MONTH TO DATE  818                       821     -3      801
  SINCE DEC 1   1855                      1907    -52     1929
  SINCE JUL 1   3109                      3289   -180     3252

 COOLING
  YESTERDAY        0                         0      0        0
  MONTH TO DATE    0                         0      0        0
  SINCE DEC 1      0                         0      0        0
  SINCE JAN 1      0                         0      0        0
..................................................................


WIND (MPH)
  HIGHEST WIND SPEED    22   HIGHEST WIND DIRECTION    SW (210)
  HIGHEST GUST SPEED    26   HIGHEST GUST DIRECTION     W (280)
  AVERAGE WIND SPEED    13.4


SKY COVER **
  POSSIBLE SUNSHINE  MM
  AVERAGE SKY COVER 0.5


WEATHER CONDITIONS
 THE FOLLOWING WEATHER WAS RECORDED YESTERDAY.
  NO SIGNIFICANT WEATHER WAS OBSERVED.


RELATIVE HUMIDITY (PERCENT)
 HIGHEST    82          1100 PM
 LOWEST     21          1200 PM
 AVERAGE    52

..........................................................


THE DENVER CO CLIMATE NORMALS FOR TODAY
                         NORMAL    RECORD    YEAR
 MAXIMUM TEMPERATURE (F)   44        72      1890
 MINIMUM TEMPERATURE (F)   17       -20      1872


SUNRISE AND SUNSET
JANUARY 25 2015.......SUNRISE   713 AM MST   SUNSET   508 PM MST
JANUARY 26 2015.......SUNRISE   712 AM MST   SUNSET   510 PM MST


-  INDICATES NEGATIVE NUMBERS.
R  INDICATES RECORD WAS SET OR TIED.
MM INDICATES DATA IS MISSING.
T  INDICATES TRACE AMOUNT.

&&

** SUNSHINE DATA WILL NO LONGER BE AVAILABLE EFFECTIVE OCTOBER 1ST 2009.




$$
