000
CDUS45 KBOU 272229
CLIDEN


CLIMATE REPORT
NATIONAL WEATHER SERVICE DENVER CO
429 PM MDT THU AUG 27 2015


...................................

...THE DENVER CO CLIMATE SUMMARY FOR AUGUST 27 2015...
VALID TODAY AS OF 0400 PM LOCAL TIME.

CLIMATE NORMAL PERIOD 1981 TO 2010
CLIMATE RECORD PERIOD 1872 TO 2015


WEATHER ITEM   OBSERVED TIME   RECORD YEAR NORMAL DEPARTURE LAST
                VALUE   (LST)  VALUE       VALUE  FROM      YEAR
                                                  NORMAL
..................................................................
TEMPERATURE (F)
 TODAY
  MAXIMUM         89    106 PM  98    2012  85      4       78
                                      1994
  MINIMUM         56    400 AM  48    2004  56      0       54
                                      1992
  AVERAGE         73                        70      3       66

PRECIPITATION (IN)
  TODAY            T             1.39 1955   0.04  -0.04     0.11
  MONTH TO DATE    1.06                      1.54  -0.48     2.73
  SINCE JUN 1      4.65                      5.68  -1.03     8.40
  SINCE JAN 1     13.48                     11.21   2.27    15.11

DEGREE DAYS
 HEATING
  TODAY            0                         1     -1        0
  MONTH TO DATE   13                         1     12        0
  SINCE JUN 1     29                        69    -40       35
  SINCE JUL 1     18                         7     11        5

 COOLING
  TODAY            8                         6      2        1
  MONTH TO DATE  266                       222     44      175
  SINCE JUN 1    671                       644     27      585
  SINCE JAN 1    675                       666      9      606
..................................................................


WIND (MPH)
  HIGHEST WIND SPEED    26   HIGHEST WIND DIRECTION     N (350)
  HIGHEST GUST SPEED    32   HIGHEST GUST DIRECTION     N (350)
  AVERAGE WIND SPEED     8.6


SKY COVER **
  POSSIBLE SUNSHINE  MM
  AVERAGE SKY COVER 0.7


WEATHER CONDITIONS
 THE FOLLOWING WEATHER WAS RECORDED TODAY.
  NO SIGNIFICANT WEATHER WAS OBSERVED.


RELATIVE HUMIDITY (PERCENT)
 HIGHEST    62           400 AM
 LOWEST     26           100 PM
 AVERAGE    44

..........................................................


THE DENVER CO CLIMATE NORMALS FOR TOMORROW
                         NORMAL    RECORD    YEAR
 MAXIMUM TEMPERATURE (F)   85        96      2012
                                             2011
 MINIMUM TEMPERATURE (F)   55        42      2004


SUNRISE AND SUNSET
AUGUST 27 2015........SUNRISE   622 AM MST   SUNSET   739 PM MST
AUGUST 28 2015........SUNRISE   623 AM MST   SUNSET   738 PM MST


-  INDICATES NEGATIVE NUMBERS.
R  INDICATES RECORD WAS SET OR TIED.
MM INDICATES DATA IS MISSING.
T  INDICATES TRACE AMOUNT.




$$
