000
CDUS45 KBOU 050758
CLIDEN


CLIMATE REPORT
NATIONAL WEATHER SERVICE DENVER/BOULDER CO
157 AM MDT THU MAY 5 2016


...................................

...THE DENVER CO CLIMATE SUMMARY FOR MAY 4 2016...

CLIMATE NORMAL PERIOD 1981 TO 2010
CLIMATE RECORD PERIOD 1872 TO 2016


WEATHER ITEM   OBSERVED TIME   RECORD YEAR NORMAL DEPARTURE LAST
                VALUE   (LST)  VALUE       VALUE  FROM      YEAR
                                                  NORMAL
..................................................................
TEMPERATURE (F)
 YESTERDAY
  MAXIMUM         74    343 PM  88    2012  67      7       60
  MINIMUM         44    420 AM  27    1964  39      5       48
  AVERAGE         59                        53      6       54

PRECIPITATION (IN)
  YESTERDAY        0.00          0.81 2001   0.07  -0.07     0.19
  MONTH TO DATE    0.05                      0.28  -0.23     0.22
  SINCE MAR 1      3.79                      2.91   0.88     3.66
  SINCE JAN 1      4.77                      3.69   1.08     5.29

SNOWFALL (IN)
  YESTERDAY        0.0
  MONTH TO DATE      T
  SINCE MAR 1       34
  SINCE JUL 1     72.8
  SNOW DEPTH       0


DEGREE DAYS
 HEATING
  YESTERDAY        6                        12     -6       11
  MONTH TO DATE   67                        51     16       26
  SINCE MAR 1   1309                      1343    -34     1118
  SINCE JUL 1   5297                      5782   -485     5231

 COOLING
  YESTERDAY        0                         0      0        0
  MONTH TO DATE    0                         0      0        0
  SINCE MAR 1      0                         1     -1        0
  SINCE JAN 1      0                         1     -1        0
..................................................................


WIND (MPH)
  HIGHEST WIND SPEED    16   HIGHEST WIND DIRECTION     S (170)
  HIGHEST GUST SPEED    19   HIGHEST GUST DIRECTION     S (160)
  AVERAGE WIND SPEED     9.9


SKY COVER **
  POSSIBLE SUNSHINE  MM
  AVERAGE SKY COVER 0.1


WEATHER CONDITIONS
 THE FOLLOWING WEATHER WAS RECORDED YESTERDAY.
  NO SIGNIFICANT WEATHER WAS OBSERVED.


RELATIVE HUMIDITY (PERCENT)
 HIGHEST    66           900 PM
 LOWEST     19           300 PM
 AVERAGE    43

..........................................................


THE DENVER CO CLIMATE NORMALS FOR TODAY
                         NORMAL    RECORD    YEAR
 MAXIMUM TEMPERATURE (F)   67        89      2000
 MINIMUM TEMPERATURE (F)   39        27      1917


SUNRISE AND SUNSET
MAY  5 2016...........SUNRISE   553 AM MDT   SUNSET   758 PM MDT
MAY  6 2016...........SUNRISE   552 AM MDT   SUNSET   759 PM MDT


-  INDICATES NEGATIVE NUMBERS.
R  INDICATES RECORD WAS SET OR TIED.
MM INDICATES DATA IS MISSING.
T  INDICATES TRACE AMOUNT.

&&

** SUNSHINE DATA WILL NO LONGER BE AVAILABLE EFFECTIVE OCTOBER 1ST 2009.




$$
