000
CDUS45 KBOU 302330
CLIDEN


CLIMATE REPORT
NATIONAL WEATHER SERVICE DENVER/BOULDER CO
529 PM MDT SUN APR 30 2017


...................................

...THE DENVER CO CLIMATE SUMMARY FOR APRIL 30 2017...
VALID TODAY AS OF 0500 PM LOCAL TIME.

CLIMATE NORMAL PERIOD 1981 TO 2010
CLIMATE RECORD PERIOD 1872 TO 2017


WEATHER ITEM   OBSERVED TIME   RECORD YEAR NORMAL DEPARTURE LAST
                VALUE   (LST)  VALUE       VALUE  FROM      YEAR
                                                  NORMAL
..................................................................
TEMPERATURE (F)
 TODAY
  MAXIMUM         60    400 PM  90    1992  66     -6       35
  MINIMUM         28        MM  19    1909  37     -9       31
  AVERAGE         44                        51     -7       33

PRECIPITATION (IN)
  TODAY            0.00          2.03 1999   0.07  -0.07     0.15
  MONTH TO DATE    0.98                      1.71  -0.73     2.56
  SINCE MAR 1      1.88                      2.63  -0.75     3.74
  SINCE JAN 1      2.65                      3.41  -0.76     4.72

DEGREE DAYS
 HEATING
  TODAY           21                        14      7       32
  MONTH TO DATE  478                       529    -51      526
  SINCE MAR 1   1001                      1292   -291     1242
  SINCE JUL 1   4803                      5731   -928     5230

 COOLING
  TODAY            0                         0      0        0
  MONTH TO DATE    0                         1     -1        0
  SINCE MAR 1      0                         1     -1        0
  SINCE JAN 1      0                         1     -1        0
..................................................................


WIND (MPH)
  HIGHEST WIND SPEED    31   HIGHEST WIND DIRECTION     N (340)
  HIGHEST GUST SPEED    46   HIGHEST GUST DIRECTION    NW (330)
  AVERAGE WIND SPEED    20.0


SKY COVER **
  POSSIBLE SUNSHINE  MM
  AVERAGE SKY COVER 0.6


WEATHER CONDITIONS
 THE FOLLOWING WEATHER WAS RECORDED TODAY.
  NO SIGNIFICANT WEATHER WAS OBSERVED.


RELATIVE HUMIDITY (PERCENT)
 HIGHEST    69          1200 AM
 LOWEST     19           400 PM
 AVERAGE    44

..........................................................


THE DENVER CO CLIMATE NORMALS FOR TOMORROW
                         NORMAL    RECORD    YEAR
 MAXIMUM TEMPERATURE (F)   66        87      1992
 MINIMUM TEMPERATURE (F)   38        23      1909


SUNRISE AND SUNSET
APRIL 30 2017.........SUNRISE   559 AM MDT   SUNSET   752 PM MDT
MAY  1 2017...........SUNRISE   558 AM MDT   SUNSET   753 PM MDT


-  INDICATES NEGATIVE NUMBERS.
R  INDICATES RECORD WAS SET OR TIED.
MM INDICATES DATA IS MISSING.
T  INDICATES TRACE AMOUNT.




$$
