000
CDUS45 KBOU 200757
CLIDEN


CLIMATE REPORT
NATIONAL WEATHER SERVICE DENVER CO
156 AM MDT MON OCT 20 2014


...................................

...THE DENVER CO CLIMATE SUMMARY FOR OCTOBER 19 2014...

CLIMATE NORMAL PERIOD 1981 TO 2010
CLIMATE RECORD PERIOD 1872 TO 2014


WEATHER ITEM   OBSERVED TIME   RECORD YEAR NORMAL DEPARTURE LAST
                VALUE   (LST)  VALUE       VALUE  FROM      YEAR
                                                  NORMAL
..................................................................
TEMPERATURE (F)
 YESTERDAY
  MAXIMUM         75    205 PM  86    2003  64     11       64
  MINIMUM         47   1134 PM  18    1916  36     11       33
  AVERAGE         61                        50     11       49

PRECIPITATION (IN)
  YESTERDAY        0.00          0.47 1898   0.04  -0.04     0.00
  MONTH TO DATE    0.50                      0.68  -0.18     0.63
  SINCE SEP 1      2.29                      1.64   0.65     6.24
  SINCE JAN 1     17.40                     13.00   4.40    16.99

SNOWFALL (IN)
  YESTERDAY        0.0
  MONTH TO DATE      0
  SINCE SEP 1        T
  SINCE JUL 1        T
  SNOW DEPTH       0


DEGREE DAYS
 HEATING
  YESTERDAY        4                        15    -11       16
  MONTH TO DATE  183                       228    -45      295
  SINCE SEP 1    274                       353    -79      378
  SINCE JUL 1    281                       369    -88      378

 COOLING
  YESTERDAY        0                         0      0        0
  MONTH TO DATE    0                         1     -1        0
  SINCE SEP 1     88                        77     11      133
  SINCE JAN 1    701                       765    -64      999
..................................................................


WIND (MPH)
  HIGHEST WIND SPEED    13   HIGHEST WIND DIRECTION     E (90)
  HIGHEST GUST SPEED    19   HIGHEST GUST DIRECTION    SE (120)
  AVERAGE WIND SPEED     7.8


SKY COVER **
  POSSIBLE SUNSHINE  MM
  AVERAGE SKY COVER 0.3


WEATHER CONDITIONS
 THE FOLLOWING WEATHER WAS RECORDED YESTERDAY.
  HAZE


RELATIVE HUMIDITY (PERCENT)
 HIGHEST    66          1200 AM
 LOWEST     19           200 PM
 AVERAGE    43

..........................................................


THE DENVER CO CLIMATE NORMALS FOR TODAY
                         NORMAL    RECORD    YEAR
 MAXIMUM TEMPERATURE (F)   64        83      1950
 MINIMUM TEMPERATURE (F)   35        21      1995


SUNRISE AND SUNSET
OCTOBER 20 2014.......SUNRISE   714 AM MDT   SUNSET   613 PM MDT
OCTOBER 21 2014.......SUNRISE   715 AM MDT   SUNSET   612 PM MDT


-  INDICATES NEGATIVE NUMBERS.
R  INDICATES RECORD WAS SET OR TIED.
MM INDICATES DATA IS MISSING.
T  INDICATES TRACE AMOUNT.

&&

** SUNSHINE DATA WILL NO LONGER BE AVAILABLE EFFECTIVE OCTOBER 1ST 2009.




$$
