000
CDUS45 KBOU 062338
CLIDEN


CLIMATE REPORT
NATIONAL WEATHER SERVICE DENVER/BOULDER CO
437 PM MST SAT FEB 6 2016


...................................

...THE DENVER CO CLIMATE SUMMARY FOR FEBRUARY 6 2016...
VALID TODAY AS OF 0400 PM LOCAL TIME.

CLIMATE NORMAL PERIOD 1981 TO 2010
CLIMATE RECORD PERIOD 1872 TO 2016


WEATHER ITEM   OBSERVED TIME   RECORD YEAR NORMAL DEPARTURE LAST
                VALUE   (LST)  VALUE       VALUE  FROM      YEAR
                                                  NORMAL
..................................................................
TEMPERATURE (F)
 TODAY
  MAXIMUM         48    353 PM  70    2015  45      3       70
  MINIMUM         17    226 AM -22    1899  17      0       46
  AVERAGE         33                        31      2       58

PRECIPITATION (IN)
  TODAY            0.00          0.26 1892   0.02  -0.02     0.00
  MONTH TO DATE    0.48                      0.08   0.40     0.17
  SINCE DEC 1      1.69                      0.84   0.85     1.14
  SINCE JAN 1      0.98                      0.49   0.49     0.55

DEGREE DAYS
 HEATING
  TODAY           32                        34     -2        7
  MONTH TO DATE  256                       204     52      152
  SINCE DEC 1   2374                      2353     21     2147
  SINCE JUL 1   3464                      3735   -271     3401

 COOLING
  TODAY            0                         0      0        0
  MONTH TO DATE    0                         0      0        0
  SINCE DEC 1      0                         0      0        0
  SINCE JAN 1      0                         0      0        0
..................................................................


WIND (MPH)
  HIGHEST WIND SPEED    21   HIGHEST WIND DIRECTION    SW (210)
  HIGHEST GUST SPEED    24   HIGHEST GUST DIRECTION    SW (210)
  AVERAGE WIND SPEED    15.0


SKY COVER **
  POSSIBLE SUNSHINE  MM
  AVERAGE SKY COVER 0.4


WEATHER CONDITIONS
 THE FOLLOWING WEATHER WAS RECORDED TODAY.
  NO SIGNIFICANT WEATHER WAS OBSERVED.


RELATIVE HUMIDITY (PERCENT)
 HIGHEST    56          1100 AM
 LOWEST     34           400 PM
 AVERAGE    45

..........................................................


THE DENVER CO CLIMATE NORMALS FOR TOMORROW
                         NORMAL    RECORD    YEAR
 MAXIMUM TEMPERATURE (F)   45        74      2015
 MINIMUM TEMPERATURE (F)   18       -17      1936


SUNRISE AND SUNSET
FEBRUARY  6 2016......SUNRISE   702 AM MST   SUNSET   523 PM MST
FEBRUARY  7 2016......SUNRISE   701 AM MST   SUNSET   524 PM MST


-  INDICATES NEGATIVE NUMBERS.
R  INDICATES RECORD WAS SET OR TIED.
MM INDICATES DATA IS MISSING.
T  INDICATES TRACE AMOUNT.




$$
