000
CDUS44 KSHV 230735
CLIDEQ


CLIMATE REPORT
NATIONAL WEATHER SERVICE SHREVEPORT, LA
234 AM CDT THU OCT 23 2014


...................................

...THE DE QUEEN CLIMATE SUMMARY FOR OCTOBER 22 2014...

CLIMATE NORMAL PERIOD 1981 TO 2010
CLIMATE RECORD PERIOD 1902 TO 2014


WEATHER ITEM   OBSERVED TIME   RECORD YEAR NORMAL DEPARTURE LAST
                VALUE   (LST)  VALUE       VALUE  FROM      YEAR
                                                  NORMAL
..................................................................
TEMPERATURE (F)
 YESTERDAY
  MAXIMUM         76    234 PM  93    1939  74      2       69
  MINIMUM         53   1129 PM  34    1995  49      4       38
  AVERAGE         65                        62      3       54

PRECIPITATION (IN)
  YESTERDAY        0.00          3.12 1996   0.16  -0.16     0.00
  MONTH TO DATE    2.62                      3.29  -0.67     1.70
  SINCE DEC 1     37.99                     42.85  -4.86    32.00
  SINCE JAN 1     36.06                     38.49  -2.43    27.95

SNOWFALL (IN)
  YESTERDAY        0.0
  MONTH TO DATE    0.0
  SINCE SEP 1      0.0
  SINCE JUL 1      0.0
  SNOW DEPTH       0

DEGREE DAYS
 HEATING
  YESTERDAY        0                         5     -5       11
  MONTH TO DATE   43                        68    -25       89
  SINCE SEP 1     44                        77    -33       89
  SINCE JUL 1     44                        77    -33       89

 COOLING
  YESTERDAY        0                         2     -2        0
  MONTH TO DATE   70                        58     12       79
  SINCE SEP 1    372                       331     41      452
  SINCE JAN 1   1702                      1923   -221     2015
..................................................................


WIND (MPH)
  HIGHEST WIND SPEED    13   HIGHEST WIND DIRECTION    SE (120)
  HIGHEST GUST SPEED    15   HIGHEST GUST DIRECTION    SE (120)
  AVERAGE WIND SPEED     3.5


SKY COVER
  POSSIBLE SUNSHINE  MM
  AVERAGE SKY COVER 0.3


WEATHER CONDITIONS
 THE FOLLOWING WEATHER WAS RECORDED YESTERDAY.
  FOG
  FOG W/VISIBILITY <= 1/4 MILE


RELATIVE HUMIDITY (PERCENT)
 HIGHEST   100           100 AM
 LOWEST     46           200 PM
 AVERAGE    73

..........................................................


THE DE QUEEN CLIMATE NORMALS FOR TODAY
                         NORMAL    RECORD    YEAR
 MAXIMUM TEMPERATURE (F)   74        93      1939
                                             1956
 MINIMUM TEMPERATURE (F)   48        28      1937


SUNRISE AND SUNSET
OCTOBER 23 2014.......SUNRISE   729 AM CDT   SUNSET   634 PM CDT
OCTOBER 24 2014.......SUNRISE   730 AM CDT   SUNSET   633 PM CDT


-  INDICATES NEGATIVE NUMBERS.
R  INDICATES RECORD WAS SET OR TIED.
MM INDICATES DATA IS MISSING.
T  INDICATES TRACE AMOUNT.




$$
