000
CDUS44 KSHV 080837
CLIDEQ


CLIMATE REPORT
NATIONAL WEATHER SERVICE SHREVEPORT, LA
237 AM CST MON FEB 8 2016


...................................

...THE DE QUEEN CLIMATE SUMMARY FOR FEBRUARY 7 2016...

CLIMATE NORMAL PERIOD 1981 TO 2010
CLIMATE RECORD PERIOD 1902 TO 2016


WEATHER ITEM   OBSERVED TIME   RECORD YEAR NORMAL DEPARTURE LAST
                VALUE   (LST)  VALUE       VALUE  FROM      YEAR
                                                  NORMAL
..................................................................
TEMPERATURE (F)
 YESTERDAY
  MAXIMUM         62    422 PM  80    1937  56      6       68
  MINIMUM         24    727 AM  14    1975  30     -6       29
  AVERAGE         43                        43      0       49

PRECIPITATION (IN)
  YESTERDAY        0.00          1.12 1979   0.15  -0.15     0.00
  MONTH TO DATE    0.10                      1.10  -1.00     0.46
  SINCE DEC 1     11.25                      8.78   2.47     7.26
  SINCE JAN 1      0.97                      4.42  -3.45     5.54

SNOWFALL (IN)
  YESTERDAY        0.0
  MONTH TO DATE    0.0
  SINCE DEC 1      0.0
  SINCE JUL 1      0.0
  SNOW DEPTH       0

DEGREE DAYS
 HEATING
  YESTERDAY       22                        22      0       16
  MONTH TO DATE  141                       157    -16      161
  SINCE DEC 1   1275                      1567   -292     1497
  SINCE JUL 1   1616                      2093   -477     2119

 COOLING
  YESTERDAY        0                         0      0        0
  MONTH TO DATE    0                         0      0        0
  SINCE DEC 1      3                         1      2        0
  SINCE JAN 1      0                         1     -1        0
..................................................................


WIND (MPH)
  HIGHEST WIND SPEED    16   HIGHEST WIND DIRECTION     W (270)
  HIGHEST GUST SPEED    19   HIGHEST GUST DIRECTION     W (270)
  AVERAGE WIND SPEED     4.4


SKY COVER
  POSSIBLE SUNSHINE  MM
  AVERAGE SKY COVER 0.0


WEATHER CONDITIONS
 THE FOLLOWING WEATHER WAS RECORDED YESTERDAY.
  FOG
  HAZE


RELATIVE HUMIDITY (PERCENT)
 HIGHEST   100          1200 AM
 LOWEST     34           400 PM
 AVERAGE    67

..........................................................


THE DE QUEEN CLIMATE NORMALS FOR TODAY
                         NORMAL    RECORD    YEAR
 MAXIMUM TEMPERATURE (F)   57        75      1957
 MINIMUM TEMPERATURE (F)   30        12      1947


SUNRISE AND SUNSET
FEBRUARY  8 2016......SUNRISE   709 AM CST   SUNSET   554 PM CST
FEBRUARY  9 2016......SUNRISE   709 AM CST   SUNSET   555 PM CST


-  INDICATES NEGATIVE NUMBERS.
R  INDICATES RECORD WAS SET OR TIED.
MM INDICATES DATA IS MISSING.
T  INDICATES TRACE AMOUNT.




$$
