000
CDUS44 KSHV 190836
CLIDEQ


CLIMATE REPORT
NATIONAL WEATHER SERVICE SHREVEPORT, LA
236 AM CST SUN FEB 19 2017


...................................

...THE DE QUEEN CLIMATE SUMMARY FOR FEBRUARY 18 2017...

CLIMATE NORMAL PERIOD 1981 TO 2010
CLIMATE RECORD PERIOD 1902 TO 2017


WEATHER ITEM   OBSERVED TIME   RECORD YEAR NORMAL DEPARTURE LAST
                VALUE   (LST)  VALUE       VALUE  FROM      YEAR
                                                  NORMAL
..................................................................
TEMPERATURE (F)
 YESTERDAY
  MAXIMUM         66    453 PM  80    1986  59      7       76
  MINIMUM         48   1233 AM  15    1980  33     15       33
  AVERAGE         57                        46     11       55

PRECIPITATION (IN)
  YESTERDAY        0.00          2.47 1938   0.14  -0.14     0.00
  MONTH TO DATE    0.44                      2.63  -2.19     0.10
  SINCE DEC 1      5.76                     10.31  -4.55    11.25
  SINCE JAN 1      3.05                      5.95  -2.90     0.97

SNOWFALL (IN)
  YESTERDAY        0.0
  MONTH TO DATE    0.0
  SINCE DEC 1      0.3
  SINCE JUL 1      0.3
  SNOW DEPTH       0

DEGREE DAYS
 HEATING
  YESTERDAY        8                        19    -11       10
  MONTH TO DATE  237                       381   -144      329
  SINCE DEC 1   1374                      1791   -417     1463
  SINCE JUL 1   1688                      2317   -629     1804

 COOLING
  YESTERDAY        0                         0      0        0
  MONTH TO DATE    4                         0      4        0
  SINCE DEC 1      9                         1      8        3
  SINCE JAN 1      7                         1      6        0
..................................................................


WIND (MPH)
  HIGHEST WIND SPEED    12   HIGHEST WIND DIRECTION    SE (140)
  HIGHEST GUST SPEED    14   HIGHEST GUST DIRECTION     E (90)
  AVERAGE WIND SPEED     4.5


SKY COVER
  POSSIBLE SUNSHINE  MM
  AVERAGE SKY COVER 0.8


WEATHER CONDITIONS
 THE FOLLOWING WEATHER WAS RECORDED YESTERDAY.
  THUNDERSTORM
  FOG
  FOG W/VISIBILITY <= 1/4 MILE


RELATIVE HUMIDITY (PERCENT)
 HIGHEST   100          1200 AM
 LOWEST     63           500 PM
 AVERAGE    82

..........................................................


THE DE QUEEN CLIMATE NORMALS FOR TODAY
                         NORMAL    RECORD    YEAR
 MAXIMUM TEMPERATURE (F)   59        81      1986
 MINIMUM TEMPERATURE (F)   33        12      1978


SUNRISE AND SUNSET
FEBRUARY 19 2017......SUNRISE   658 AM CST   SUNSET   605 PM CST
FEBRUARY 20 2017......SUNRISE   657 AM CST   SUNSET   606 PM CST


-  INDICATES NEGATIVE NUMBERS.
R  INDICATES RECORD WAS SET OR TIED.
MM INDICATES DATA IS MISSING.
T  INDICATES TRACE AMOUNT.




$$
