000
CDUS44 KSHV 060752
CLIDEQ


CLIMATE REPORT
NATIONAL WEATHER SERVICE SHREVEPORT, LA
237 AM CDT MON JUL 6 2015


...................................

...THE DE QUEEN CLIMATE SUMMARY FOR JULY 5 2015...

CLIMATE NORMAL PERIOD 1981 TO 2010
CLIMATE RECORD PERIOD 1902 TO 2015


WEATHER ITEM   OBSERVED TIME   RECORD YEAR NORMAL DEPARTURE LAST
                VALUE   (LST)  VALUE       VALUE  FROM      YEAR
                                                  NORMAL
..................................................................
TEMPERATURE (F)
 YESTERDAY
  MAXIMUM         91    509 PM 103    1954  92     -1       88
  MINIMUM         69    422 AM  55    1970  70     -1       63
  AVERAGE         80                        81     -1       76

PRECIPITATION (IN)
  YESTERDAY        0.00          2.97 1983   0.14  -0.14     0.00
  MONTH TO DATE    1.98                      0.74   1.24     1.02
  SINCE DEC 1     36.81                     30.74   6.07    19.36
  SINCE JAN 1     35.09                     26.38   8.71    17.43

SNOWFALL (IN)
  YESTERDAY        0.0
  MONTH TO DATE    0.0
  SINCE JUN 1      0.0
  SINCE JUL 1      0.0
  SNOW DEPTH       0

DEGREE DAYS
 HEATING
  YESTERDAY        0                         0      0        0
  MONTH TO DATE    0                         0      0        0
  SINCE JUN 1      0                         0      0        0
  SINCE JUL 1      0                         0      0        0

 COOLING
  YESTERDAY       15                        16     -1       11
  MONTH TO DATE   73                        79     -6       60
  SINCE JUN 1    506                       457     49      382
  SINCE JAN 1    740                       674     66      589
..................................................................


WIND (MPH)
  HIGHEST WIND SPEED    18   HIGHEST WIND DIRECTION     S (160)
  HIGHEST GUST SPEED    24   HIGHEST GUST DIRECTION     S (160)
  AVERAGE WIND SPEED     3.4


SKY COVER
  POSSIBLE SUNSHINE  MM
  AVERAGE SKY COVER 0.4


WEATHER CONDITIONS
 THE FOLLOWING WEATHER WAS RECORDED YESTERDAY.
  THUNDERSTORM
  FOG
  HAZE


RELATIVE HUMIDITY (PERCENT)
 HIGHEST   100           100 AM
 LOWEST     60           400 PM
 AVERAGE    80

..........................................................


THE DE QUEEN CLIMATE NORMALS FOR TODAY
                         NORMAL    RECORD    YEAR
 MAXIMUM TEMPERATURE (F)   92       104      1954
 MINIMUM TEMPERATURE (F)   70        52      1972


SUNRISE AND SUNSET
JULY  6 2015..........SUNRISE   612 AM CDT   SUNSET   832 PM CDT
JULY  7 2015..........SUNRISE   613 AM CDT   SUNSET   832 PM CDT


-  INDICATES NEGATIVE NUMBERS.
R  INDICATES RECORD WAS SET OR TIED.
MM INDICATES DATA IS MISSING.
T  INDICATES TRACE AMOUNT.




$$
