000
CDUS44 KSHV 090929
CLIDEQ


CLIMATE REPORT
NATIONAL WEATHER SERVICE SHREVEPORT, LA
250 AM CST FRI DEC 9 2016


...................................

...THE DE QUEEN CLIMATE SUMMARY FOR DECEMBER 8 2016...

CLIMATE NORMAL PERIOD 1981 TO 2010
CLIMATE RECORD PERIOD 1902 TO 2016


WEATHER ITEM   OBSERVED TIME   RECORD YEAR NORMAL DEPARTURE LAST
                VALUE   (LST)  VALUE       VALUE  FROM      YEAR
                                                  NORMAL
..................................................................
TEMPERATURE (F)
 YESTERDAY
  MAXIMUM         40    327 PM  79    2007  57    -17       70
  MINIMUM         23   1159 PM  13    2006  31     -8       32
  AVERAGE         32                        44    -12       51

PRECIPITATION (IN)
  YESTERDAY        0.00          1.31 1997   0.11  -0.11     0.00
  MONTH TO DATE    0.87                      0.96  -0.09     0.00
  SINCE DEC 1      0.87                      0.96  -0.09     0.00
  SINCE JAN 1     35.70                     45.59  -9.89    50.05

SNOWFALL (IN)
  YESTERDAY        0.0
  MONTH TO DATE    0.0
  SINCE DEC 1      0.0
  SINCE JUL 1      0.0
  SNOW DEPTH       0

DEGREE DAYS
 HEATING
  YESTERDAY       33                        21     12       14
  MONTH TO DATE  158                       162     -4      156
  SINCE DEC 1    158                       162     -4      156
  SINCE JUL 1    472                       688   -216      497

 COOLING
  YESTERDAY        0                         0      0        0
  MONTH TO DATE    0                         0      0        0
  SINCE DEC 1      0                         0      0        0
  SINCE JAN 1   2239                      1941    298     2149
..................................................................


WIND (MPH)
  HIGHEST WIND SPEED    16   HIGHEST WIND DIRECTION     N (10)
  HIGHEST GUST SPEED    23   HIGHEST GUST DIRECTION     N (10)
  AVERAGE WIND SPEED     5.9


SKY COVER
  POSSIBLE SUNSHINE  MM
  AVERAGE SKY COVER 0.2


WEATHER CONDITIONS
 THE FOLLOWING WEATHER WAS RECORDED YESTERDAY.
  NO SIGNIFICANT WEATHER WAS OBSERVED.


RELATIVE HUMIDITY (PERCENT)
 HIGHEST    88          1100 PM
 LOWEST     33           300 PM
 AVERAGE    61

..........................................................


THE DE QUEEN CLIMATE NORMALS FOR TODAY
                         NORMAL    RECORD    YEAR
 MAXIMUM TEMPERATURE (F)   56        77      2012
                                             1943
 MINIMUM TEMPERATURE (F)   31        10      2005


SUNRISE AND SUNSET
DECEMBER  9 2016......SUNRISE   712 AM CST   SUNSET   508 PM CST
DECEMBER 10 2016......SUNRISE   713 AM CST   SUNSET   509 PM CST


-  INDICATES NEGATIVE NUMBERS.
R  INDICATES RECORD WAS SET OR TIED.
MM INDICATES DATA IS MISSING.
T  INDICATES TRACE AMOUNT.




$$
