000
CDUS44 KSHV 300808
CLIDEQ


CLIMATE REPORT
NATIONAL WEATHER SERVICE SHREVEPORT, LA
305 AM CDT SAT APR 30 2016


...................................

...THE DE QUEEN CLIMATE SUMMARY FOR APRIL 29 2016...

CLIMATE NORMAL PERIOD 1981 TO 2010
CLIMATE RECORD PERIOD 1902 TO 2016


WEATHER ITEM   OBSERVED TIME   RECORD YEAR NORMAL DEPARTURE LAST
                VALUE   (LST)  VALUE       VALUE  FROM      YEAR
                                                  NORMAL
..................................................................
TEMPERATURE (F)
 YESTERDAY
  MAXIMUM         72    413 PM  91    1955  77     -5       77
  MINIMUM         64    607 AM  36    1965  53     11       43
  AVERAGE         68                        65      3       60

PRECIPITATION (IN)
  YESTERDAY        6.07R         6.07 2016   0.17   5.90     0.00
  MONTH TO DATE   10.64                      3.74   6.90     2.65
  SINCE DEC 1     27.48                     19.74   7.74    17.94
  SINCE JAN 1     17.20                     15.38   1.82    16.22

SNOWFALL (IN)
  YESTERDAY        0.0
  MONTH TO DATE    0.0
  SINCE MAR 1      0.0
  SINCE JUL 1      0.0
  SNOW DEPTH       0

DEGREE DAYS
 HEATING
  YESTERDAY        0                         2     -2        5
  MONTH TO DATE   89                       151    -62       96
  SINCE MAR 1    343                       528   -185      443
  SINCE JUL 1   2295                      3019   -724     3095

 COOLING
  YESTERDAY        3                         2      1        0
  MONTH TO DATE   34                        36     -2       46
  SINCE MAR 1     42                        45     -3       48
  SINCE JAN 1     42                        47     -5       48
..................................................................


WIND (MPH)
  HIGHEST WIND SPEED    24   HIGHEST WIND DIRECTION    SE (120)
  HIGHEST GUST SPEED    35   HIGHEST GUST DIRECTION    NW (310)
  AVERAGE WIND SPEED     9.7


SKY COVER
  POSSIBLE SUNSHINE  MM
  AVERAGE SKY COVER 0.9


WEATHER CONDITIONS
 THE FOLLOWING WEATHER WAS RECORDED YESTERDAY.
  THUNDERSTORM
  HEAVY RAIN
  RAIN
  LIGHT RAIN
  FOG


RELATIVE HUMIDITY (PERCENT)
 HIGHEST   100           100 PM
 LOWEST     61           200 AM
 AVERAGE    81

..........................................................


THE DE QUEEN CLIMATE NORMALS FOR TODAY
                         NORMAL    RECORD    YEAR
 MAXIMUM TEMPERATURE (F)   77        92      1990
 MINIMUM TEMPERATURE (F)   53        36      1996


SUNRISE AND SUNSET
APRIL 30 2016.........SUNRISE   629 AM CDT   SUNSET   801 PM CDT
MAY  1 2016...........SUNRISE   628 AM CDT   SUNSET   802 PM CDT


-  INDICATES NEGATIVE NUMBERS.
R  INDICATES RECORD WAS SET OR TIED.
MM INDICATES DATA IS MISSING.
T  INDICATES TRACE AMOUNT.




$$
