000
CDUS46 KOTX 230823
CLIDEW


CLIMATE REPORT
NATIONAL WEATHER SERVICE SPOKANE, WA
122 AM PDT SAT JUL 23 2016


...................................

...THE DEER_PARK WA AIRPORT CLIMATE SUMMARY FOR JULY 22 2016...

CLIMATE NORMAL PERIOD 1981 TO 2010
CLIMATE RECORD PERIOD 9999 TO 9999


WEATHER ITEM   OBSERVED TIME   RECORD YEAR NORMAL DEPARTURE LAST
                VALUE   (LST)  VALUE       VALUE  FROM      YEAR
                                                  NORMAL
..................................................................
TEMPERATURE (F)
 YESTERDAY
  MAXIMUM         74    738 AM  MM      MM  85    -11       81
  MINIMUM         48   1148 PM  MM      MM  48      0       49
  AVERAGE         61                        67     -6       65

PRECIPITATION (IN)
  YESTERDAY        0.50         MM      MM   0.02   0.48     0.00
  MONTH TO DATE    1.54                      0.77   0.77     0.15
  SINCE OCT 1     22.57                     20.29   2.28    16.62
  SINCE JAN 1     13.58                     12.47   1.11    10.23

SNOWFALL (IN)
  YESTERDAY       MM

DEGREE DAYS
 HEATING
  YESTERDAY        4                         1      3        0
  MONTH TO DATE   79                        55     24        1
  SINCE JUN 1    250                       255     -5       79
  SINCE JUL 1     79                        55     24        1

 COOLING
  YESTERDAY        0                         3     -3        0
  MONTH TO DATE   16                        48    -32      139
  SINCE JUN 1     63                        65     -2      242
  SINCE JAN 1     63                        68     -5      253
..................................................................


WIND (MPH)
  HIGHEST WIND SPEED    33   HIGHEST WIND DIRECTION     W (280)
  HIGHEST GUST SPEED    44   HIGHEST GUST DIRECTION     W (280)
  AVERAGE WIND SPEED     5.1


SKY COVER
  POSSIBLE SUNSHINE  MM
  AVERAGE SKY COVER 0.4


WEATHER CONDITIONS
 THE FOLLOWING WEATHER WAS RECORDED YESTERDAY.
  THUNDERSTORM
  HEAVY RAIN
  RAIN
  LIGHT RAIN
  FOG


RELATIVE HUMIDITY (PERCENT)
 HIGHEST    93           800 PM
 LOWEST     52           300 AM
 AVERAGE    73

..........................................................


THE DEER_PARK WA AIRPORT CLIMATE NORMALS FOR TODAY
                         NORMAL    RECORD    YEAR
 MAXIMUM TEMPERATURE (F)   85        MM        MM
 MINIMUM TEMPERATURE (F)   48        MM        MM


SUNRISE AND SUNSET
JULY 23 2016..........SUNRISE   516 AM PDT   SUNSET   836 PM PDT
JULY 24 2016..........SUNRISE   517 AM PDT   SUNSET   835 PM PDT


-  INDICATES NEGATIVE NUMBERS.
R  INDICATES RECORD WAS SET OR TIED.
MM INDICATES DATA IS MISSING.
T  INDICATES TRACE AMOUNT.




$$
