112
CDUS46 KOTX 130857
CLIDEW


CLIMATE REPORT
NATIONAL WEATHER SERVICE SPOKANE, WA
1257 AM PST WED DEC 13 2017


...................................

...THE DEER_PARK WA AIRPORT CLIMATE SUMMARY FOR DECEMBER 12 2017...

CLIMATE NORMAL PERIOD 1981 TO 2010
CLIMATE RECORD PERIOD 9999 TO 9999


WEATHER ITEM   OBSERVED TIME   RECORD YEAR NORMAL DEPARTURE LAST
                VALUE   (LST)  VALUE       VALUE  FROM      YEAR
                                                  NORMAL
..................................................................
TEMPERATURE (F)
 YESTERDAY
  MAXIMUM         26    951 PM  MM      MM  32     -6       27
  MINIMUM         24   1249 AM  MM      MM  19      5        1
  AVERAGE         25                        25      0       14

PRECIPITATION (IN)
  YESTERDAY        0.00         MM      MM   0.08  -0.08     0.01
  MONTH TO DATE    0.28                      1.06  -0.78     0.45
  SINCE OCT 1      6.81                      6.01   0.80    10.28
  SINCE JAN 1     24.71                     20.45   4.26    24.85

SNOWFALL (IN)
  YESTERDAY       MM

DEGREE DAYS
 HEATING
  YESTERDAY       40                        40      0       51
  MONTH TO DATE  441                       459    -18      477
  SINCE DEC 1    441                       459    -18      477
  SINCE JUL 1   2233                      2462   -229     2118

 COOLING
  YESTERDAY        0                         0      0        0
  MONTH TO DATE    0                         0      0        0
  SINCE DEC 1      0                         0      0        0
  SINCE JAN 1    305                       187    118      212
..................................................................


WIND (MPH)
  HIGHEST WIND SPEED     8   HIGHEST WIND DIRECTION     N (20)
  HIGHEST GUST SPEED    10   HIGHEST GUST DIRECTION     N (10)
  AVERAGE WIND SPEED     2.6


SKY COVER
  POSSIBLE SUNSHINE  MM
  AVERAGE SKY COVER 1.0


WEATHER CONDITIONS
 THE FOLLOWING WEATHER WAS RECORDED YESTERDAY.
  FOG


RELATIVE HUMIDITY (PERCENT)
 HIGHEST   100           200 AM
 LOWEST     81           800 PM
 AVERAGE    91

..........................................................


THE DEER_PARK WA AIRPORT CLIMATE NORMALS FOR TODAY
                         NORMAL    RECORD    YEAR
 MAXIMUM TEMPERATURE (F)   32        MM        MM
 MINIMUM TEMPERATURE (F)   19        MM        MM


SUNRISE AND SUNSET
DECEMBER 13 2017......SUNRISE   731 AM PST   SUNSET   357 PM PST
DECEMBER 14 2017......SUNRISE   732 AM PST   SUNSET   357 PM PST


-  INDICATES NEGATIVE NUMBERS.
R  INDICATES RECORD WAS SET OR TIED.
MM INDICATES DATA IS MISSING.
T  INDICATES TRACE AMOUNT.




$$
