000
CDUS46 KOTX 240822
CLIDEW


CLIMATE REPORT
NATIONAL WEATHER SERVICE SPOKANE, WA
122 AM PDT TUE MAY 24 2016


...................................

...THE DEER_PARK WA AIRPORT CLIMATE SUMMARY FOR MAY 23 2016...

CLIMATE NORMAL PERIOD 1981 TO 2010
CLIMATE RECORD PERIOD 9999 TO 9999


WEATHER ITEM   OBSERVED TIME   RECORD YEAR NORMAL DEPARTURE LAST
                VALUE   (LST)  VALUE       VALUE  FROM      YEAR
                                                  NORMAL
..................................................................
TEMPERATURE (F)
 YESTERDAY
  MAXIMUM         53    313 PM  MM      MM  68    -15       84
  MINIMUM         45    646 AM  MM      MM  40      5       43
  AVERAGE         49                        54     -5       64

PRECIPITATION (IN)
  YESTERDAY        0.42         MM      MM   0.06   0.36     0.00
  MONTH TO DATE    1.25                      1.29  -0.04     0.61
  SINCE OCT 1     20.31                     17.01   3.30    14.42
  SINCE JAN 1     11.32                      9.19   2.13     8.03

SNOWFALL (IN)
  YESTERDAY       MM

DEGREE DAYS
 HEATING
  YESTERDAY       16                        11      5        1
  MONTH TO DATE  190                       322   -132      209
  SINCE MAR 1   1337                      1768   -431     1512
  SINCE JUL 1   5960                      7133  -1173     6081

 COOLING
  YESTERDAY        0                         0      0        0
  MONTH TO DATE    0                         0      0        4
  SINCE MAR 1      0                         0      0        4
  SINCE JAN 1      0                         0      0        4
..................................................................


WIND (MPH)
  HIGHEST WIND SPEED    15   HIGHEST WIND DIRECTION     S (200)
  HIGHEST GUST SPEED    19   HIGHEST GUST DIRECTION     S (200)
  AVERAGE WIND SPEED     6.6


SKY COVER
  POSSIBLE SUNSHINE  MM
  AVERAGE SKY COVER 1.0


WEATHER CONDITIONS
 THE FOLLOWING WEATHER WAS RECORDED YESTERDAY.
  LIGHT RAIN
  FOG


RELATIVE HUMIDITY (PERCENT)
 HIGHEST    93           800 AM
 LOWEST     59          1200 AM
 AVERAGE    76

..........................................................


THE DEER_PARK WA AIRPORT CLIMATE NORMALS FOR TODAY
                         NORMAL    RECORD    YEAR
 MAXIMUM TEMPERATURE (F)   68        MM        MM
 MINIMUM TEMPERATURE (F)   41        MM        MM


SUNRISE AND SUNSET
MAY 24 2016...........SUNRISE   500 AM PDT   SUNSET   833 PM PDT
MAY 25 2016...........SUNRISE   459 AM PDT   SUNSET   834 PM PDT


-  INDICATES NEGATIVE NUMBERS.
R  INDICATES RECORD WAS SET OR TIED.
MM INDICATES DATA IS MISSING.
T  INDICATES TRACE AMOUNT.




$$
