000
CDUS44 KFWD 102228
CLIDFW


CLIMATE REPORT
NATIONAL WEATHER SERVICE FORT WORTH TX
427 PM CST SUN DEC 10 2017


...................................

...THE DALLAS FORT WORTH CLIMATE SUMMARY FOR DECEMBER 10 2017...
VALID AS OF 0400 PM LOCAL TIME.

CLIMATE NORMAL PERIOD 1981 TO 2010
CLIMATE RECORD PERIOD 1898 TO 2017


WEATHER ITEM   OBSERVED TIME   RECORD YEAR NORMAL DEPARTURE LAST
                VALUE   (LST)  VALUE       VALUE  FROM      YEAR
                                                  NORMAL
..................................................................
TEMPERATURE (F)
 TODAY
  MAXIMUM         74    327 PM  84    1938  58     16       49
  MINIMUM         33    535 AM  11    1898  38     -5       33
  AVERAGE         54

PRECIPITATION (IN)
  TODAY            0.00          1.13 1998   0.09  -0.09     0.00
  MONTH TO DATE    0.29                      0.86  -0.57     0.55
  SINCE DEC 1      0.29                      0.86  -0.57     0.55
  SINCE JAN 1     32.35                     34.45  -2.10    35.43

SNOWFALL (IN)
  TODAY            0.0           1.4  1972   0.1   -0.1      0.0
  MONTH TO DATE    0.0                       0.1   -0.1      0.0
  SINCE DEC 1      0.0                       0.1   -0.1      0.0
  SINCE JUL 1      0.0                       0.1   -0.1      0.0
  SNOW DEPTH       0

..................................................................


WIND (MPH)
  HIGHEST WIND SPEED    14   HIGHEST WIND DIRECTION     W (270)
  HIGHEST GUST SPEED    18   HIGHEST GUST DIRECTION     W (290)
  AVERAGE WIND SPEED     6.4




..........................................................


THE DALLAS FORT WORTH CLIMATE NORMALS FOR TOMORROW
                         NORMAL    RECORD    YEAR
 MAXIMUM TEMPERATURE (F)   58        80      1996
                                             1938
 MINIMUM TEMPERATURE (F)   38        20      1914


SUNRISE AND SUNSET
DECEMBER 10 2017......SUNRISE   720 AM CST   SUNSET   522 PM CST
DECEMBER 11 2017......SUNRISE   721 AM CST   SUNSET   522 PM CST


-  INDICATES NEGATIVE NUMBERS.
R  INDICATES RECORD WAS SET OR TIED.
MM INDICATES DATA IS MISSING.
T  INDICATES TRACE AMOUNT.




$$
