000
CDUS44 KFWD 210641
CLIDFW

CLIMATE REPORT
NATIONAL WEATHER SERVICE FORT WORTH TX
141 AM CDT MON APR 21 2014


...................................

...THE DALLAS FORT WORTH CLIMATE SUMMARY FOR APRIL 20 2014...

CLIMATE NORMAL PERIOD 1981 TO 2010
CLIMATE RECORD PERIOD 1898 TO 2014


WEATHER ITEM   OBSERVED TIME   RECORD YEAR NORMAL DEPARTURE LAST
                VALUE   (LST)  VALUE       VALUE  FROM      YEAR
                                                  NORMAL
..................................................................
TEMPERATURE (F)
 YESTERDAY
  MAXIMUM         80    127 PM  94    1925  77      3       71
  MINIMUM         61    216 AM  40    1953  56      5       42
  AVERAGE         71                        67      4       57

PRECIPITATION (IN)
  YESTERDAY        0.57          1.52 1942   0.11   0.46     0.00
  MONTH TO DATE    1.66                      1.82  -0.16     1.95
  SINCE MAR 1      3.11                      5.31  -2.20     4.22
  SINCE JAN 1      3.85                     10.10  -6.25     9.96

SNOWFALL (IN)
  YESTERDAY        0.0           0.0    MM   0.0    0.0      0.0
  MONTH TO DATE    0.0                       0.0    0.0      0.0
  SINCE MAR 1      0.1                       0.2   -0.1      0.0
  SINCE JUL 1      2.9                       1.2    1.7      0.8
  SNOW DEPTH       0

DEGREE DAYS
 HEATING
  YESTERDAY        0                         2     -2        8
  MONTH TO DATE   94                        70     24      104
  SINCE MAR 1    415                       331     84      383
  SINCE JUL 1   2588                      2263    325     1973

 COOLING
  YESTERDAY        6                         4      2        0
  MONTH TO DATE   70                        54     16       62
  SINCE MAR 1     92                        86      6       83
  SINCE JAN 1     92                        93     -1       95
..................................................................


WIND (MPH)
  HIGHEST WIND SPEED    24   HIGHEST WIND DIRECTION     S (190)
  HIGHEST GUST SPEED    28   HIGHEST GUST DIRECTION     S (190)
  AVERAGE WIND SPEED    11.0


SKY COVER
  POSSIBLE SUNSHINE  MM
  AVERAGE SKY COVER 0.9


WEATHER CONDITIONS
 THE FOLLOWING WEATHER WAS RECORDED YESTERDAY.
  THUNDERSTORM
  HEAVY RAIN
  RAIN
  LIGHT RAIN
  FOG


RELATIVE HUMIDITY (PERCENT)
 HIGHEST    93           800 PM
 LOWEST     36           100 PM
 AVERAGE    65

..........................................................


THE DALLAS FORT WORTH CLIMATE NORMALS FOR TODAY
                         NORMAL    RECORD    YEAR
 MAXIMUM TEMPERATURE (F)   78        95      1955
 MINIMUM TEMPERATURE (F)   56        39      1918


SUNRISE AND SUNSET
APRIL 21 2014.........SUNRISE   651 AM CDT   SUNSET   803 PM CDT
APRIL 22 2014.........SUNRISE   650 AM CDT   SUNSET   803 PM CDT


-  INDICATES NEGATIVE NUMBERS.
R  INDICATES RECORD WAS SET OR TIED.
MM INDICATES DATA IS MISSING.
T  INDICATES TRACE AMOUNT.




$$
