000
CDUS44 KFWD 180639
CLIDFW

CLIMATE REPORT
NATIONAL WEATHER SERVICE FORT WORTH TX
1238 AM CST THU DEC 18 2014

...THE DALLAS FORT WORTH CLIMATE SUMMARY FOR DECEMBER 17 2014...

CLIMATE NORMAL PERIOD 1981 TO 2010
CLIMATE RECORD PERIOD 1898 TO 2014


WEATHER ITEM   OBSERVED TIME   RECORD YEAR NORMAL DEPARTURE LAST
                VALUE   (LST)  VALUE       VALUE  FROM      YEAR
                                                  NORMAL
..................................................................
TEMPERATURE (F)
 YESTERDAY
  MAXIMUM         47    153 PM  81    1908  56     -9       70
  MINIMUM         40    105 AM  14    1932  37      3       35
  AVERAGE         44                        46     -2       53

PRECIPITATION (IN)
  YESTERDAY        0.37          1.91 1984   0.08   0.29     0.00
  MONTH TO DATE    0.51                      1.44  -0.93     1.26
  SINCE DEC 1      0.51                      1.44  -0.93     1.26
  SINCE JAN 1     20.70                     35.03 -14.33    27.90

SNOWFALL (IN)
  YESTERDAY        0.0           T    1996   0.0    0.0      0.0
                                      1914
  MONTH TO DATE    0.0                       0.1   -0.1      2.1
  SINCE DEC 1      0.0                       0.1   -0.1      2.1
  SINCE JUL 1      T                         0.1   -0.1      2.1
  SNOW DEPTH       0

DEGREE DAYS
 HEATING
  YESTERDAY       21                        19      2       12
  MONTH TO DATE  196                       287    -91      383
  SINCE DEC 1    196                       287    -91      383
  SINCE JUL 1    614                       641    -27      784

 COOLING
  YESTERDAY        0                         0      0        0
  MONTH TO DATE    1                         0      1        0
  SINCE DEC 1      1                         0      1        0
  SINCE JAN 1   2952                      2752    200     2930
..................................................................


WIND (MPH)
  HIGHEST WIND SPEED    18   HIGHEST WIND DIRECTION    SE (120)
  HIGHEST GUST SPEED    21   HIGHEST GUST DIRECTION    SE (120)
  AVERAGE WIND SPEED     7.1


SKY COVER
  POSSIBLE SUNSHINE  MM
  AVERAGE SKY COVER 1.0


WEATHER CONDITIONS
 THE FOLLOWING WEATHER WAS RECORDED YESTERDAY.
  THUNDERSTORM
  HEAVY RAIN
  RAIN
  LIGHT RAIN
  FOG


RELATIVE HUMIDITY (PERCENT)
 HIGHEST    96           800 PM
 LOWEST     58           800 AM
 AVERAGE    77

..........................................................


THE DALLAS FORT WORTH CLIMATE NORMALS FOR TODAY
                         NORMAL    RECORD    YEAR
 MAXIMUM TEMPERATURE (F)   56        81      1980
                                             1977
 MINIMUM TEMPERATURE (F)   36        15      1964


SUNRISE AND SUNSET
DECEMBER 18 2014......SUNRISE   725 AM CST   SUNSET   524 PM CST
DECEMBER 19 2014......SUNRISE   726 AM CST   SUNSET   525 PM CST


-  INDICATES NEGATIVE NUMBERS.
R  INDICATES RECORD WAS SET OR TIED.
MM INDICATES DATA IS MISSING.
T  INDICATES TRACE AMOUNT.

$$
