000
CDUS44 KFWD 250648
CLIDFW


CLIMATE REPORT
NATIONAL WEATHER SERVICE FORT WORTH TX
147 AM CDT SUN SEP 25 2016

...THE DALLAS FORT WORTH CLIMATE SUMMARY FOR SEPTEMBER 24 2016...

CLIMATE NORMAL PERIOD 1981 TO 2010
CLIMATE RECORD PERIOD 1898 TO 2016


WEATHER ITEM   OBSERVED TIME   RECORD YEAR NORMAL DEPARTURE LAST
                VALUE   (LST)  VALUE       VALUE  FROM      YEAR
                                                  NORMAL
..................................................................
TEMPERATURE (F)
 YESTERDAY
  MAXIMUM         91    219 PM  99    1907  85      6       93
  MINIMUM         75    828 PM  49    1989  64     11       70
  AVERAGE         83                        75      8       82

PRECIPITATION (IN)
  YESTERDAY        0.38          1.45 1968   0.09   0.29     0.00
  MONTH TO DATE    0.86                      2.09  -1.23     2.14
  SINCE SEP 1      0.86                      2.09  -1.23     2.14
  SINCE JAN 1     29.53                     26.20   3.33    39.10

DEGREE DAYS
 HEATING
  YESTERDAY        0                         0      0        0
  MONTH TO DATE    0                         0      0        0
  SINCE SEP 1      0                         0      0        0
  SINCE JUL 1      0                         0      0        0

 COOLING
  YESTERDAY       18                        10      8       17
  MONTH TO DATE  460                       340    120      445
  SINCE SEP 1    460                       340    120      445
  SINCE JAN 1   2811                      2522    289     2677
..................................................................


WIND (MPH)
  HIGHEST WIND SPEED    40   HIGHEST WIND DIRECTION     S (190)
  HIGHEST GUST SPEED    45   HIGHEST GUST DIRECTION     S (190)
  AVERAGE WIND SPEED    11.8


SKY COVER
  POSSIBLE SUNSHINE  MM
  AVERAGE SKY COVER 0.6


WEATHER CONDITIONS
 THE FOLLOWING WEATHER WAS RECORDED YESTERDAY.
  THUNDERSTORM
  HEAVY RAIN
  LIGHT RAIN
  FOG
  HAZE


RELATIVE HUMIDITY (PERCENT)
 HIGHEST    87           800 PM
 LOWEST     52           500 PM
 AVERAGE    70

..........................................................


THE DALLAS FORT WORTH CLIMATE NORMALS FOR TODAY
                         NORMAL    RECORD    YEAR
 MAXIMUM TEMPERATURE (F)   85       102      2005
 MINIMUM TEMPERATURE (F)   64        44      1989


SUNRISE AND SUNSET
SEPTEMBER 25 2016.....SUNRISE   719 AM CDT   SUNSET   720 PM CDT
SEPTEMBER 26 2016.....SUNRISE   719 AM CDT   SUNSET   719 PM CDT


-  INDICATES NEGATIVE NUMBERS.
R  INDICATES RECORD WAS SET OR TIED.
MM INDICATES DATA IS MISSING.
T  INDICATES TRACE AMOUNT.




$$
