000
CDUS44 KFWD 290643
CLIDFW

CLIMATE REPORT
NATIONAL WEATHER SERVICE FORT WORTH TX
1242 AM CST SAT NOV 29 2014


...................................

...THE DALLAS FORT WORTH CLIMATE SUMMARY FOR NOVEMBER 28 2014...

CLIMATE NORMAL PERIOD 1981 TO 2010
CLIMATE RECORD PERIOD 1898 TO 2014


WEATHER ITEM   OBSERVED TIME   RECORD YEAR NORMAL DEPARTURE LAST
                VALUE   (LST)  VALUE       VALUE  FROM      YEAR
                                                  NORMAL
..................................................................
TEMPERATURE (F)
 YESTERDAY
  MAXIMUM         69    359 PM  81    1949  62      7       52
                                      1926
  MINIMUM         39    608 AM  24    1976  41     -2       29
                                      1955
  AVERAGE         54                        52      2       41

PRECIPITATION (IN)
  YESTERDAY        0.00          1.68 1919   0.08  -0.08     0.00
  MONTH TO DATE    2.13                      2.56  -0.43     2.12
  SINCE SEP 1      4.28                      9.33  -5.05     7.97
  SINCE JAN 1     20.19                     33.44 -13.25    26.64

SNOWFALL (IN)
  YESTERDAY        0.0           T    2001   0.0    0.0      0.0
                                      1995
                                      1976
  MONTH TO DATE    T                         0.0    0.0       T
  SINCE SEP 1      T                         0.0    0.0       T
  SINCE JUL 1      T                         0.0    0.0       T
  SNOW DEPTH       0

DEGREE DAYS
 HEATING
  YESTERDAY       11                        14     -3       24
  MONTH TO DATE  403                       253    150      325
  SINCE SEP 1    416                       325     91      369
  SINCE JUL 1    416                       325     91      369

 COOLING
  YESTERDAY        0                         0      0        0
  MONTH TO DATE    0                        27    -27       18
  SINCE SEP 1    690                       568    122      702
  SINCE JAN 1   2946                      2750    196     2930
..................................................................


WIND (MPH)
  HIGHEST WIND SPEED    28   HIGHEST WIND DIRECTION     S (200)
  HIGHEST GUST SPEED    33   HIGHEST GUST DIRECTION     S (190)
  AVERAGE WIND SPEED    14.7


SKY COVER
  POSSIBLE SUNSHINE  MM
  AVERAGE SKY COVER 0.1


WEATHER CONDITIONS
 THE FOLLOWING WEATHER WAS RECORDED YESTERDAY.
  NO SIGNIFICANT WEATHER WAS OBSERVED.


RELATIVE HUMIDITY (PERCENT)
 HIGHEST    67          1100 PM
 LOWEST     49           200 PM
 AVERAGE    58

..........................................................


THE DALLAS FORT WORTH CLIMATE NORMALS FOR TODAY
                         NORMAL    RECORD    YEAR
 MAXIMUM TEMPERATURE (F)   61        83      1927
 MINIMUM TEMPERATURE (F)   41        22      1976


SUNRISE AND SUNSET
NOVEMBER 29 2014......SUNRISE   711 AM CST   SUNSET   522 PM CST
NOVEMBER 30 2014......SUNRISE   712 AM CST   SUNSET   522 PM CST


-  INDICATES NEGATIVE NUMBERS.
R  INDICATES RECORD WAS SET OR TIED.
MM INDICATES DATA IS MISSING.
T  INDICATES TRACE AMOUNT.




$$
