000
CDUS44 KFWD 220657
CLIDFW


CLIMATE REPORT
NATIONAL WEATHER SERVICE FORT WORTH TX
155 AM CDT THU JUN 22 2017


...................................

...THE DALLAS FORT WORTH CLIMATE SUMMARY FOR JUNE 21 2017...

CLIMATE NORMAL PERIOD 1981 TO 2010
CLIMATE RECORD PERIOD 1898 TO 2017


WEATHER ITEM   OBSERVED TIME   RECORD YEAR NORMAL DEPARTURE LAST
                VALUE   (LST)  VALUE       VALUE  FROM      YEAR
                                                  NORMAL
..................................................................
TEMPERATURE (F)
 YESTERDAY
  MAXIMUM         94    314 PM 107    1936  93      1       98
  MINIMUM         74    515 AM  58    1976  73      1       80
  AVERAGE         84                        82      2       89

PRECIPITATION (IN)
  YESTERDAY        0.00          2.84 2011   0.12  -0.12     0.00
  MONTH TO DATE    3.95                      2.81   1.14     3.60
  SINCE JUN 1      3.95                      2.81   1.14     3.60
  SINCE JAN 1     15.81                     19.06  -3.25    20.36

DEGREE DAYS
 HEATING
  YESTERDAY        0                         0      0        0
  MONTH TO DATE    0                         0      0        0
  SINCE JUN 1      0                         0      0        0
  SINCE JUL 1   1305                      2284   -979     1592

 COOLING
  YESTERDAY       19                        18      1       24
  MONTH TO DATE  371                       327     44      372
  SINCE JUN 1    371                       327     44      372
  SINCE JAN 1   1053                       749    304      795
..................................................................


WIND (MPH)
  HIGHEST WIND SPEED    18   HIGHEST WIND DIRECTION     E (70)
  HIGHEST GUST SPEED    23   HIGHEST GUST DIRECTION    NE (60)
  AVERAGE WIND SPEED     8.8


SKY COVER
  POSSIBLE SUNSHINE  MM
  AVERAGE SKY COVER 0.5


WEATHER CONDITIONS
 THE FOLLOWING WEATHER WAS RECORDED YESTERDAY.
  NO SIGNIFICANT WEATHER WAS OBSERVED.


RELATIVE HUMIDITY (PERCENT)
 HIGHEST    79           500 AM
 LOWEST     33           200 PM
 AVERAGE    56

..........................................................


THE DALLAS FORT WORTH CLIMATE NORMALS FOR TODAY
                         NORMAL    RECORD    YEAR
 MAXIMUM TEMPERATURE (F)   93       103      1953
                                             1936
 MINIMUM TEMPERATURE (F)   73        58      1902


SUNRISE AND SUNSET
JUNE 22 2017..........SUNRISE   621 AM CDT   SUNSET   840 PM CDT
JUNE 23 2017..........SUNRISE   621 AM CDT   SUNSET   840 PM CDT


-  INDICATES NEGATIVE NUMBERS.
R  INDICATES RECORD WAS SET OR TIED.
MM INDICATES DATA IS MISSING.
T  INDICATES TRACE AMOUNT.




$$
