000
CDUS44 KFWD 210650
CLIDFW

CLIMATE REPORT
NATIONAL WEATHER SERVICE FORT WORTH TX
150 AM CDT MON AUG 21 2017

...................................

...THE DALLAS FORT WORTH CLIMATE SUMMARY FOR AUGUST 20 2017...

CLIMATE NORMAL PERIOD 1981 TO 2010
CLIMATE RECORD PERIOD 1898 TO 2017


WEATHER ITEM   OBSERVED TIME   RECORD YEAR NORMAL DEPARTURE LAST
                VALUE   (LST)  VALUE       VALUE  FROM      YEAR
                                                  NORMAL
..................................................................
TEMPERATURE (F)
 YESTERDAY
  MAXIMUM         98    204 PM 107    2011  96      2       83
  MINIMUM         81    607 AM  58    1940  75      6       73
  AVERAGE         90                        86      4       78

PRECIPITATION (IN)
  YESTERDAY        0.00          1.53 1977   0.07  -0.07     1.15
  MONTH TO DATE    3.38                      1.10   2.28     4.26
  SINCE JUN 1     15.94                      7.05   8.89    11.75
  SINCE JAN 1     27.80                     23.30   4.50    28.51

DEGREE DAYS
 HEATING
  YESTERDAY        0                         0      0        0
  MONTH TO DATE    0                         0      0        0
  SINCE JUN 1      0                         0      0        0
  SINCE JUL 1      0                         0      0        0

 COOLING
  YESTERDAY       25                        21      4       13
  MONTH TO DATE  417                       420     -3      444
  SINCE JUN 1   1626                      1542     84     1719
  SINCE JAN 1   2308                      1964    344     2142
..................................................................


WIND (MPH)
  HIGHEST WIND SPEED    16   HIGHEST WIND DIRECTION    SE (140)
  HIGHEST GUST SPEED    22   HIGHEST GUST DIRECTION    SE (140)
  AVERAGE WIND SPEED    10.1


SKY COVER
  POSSIBLE SUNSHINE  MM
  AVERAGE SKY COVER 0.4


WEATHER CONDITIONS
 THE FOLLOWING WEATHER WAS RECORDED YESTERDAY.
  NO SIGNIFICANT WEATHER WAS OBSERVED.


RELATIVE HUMIDITY (PERCENT)
 HIGHEST    65           200 AM
 LOWEST     42           100 PM
 AVERAGE    54

..........................................................


THE DALLAS FORT WORTH CLIMATE NORMALS FOR TODAY
                         NORMAL    RECORD    YEAR
 MAXIMUM TEMPERATURE (F)   96       105      1948
 MINIMUM TEMPERATURE (F)   75        62      1940
                                             1927


SUNRISE AND SUNSET
AUGUST 21 2017........SUNRISE   656 AM CDT   SUNSET   806 PM CDT
AUGUST 22 2017........SUNRISE   656 AM CDT   SUNSET   805 PM CDT


-  INDICATES NEGATIVE NUMBERS.
R  INDICATES RECORD WAS SET OR TIED.
MM INDICATES DATA IS MISSING.
T  INDICATES TRACE AMOUNT.

$$
