000
CDUS44 KFWD 250643
CLIDFW

CLIMATE REPORT
NATIONAL WEATHER SERVICE FORT WORTH TX
142 AM CDT SAT OCT 25 2014

...THE DALLAS FORT WORTH CLIMATE SUMMARY FOR OCTOBER 24 2014...

CLIMATE NORMAL PERIOD 1981 TO 2010
CLIMATE RECORD PERIOD 1898 TO 2014


WEATHER ITEM   OBSERVED TIME   RECORD YEAR NORMAL DEPARTURE LAST
                VALUE   (LST)  VALUE       VALUE  FROM      YEAR
                                                  NORMAL
..................................................................
TEMPERATURE (F)
 YESTERDAY
  MAXIMUM         84    406 PM  90    2003  76      8       80
  MINIMUM         60    641 AM  34    1917  54      6       53
  AVERAGE         72                        65      7       67

PRECIPITATION (IN)
  YESTERDAY        0.00          2.76 1949   0.14  -0.14     0.00
  MONTH TO DATE    2.09                      3.20  -1.11     1.77
  SINCE SEP 1      2.15                      5.75  -3.60     4.49
  SINCE JAN 1     18.06                     29.86 -11.80    23.16

SNOWFALL (IN)
  YESTERDAY        0.0           0.0    MM   0.0    0.0      0.0
  MONTH TO DATE    0.0                       0.0    0.0      0.0
  SINCE SEP 1      0.0                       0.0    0.0      0.0
  SINCE JUL 1      0.0                       0.0    0.0      0.0
  SNOW DEPTH       0

DEGREE DAYS
 HEATING
  YESTERDAY        0                         3     -3        0
  MONTH TO DATE    4                        39    -35       37
  SINCE SEP 1      5                        45    -40       37
  SINCE JUL 1      5                        45    -40       37

 COOLING
  YESTERDAY        7                         3      4        2
  MONTH TO DATE  186                       126     60      136
  SINCE SEP 1    651                       521    130      668
  SINCE JAN 1   2907                      2703    204     2896
..................................................................


WIND (MPH)
  HIGHEST WIND SPEED    15   HIGHEST WIND DIRECTION     S (170)
  HIGHEST GUST SPEED    18   HIGHEST GUST DIRECTION     S (180)
  AVERAGE WIND SPEED     7.9


SKY COVER
  POSSIBLE SUNSHINE  MM
  AVERAGE SKY COVER 0.3


WEATHER CONDITIONS
 THE FOLLOWING WEATHER WAS RECORDED YESTERDAY.
  NO SIGNIFICANT WEATHER WAS OBSERVED.


RELATIVE HUMIDITY (PERCENT)
 HIGHEST    84           300 AM
 LOWEST     44           300 PM
 AVERAGE    64

..........................................................


THE DALLAS FORT WORTH CLIMATE NORMALS FOR TODAY
                         NORMAL    RECORD    YEAR
 MAXIMUM TEMPERATURE (F)   76        89      1992
                                             1950
                                             1927
 MINIMUM TEMPERATURE (F)   54        35      1980
                                             1955


SUNRISE AND SUNSET
OCTOBER 25 2014.......SUNRISE   740 AM CDT   SUNSET   644 PM CDT
OCTOBER 26 2014.......SUNRISE   741 AM CDT   SUNSET   643 PM CDT


-  INDICATES NEGATIVE NUMBERS.
R  INDICATES RECORD WAS SET OR TIED.
MM INDICATES DATA IS MISSING.
T  INDICATES TRACE AMOUNT.




$$
