000
CDUS43 KDDC 301024
CLIDGC


CLIMATE REPORT
NATIONAL WEATHER SERVICE DODGE CITY KS
523 AM CDT TUE SEP 30 2014


...................................

...THE DODGE CITY KS CLIMATE SUMMARY FOR SEPTEMBER 29 2014...

CLIMATE NORMAL PERIOD 1981 TO 2010
CLIMATE RECORD PERIOD 1875 TO 2014


WEATHER ITEM   OBSERVED TIME   RECORD YEAR NORMAL DEPARTURE LAST
                VALUE   (LST)  VALUE       VALUE  FROM      YEAR
                                                  NORMAL
..................................................................
TEMPERATURE (F)
 YESTERDAY
  MAXIMUM         85    300 PM  99    1994  77      8       77
  MINIMUM         56    558 AM  30    1895  50      6       44
  AVERAGE         71                        63      8       61

PRECIPITATION (IN)
  YESTERDAY        0.00          1.17 1904   0.05  -0.05     0.00
  MONTH TO DATE    1.66                      1.63   0.03     1.12
  SINCE SEP 1      1.66                      1.63   0.03     1.12
  SINCE JAN 1     19.89                     18.22   1.67    16.60

SNOWFALL (IN)
  YESTERDAY        0.0           0.0  2002   0.0    0.0      0.0
                                      2001
  MONTH TO DATE    0.0                       0.0    0.0      0.0
  SINCE SEP 1      0.0                       0.0    0.0      0.0
  SINCE JUL 1      0.0                       0.0    0.0      0.0
  SNOW DEPTH       0

DEGREE DAYS
 HEATING
  YESTERDAY        0                         5     -5        4
  MONTH TO DATE   49                        56     -7       16
  SINCE SEP 1     49                        56     -7       16
  SINCE JUL 1     62                        60      2       16

 COOLING
  YESTERDAY        6                         3      3        0
  MONTH TO DATE  187                       184      3      246
  SINCE SEP 1    187                       184      3      246
  SINCE JAN 1   1432                      1430      2     1610
..................................................................


WIND (MPH)
  HIGHEST WIND SPEED    29   HIGHEST WIND DIRECTION     S (160)
  HIGHEST GUST SPEED    35   HIGHEST GUST DIRECTION     S (170)
  AVERAGE WIND SPEED    14.2


SKY COVER
  POSSIBLE SUNSHINE  MM
  AVERAGE SKY COVER 0.1


WEATHER CONDITIONS
 THE FOLLOWING WEATHER WAS RECORDED YESTERDAY.
  HAZE


RELATIVE HUMIDITY (PERCENT)
 HIGHEST    86           600 AM
 LOWEST     31           200 PM
 AVERAGE    59

..........................................................


THE DODGE CITY KS CLIMATE NORMALS FOR TODAY
                         NORMAL    RECORD    YEAR
 MAXIMUM TEMPERATURE (F)   76        96      1994
 MINIMUM TEMPERATURE (F)   50        29      1985


SUNRISE AND SUNSET
SEPTEMBER 30 2014.....SUNRISE   735 AM CDT   SUNSET   724 PM CDT
OCTOBER  1 2014.......SUNRISE   735 AM CDT   SUNSET   723 PM CDT


-  INDICATES NEGATIVE NUMBERS.
R  INDICATES RECORD WAS SET OR TIED.
MM INDICATES DATA IS MISSING.
T  INDICATES TRACE AMOUNT.




$$
