000
CDUS43 KDDC 250707
CLIDGC


CLIMATE REPORT
NATIONAL WEATHER SERVICE DODGE CITY KS
105 AM CST SAT NOV 25 2017


...................................

...THE DODGE CITY KS CLIMATE SUMMARY FOR NOVEMBER 24 2017...

CLIMATE NORMAL PERIOD 1981 TO 2010
CLIMATE RECORD PERIOD 1875 TO 2017


WEATHER ITEM   OBSERVED TIME   RECORD YEAR NORMAL DEPARTURE LAST
                VALUE   (LST)  VALUE       VALUE  FROM      YEAR
                                                  NORMAL
..................................................................
TEMPERATURE (F)
 YESTERDAY
  MAXIMUM         82R   243 PM  80    1990  51     31       61
  MINIMUM         40    650 AM   5    1938  26     14       28
  AVERAGE         61                        39     22       45

PRECIPITATION (IN)
  YESTERDAY        T             0.56 1992   0.02  -0.02     0.00
  MONTH TO DATE    0.01                      0.63  -0.62     0.36
  SINCE SEP 1      1.92                      4.04  -2.12     0.76
  SINCE JAN 1     25.57                     20.63   4.94    22.77

SNOWFALL (IN)
  YESTERDAY       MM            12.1  1992   0.1   MM        0.0
  MONTH TO DATE    0.0                       1.2   -1.2      0.0
  SINCE SEP 1      0.0                       1.6   -1.6      0.0
  SINCE JUL 1      0.0                       1.6   -1.6      0.0
  SNOW DEPTH       0

DEGREE DAYS
 HEATING
  YESTERDAY        4                        26    -22       20
  MONTH TO DATE  461                       492    -31      323
  SINCE SEP 1    752                       844    -92      471
  SINCE JUL 1    752                       848    -96      471

 COOLING
  YESTERDAY        0                         0      0        0
  MONTH TO DATE    0                         0      0        0
  SINCE SEP 1    288                       216     72      326
  SINCE JAN 1   1520                      1462     58     1580
..................................................................


WIND (MPH)
  HIGHEST WIND SPEED    22   HIGHEST WIND DIRECTION     N (20)
  HIGHEST GUST SPEED    29   HIGHEST GUST DIRECTION     N (20)
  AVERAGE WIND SPEED    10.2


SKY COVER
  POSSIBLE SUNSHINE  MM
  AVERAGE SKY COVER 0.1


WEATHER CONDITIONS
 THE FOLLOWING WEATHER WAS RECORDED YESTERDAY.
  LIGHT RAIN


RELATIVE HUMIDITY (PERCENT)
 HIGHEST    70           700 AM
 LOWEST     21           300 PM
 AVERAGE    46

..........................................................


THE DODGE CITY KS CLIMATE NORMALS FOR TODAY
                         NORMAL    RECORD    YEAR
 MAXIMUM TEMPERATURE (F)   51        82      1995
                                             1990
 MINIMUM TEMPERATURE (F)   26         3      1993


SUNRISE AND SUNSET
NOVEMBER 25 2017......SUNRISE   731 AM CST   SUNSET   523 PM CST
NOVEMBER 26 2017......SUNRISE   732 AM CST   SUNSET   522 PM CST


-  INDICATES NEGATIVE NUMBERS.
R  INDICATES RECORD WAS SET OR TIED.
MM INDICATES DATA IS MISSING.
T  INDICATES TRACE AMOUNT.




$$
