000
CDUS43 KDDC 061433
CLIDGC


CLIMATE REPORT
NATIONAL WEATHER SERVICE DODGE CITY KS
833 AM CST FRI MAR 6 2015


...................................

...THE DODGE CITY KS CLIMATE SUMMARY FOR MARCH 6 2015...
VALID AS OF 0800 AM LOCAL TIME.

CLIMATE NORMAL PERIOD 1981 TO 2010
CLIMATE RECORD PERIOD 1875 TO 2015


WEATHER ITEM   OBSERVED TIME   RECORD YEAR NORMAL DEPARTURE LAST
                VALUE   (LST)  VALUE       VALUE  FROM      YEAR
                                                  NORMAL
..................................................................
TEMPERATURE (F)
 TODAY
  MAXIMUM         33    249 AM  88    1925  55    -22       66
  MINIMUM         25    730 AM  -5    1943  28     -3       23
  AVERAGE         29                        41    -12       45

PRECIPITATION (IN)
  TODAY            0.00          1.07 1990   0.04  -0.04     0.00
  MONTH TO DATE    T                         0.23  -0.23     0.24
  SINCE MAR 1      T                         0.23  -0.23     0.24
  SINCE JAN 1      1.30                      1.49  -0.19     1.08

SNOWFALL (IN)
  TODAY            0.0           4.4  1958   0.2   -0.2      0.0
  MONTH TO DATE    T                         0.9   -0.9      3.6
  SINCE MAR 1      T                         0.9   -0.9      3.6
  SINCE JUL 1     21.4                      16.0    5.4     28.1
  SNOW DEPTH       0

..................................................................


WIND (MPH)
  HIGHEST WIND SPEED    14   HIGHEST WIND DIRECTION    SW (220)
  HIGHEST GUST SPEED    17   HIGHEST GUST DIRECTION    SW (230)
  AVERAGE WIND SPEED     9.5



WEATHER CONDITIONS
 THE FOLLOWING WEATHER WAS RECORDED TODAY.
  NO SIGNIFICANT WEATHER WAS OBSERVED.


RELATIVE HUMIDITY (PERCENT)
 HIGHEST    75           600 AM
 LOWEST     49           300 AM

..........................................................


THE DODGE CITY KS CLIMATE NORMALS FOR TOMORROW
                         NORMAL    RECORD    YEAR
 MAXIMUM TEMPERATURE (F)   55        85      1879
 MINIMUM TEMPERATURE (F)   29       -10      1920


SUNRISE AND SUNSET
MARCH  6 2015.........SUNRISE   705 AM CST   SUNSET   638 PM CST
MARCH  7 2015.........SUNRISE   703 AM CST   SUNSET   639 PM CST


-  INDICATES NEGATIVE NUMBERS.
R  INDICATES RECORD WAS SET OR TIED.
MM INDICATES DATA IS MISSING.
T  INDICATES TRACE AMOUNT.




$$
