000
CDUS45 KCYS 210321
CLIDGW


CLIMATE REPORT
NATIONAL WEATHER SERVICE CHEYENNE WY
921 PM MDT SAT SEP 20 2014


...................................

...THE DOUGLAS WY AIRPORT CLIMATE SUMMARY FOR SEPTEMBER 20 2014...
VALID TODAY AS OF 0900 PM LOCAL TIME.

CLIMATE NORMAL PERIOD 1981 TO 2010
CLIMATE RECORD PERIOD 1998 TO 2014


WEATHER ITEM   OBSERVED TIME   RECORD YEAR NORMAL DEPARTURE LAST
                VALUE   (LST)  VALUE       VALUE  FROM      YEAR
                                                  NORMAL
..................................................................
TEMPERATURE (F)
 TODAY
  MAXIMUM         79    140 PM  88    2007  73      6       74
  MINIMUM         44    617 AM  33    2011  40      4       35
  AVERAGE         62                        56      6       55

PRECIPITATION (IN)
  TODAY            0.00          0.81 2009   0.05  -0.05     0.00
  MONTH TO DATE    0.48                      0.81  -0.33     0.60
  SINCE JAN 1     11.16                     10.86   0.30     6.82

DEGREE DAYS
 HEATING
  TODAY            3                         9     -6       10
  MONTH TO DATE  137                       112     25       47
  SINCE SEP 1    137                       112     25       47
  SINCE JUL 1    174                       153     21       47

 COOLING
  TODAY            0                         0      0        0
  MONTH TO DATE   15                        27    -12       86
  SINCE SEP 1     15                        27    -12       86
  SINCE JAN 1    392                       485    -93      737
..................................................................


WIND (MPH)
  HIGHEST WIND SPEED    20   HIGHEST WIND DIRECTION     N (360)
  HIGHEST GUST SPEED    24   HIGHEST GUST DIRECTION     N (20)
  AVERAGE WIND SPEED     7.5


SKY COVER
  AVERAGE SKY COVER 0.0


WEATHER CONDITIONS
 THE FOLLOWING WEATHER WAS RECORDED TODAY.
  NO SIGNIFICANT WEATHER WAS OBSERVED.


RELATIVE HUMIDITY (PERCENT)
 HIGHEST    92           500 AM
 LOWEST     25           200 PM
 AVERAGE    59

..........................................................


THE DOUGLAS WY AIRPORT CLIMATE NORMALS FOR TOMORROW
                         NORMAL    RECORD    YEAR
 MAXIMUM TEMPERATURE (F)   72        87      2013
 MINIMUM TEMPERATURE (F)   39        25      2011


SUNRISE AND SUNSET
SEPTEMBER 20 2014.....SUNRISE   647 AM MDT   SUNSET   702 PM MDT
SEPTEMBER 21 2014.....SUNRISE   648 AM MDT   SUNSET   700 PM MDT


-  INDICATES NEGATIVE NUMBERS.
R  INDICATES RECORD WAS SET OR TIED.
MM INDICATES DATA IS MISSING.
T  INDICATES TRACE AMOUNT.




$$
