000
CDUS45 KCYS 232123
CLIDGW


CLIMATE REPORT
NATIONAL WEATHER SERVICE CHEYENNE WY
323 PM MDT WED APR 23 2014


...................................

...THE DOUGLAS WY AIRPORT CLIMATE SUMMARY FOR APRIL 23 2014...
VALID AS OF 0300 PM LOCAL TIME.

CLIMATE NORMAL PERIOD 1981 TO 2010
CLIMATE RECORD PERIOD 1998 TO 2014


WEATHER ITEM   OBSERVED TIME   RECORD YEAR NORMAL DEPARTURE LAST
                VALUE   (LST)  VALUE       VALUE  FROM      YEAR
                                                  NORMAL
..................................................................
TEMPERATURE (F)
 TODAY
  MAXIMUM         60    115 PM  85    2012  60      0       41
  MINIMUM         48    723 AM  13    2013  31     17       13
  AVERAGE         54                        46      8       27

PRECIPITATION (IN)
  TODAY            0.00          0.84 2003   0.06  -0.06     0.00
  MONTH TO DATE    0.73                      1.06  -0.33     1.85
  SINCE JAN 1      2.97                      2.70   0.27     2.82

DEGREE DAYS
 HEATING
  TODAY           11                        19     -8       38
  MONTH TO DATE  483                       512    -29      694
  SINCE MAR 1   1375                      1430    -55     1607
  SINCE JUL 1   6965                      6830    135     6638

 COOLING
  TODAY            0                         0      0        0
  MONTH TO DATE    0                         0      0        0
  SINCE MAR 1      0                         0      0        0
  SINCE JAN 1      0                         0      0        0
..................................................................


WIND (MPH)
  HIGHEST WIND SPEED    40   HIGHEST WIND DIRECTION     W (270)
  HIGHEST GUST SPEED    52   HIGHEST GUST DIRECTION     W (280)
  AVERAGE WIND SPEED    20.7


SKY COVER
  AVERAGE SKY COVER 0.0


WEATHER CONDITIONS
 THE FOLLOWING WEATHER WAS RECORDED TODAY.
  NO SIGNIFICANT WEATHER WAS OBSERVED.


RELATIVE HUMIDITY (PERCENT)
 HIGHEST    61           100 AM
 LOWEST     15          1200 PM
 AVERAGE    38

..........................................................


THE DOUGLAS WY AIRPORT CLIMATE NORMALS FOR TOMORROW
                         NORMAL    RECORD    YEAR
 MAXIMUM TEMPERATURE (F)   60        87      2012
 MINIMUM TEMPERATURE (F)   32        20      2013


SUNRISE AND SUNSET
APRIL 23 2014.........SUNRISE   607 AM MDT   SUNSET   753 PM MDT
APRIL 24 2014.........SUNRISE   606 AM MDT   SUNSET   754 PM MDT


-  INDICATES NEGATIVE NUMBERS.
R  INDICATES RECORD WAS SET OR TIED.
MM INDICATES DATA IS MISSING.
T  INDICATES TRACE AMOUNT.




$$
