000
CDUS45 KCYS 010733
CLIDGW


CLIMATE REPORT
NATIONAL WEATHER SERVICE CHEYENNE WY
132 AM MDT WED OCT 1 2014


...................................

...THE DOUGLAS WY AIRPORT CLIMATE SUMMARY FOR SEPTEMBER 30 2014...

CLIMATE NORMAL PERIOD 1981 TO 2010
CLIMATE RECORD PERIOD 1998 TO 2014


WEATHER ITEM   OBSERVED TIME   RECORD YEAR NORMAL DEPARTURE LAST
                VALUE   (LST)  VALUE       VALUE  FROM      YEAR
                                                  NORMAL
..................................................................
TEMPERATURE (F)
 YESTERDAY
  MAXIMUM         66    213 PM  85    2011  68     -2       81
  MINIMUM         45   1052 PM  30    1999  35     10       41
  AVERAGE         56                        52      4       61

PRECIPITATION (IN)
  YESTERDAY        0.01          0.61 2004   0.04  -0.03     0.00
  MONTH TO DATE    0.90                      1.23  -0.33     1.04
  SINCE JAN 1     11.58                     11.28   0.30     7.26

DEGREE DAYS
 HEATING
  YESTERDAY        9                        14     -5        4
  MONTH TO DATE  172                       229    -57      138
  SINCE SEP 1    172                       228    -56      138
  SINCE JUL 1    209                       269    -60      138

 COOLING
  YESTERDAY        0                         0      0        0
  MONTH TO DATE   24                        28     -4       88
  SINCE SEP 1     24                        28     -4       88
  SINCE JAN 1    401                       486    -85      739
..................................................................


WIND (MPH)
  HIGHEST WIND SPEED    32   HIGHEST WIND DIRECTION     W (280)
  HIGHEST GUST SPEED    41   HIGHEST GUST DIRECTION     W (290)
  AVERAGE WIND SPEED    14.3


SKY COVER
  AVERAGE SKY COVER 0.7


WEATHER CONDITIONS
 THE FOLLOWING WEATHER WAS RECORDED YESTERDAY.
  LIGHT RAIN


RELATIVE HUMIDITY (PERCENT)
 HIGHEST    93           100 AM
 LOWEST     32           200 PM
 AVERAGE    63

..........................................................


THE DOUGLAS WY AIRPORT CLIMATE NORMALS FOR TODAY
                         NORMAL    RECORD    YEAR
 MAXIMUM TEMPERATURE (F)   67        89      2011
 MINIMUM TEMPERATURE (F)   35        28      2003


SUNRISE AND SUNSET
OCTOBER  1 2014.......SUNRISE   659 AM MDT   SUNSET   643 PM MDT
OCTOBER  2 2014.......SUNRISE   700 AM MDT   SUNSET   641 PM MDT


-  INDICATES NEGATIVE NUMBERS.
R  INDICATES RECORD WAS SET OR TIED.
MM INDICATES DATA IS MISSING.
T  INDICATES TRACE AMOUNT.




$$
