000
CDUS44 KTAE 220640
CLIDHN


CLIMATE REPORT
NATIONAL WEATHER SERVICE TALLAHASSEE FL
139 AM EST MON DEC 22 2014


...................................

...THE DOTHAN CLIMATE SUMMARY FOR DECEMBER 21 2014...

CLIMATE NORMAL PERIOD 1981 TO 2010
CLIMATE RECORD PERIOD 1965 TO 2014


WEATHER ITEM   OBSERVED TIME   NORMAL DEPARTURE LAST
                VALUE   (LST)  VALUE  FROM      YEAR
                                      NORMAL
......................................................
TEMPERATURE (F)
 YESTERDAY
  MAXIMUM         55   1231 PM  61     -6       79
  MINIMUM         51   1159 PM  39     12       60
  AVERAGE         53            50      3       70

PRECIPITATION (IN)
  YESTERDAY        T             0.12  -0.12      T
  MONTH TO DATE    0.44          3.34  -2.90     2.84
  SINCE DEC 1      0.44          3.34  -2.90     2.84
  SINCE JAN 1     50.43         52.92  -2.49    72.11

SNOWFALL (IN)
  YESTERDAY        0.0

DEGREE DAYS
 HEATING
  YESTERDAY       12            15     -3        0
  MONTH TO DATE  226           278    -52      187
  SINCE DEC 1    226           278    -52      187
  SINCE JUL 1    647           555     92      487
......................................................


WIND (MPH)
  HIGHEST WIND SPEED    13   HIGHEST WIND DIRECTION    NE (50)
  HIGHEST GUST SPEED    16   HIGHEST GUST DIRECTION    NE (50)
  AVERAGE WIND SPEED     7.7








-  INDICATES NEGATIVE NUMBERS.
R  INDICATES RECORD WAS SET OR TIED.
MM INDICATES DATA IS MISSING.
T  INDICATES TRACE AMOUNT.




$$
