000
CDUS44 KTAE 170632
CLIDHN


CLIMATE REPORT
NATIONAL WEATHER SERVICE TALLAHASSEE FL
232 AM EDT THU APR 17 2014


...................................

...THE DOTHAN CLIMATE SUMMARY FOR APRIL 16 2014...

CLIMATE NORMAL PERIOD 1981 TO 2010
CLIMATE RECORD PERIOD 1965 TO 2014


WEATHER ITEM   OBSERVED TIME   NORMAL DEPARTURE LAST
                VALUE   (LST)  VALUE  FROM      YEAR
                                      NORMAL
......................................................
TEMPERATURE (F)
 YESTERDAY
  MAXIMUM         65    335 PM  78    -13       84
  MINIMUM         36    538 AM  53    -17       65
  AVERAGE         51            66    -15       75

PRECIPITATION (IN)
  YESTERDAY        0.00          0.12  -0.12     0.00
  MONTH TO DATE    4.53          2.13   2.40     2.93
  SINCE MAR 1      9.83          8.01   1.82     4.08
  SINCE JAN 1     17.56         17.41   0.15    25.08

SNOWFALL (IN)
  YESTERDAY        0.0

DEGREE DAYS
 HEATING
  YESTERDAY       14             2     12        0
  MONTH TO DATE   47            52     -5       43
  SINCE MAR 1    313           263     50      384
  SINCE JUL 1   1978          1822    156     1591

 COOLING
  YESTERDAY        0             3     -3       10
  MONTH TO DATE   30            32     -2       36
  SINCE MAR 1     32            53    -21       42
  SINCE JAN 1     41            63    -22       80
......................................................










-  INDICATES NEGATIVE NUMBERS.
R  INDICATES RECORD WAS SET OR TIED.
MM INDICATES DATA IS MISSING.
T  INDICATES TRACE AMOUNT.




$$
