000
CDUS44 KTAE 260639
CLIDHN


CLIMATE REPORT
NATIONAL WEATHER SERVICE TALLAHASSEE FL
238 AM EDT SUN MAR 26 2017


...................................

...THE DOTHAN CLIMATE SUMMARY FOR MARCH 25 2017...

CLIMATE NORMAL PERIOD 1981 TO 2010
CLIMATE RECORD PERIOD 1965 TO 2017


WEATHER ITEM   OBSERVED TIME   NORMAL DEPARTURE LAST
                VALUE   (LST)  VALUE  FROM      YEAR
                                      NORMAL
......................................................
TEMPERATURE (F)
 YESTERDAY
  MAXIMUM         82    249 PM  73      9       65
  MINIMUM         55    530 AM  48      7       60
  AVERAGE         69            60      9       63

PRECIPITATION (IN)
  YESTERDAY        0.01          0.24  -0.23     0.13
  MONTH TO DATE    1.02          4.42  -3.40     3.48
  SINCE MAR 1      1.02          4.42  -3.40     3.48
  SINCE JAN 1     20.61         13.82   6.79    14.33

SNOWFALL (IN)
  YESTERDAY        0.0

DEGREE DAYS
 HEATING
  YESTERDAY        0             5     -5        2
  MONTH TO DATE  171           182    -11      116
  SINCE MAR 1    171           182    -11      116
  SINCE JUL 1   1030          1741   -711     1294

 COOLING
  YESTERDAY        4             1      3        0
  MONTH TO DATE   33            24      9       65
  SINCE MAR 1     33            24      9       65
  SINCE JAN 1     71            34     37       71
......................................................


WIND (MPH)
  HIGHEST WIND SPEED    21   HIGHEST WIND DIRECTION    SE (150)
  HIGHEST GUST SPEED    27   HIGHEST GUST DIRECTION     S (170)
  AVERAGE WIND SPEED    10.2








-  INDICATES NEGATIVE NUMBERS.
R  INDICATES RECORD WAS SET OR TIED.
MM INDICATES DATA IS MISSING.
T  INDICATES TRACE AMOUNT.




$$
