000
CDUS44 KTAE 250632
CLIDHN


CLIMATE REPORT
NATIONAL WEATHER SERVICE TALLAHASSEE FL
131 AM EST SUN JAN 25 2015


...................................

...THE DOTHAN CLIMATE SUMMARY FOR JANUARY 24 2015...

CLIMATE NORMAL PERIOD 1981 TO 2010
CLIMATE RECORD PERIOD 1965 TO 2015


WEATHER ITEM   OBSERVED TIME   NORMAL DEPARTURE LAST
                VALUE   (LST)  VALUE  FROM      YEAR
                                      NORMAL
......................................................
TEMPERATURE (F)
 YESTERDAY
  MAXIMUM         54    348 PM  61     -7       39
  MINIMUM         37   1049 PM  38     -1       26
  AVERAGE         46            49     -3       33

PRECIPITATION (IN)
  YESTERDAY        T             0.19  -0.19     0.00
  MONTH TO DATE    2.95          3.30  -0.35     2.30
  SINCE DEC 1      8.39          7.69   0.70    10.94
  SINCE JAN 1      2.95          3.30  -0.35     2.30

SNOWFALL (IN)
  YESTERDAY       0.0

DEGREE DAYS
 HEATING
  YESTERDAY       19            16      3       32
  MONTH TO DATE  372           395    -23      508
  SINCE DEC 1    699           831   -132      860
  SINCE JUL 1   1120          1108     12     1160
......................................................


WIND (MPH)
  HIGHEST WIND SPEED    24   HIGHEST WIND DIRECTION    NW (310)
  HIGHEST GUST SPEED    29   HIGHEST GUST DIRECTION    NW (310)
  AVERAGE WIND SPEED    13.0








-  INDICATES NEGATIVE NUMBERS.
R  INDICATES RECORD WAS SET OR TIED.
MM INDICATES DATA IS MISSING.
T  INDICATES TRACE AMOUNT.




$$
