000
CDUS44 KTAE 270640
CLIDHN


CLIMATE REPORT
NATIONAL WEATHER SERVICE TALLAHASSEE FL
239 AM EDT FRI MAY 27 2016


...................................

...THE DOTHAN CLIMATE SUMMARY FOR MAY 26 2016...

CLIMATE NORMAL PERIOD 1981 TO 2010
CLIMATE RECORD PERIOD 1965 TO 2016


WEATHER ITEM   OBSERVED TIME   NORMAL DEPARTURE LAST
                VALUE   (LST)  VALUE  FROM      YEAR
                                      NORMAL
......................................................
TEMPERATURE (F)
 YESTERDAY
  MAXIMUM         89    432 PM  88      1       87
  MINIMUM         66    428 AM  66      0       67
  AVERAGE         78            77      1       77

PRECIPITATION (IN)
  YESTERDAY        0.00          0.15  -0.15     1.33
  MONTH TO DATE    1.50          2.66  -1.16     4.01
  SINCE MAR 1     13.45         12.06   1.39    16.17
  SINCE JAN 1     24.30         21.46   2.84    22.84

SNOWFALL (IN)
  YESTERDAY        0.0

DEGREE DAYS
 COOLING
  YESTERDAY       13            12      1       12
  MONTH TO DATE  209           231    -22      280
  SINCE MAR 1    369           342     27      520
  SINCE JAN 1    375           352     23      524
......................................................


WIND (MPH)
  HIGHEST WIND SPEED    14   HIGHEST WIND DIRECTION     S (180)
  HIGHEST GUST SPEED    17   HIGHEST GUST DIRECTION    SE (150)
  AVERAGE WIND SPEED     4.9








-  INDICATES NEGATIVE NUMBERS.
R  INDICATES RECORD WAS SET OR TIED.
MM INDICATES DATA IS MISSING.
T  INDICATES TRACE AMOUNT.




$$
