000
CDUS44 KAMA 190727
CLIDHT


CLIMATE REPORT
NATIONAL WEATHER SERVICE AMARILLO TX
127 AM CST SUN FEB 19 2017


...................................

...THE DALHART CLIMATE SUMMARY FOR FEBRUARY 18 2017...

CLIMATE NORMAL PERIOD 1981 TO 2010
CLIMATE RECORD PERIOD 1948 TO 2017


WEATHER ITEM   OBSERVED TIME   RECORD YEAR NORMAL DEPARTURE LAST
                VALUE   (LST)  VALUE       VALUE  FROM      YEAR
                                                  NORMAL
..................................................................
TEMPERATURE (F)
 YESTERDAY
  MAXIMUM         72    432 PM  85    2016  53     19       85
  MINIMUM         29    650 AM   2    2006  23      6       40
  AVERAGE         51                        38     13       63

PRECIPITATION (IN)
  YESTERDAY        0.00          0.20 1998   0.01  -0.01     0.00
  MONTH TO DATE    0.05                      0.26  -0.21     0.03
  SINCE DEC 1      1.28                      1.32  -0.04     0.82
  SINCE JAN 1      1.08                      0.78   0.30     0.27

SNOWFALL (IN)
  YESTERDAY        0.0           0.2  1989   0.1   -0.1      0.0
  MONTH TO DATE    T                         2.2   -2.2      0.5
  SINCE DEC 1      1.3                      10.8   -9.5      6.0
  SINCE JUL 1      1.3                      12.7  -11.4      6.5
  SNOW DEPTH       0

DEGREE DAYS
 HEATING
  YESTERDAY       14                        27    -13        2
  MONTH TO DATE  352                       508   -156      389
  SINCE DEC 1   2066                      2395   -329     2043
  SINCE JUL 1   2642                      3390   -748     2753

 COOLING
  YESTERDAY        0                         0      0        0
  MONTH TO DATE    0                         0      0        0
  SINCE DEC 1      0                         0      0        0
  SINCE JAN 1      0                         0      0        0
..................................................................


WIND (MPH)
  RESULTANT WIND SPEED   4   RESULTANT WIND DIRECTION   S (180)
  HIGHEST WIND SPEED    20   HIGHEST WIND DIRECTION     S (170)
  HIGHEST GUST SPEED    25   HIGHEST GUST DIRECTION     S (160)
  AVERAGE WIND SPEED    10.3


SKY COVER
  AVERAGE SKY COVER 0.0


WEATHER CONDITIONS
 THE FOLLOWING WEATHER WAS RECORDED YESTERDAY.
  NO SIGNIFICANT WEATHER WAS OBSERVED.


RELATIVE HUMIDITY (PERCENT)
 HIGHEST    69           700 AM
 LOWEST     17           400 PM
 AVERAGE    43

..........................................................


THE DALHART CLIMATE NORMALS FOR TODAY
                         NORMAL    RECORD    YEAR
 MAXIMUM TEMPERATURE (F)   54        76      2011
                                             1986
 MINIMUM TEMPERATURE (F)   23         2      1955


SUNRISE AND SUNSET
FEBRUARY 19 2017......SUNRISE   733 AM CST   SUNSET   636 PM CST
FEBRUARY 20 2017......SUNRISE   731 AM CST   SUNSET   637 PM CST


-  INDICATES NEGATIVE NUMBERS.
R  INDICATES RECORD WAS SET OR TIED.
MM INDICATES DATA IS MISSING.
T  INDICATES TRACE AMOUNT.




$$
