753
CDUS44 KAMA 222238
CLIDHT


CLIMATE REPORT
NATIONAL WEATHER SERVICE AMARILLO TX
437 PM CST SUN JAN 22 2017


...................................

...THE DALHART CLIMATE SUMMARY FOR JANUARY 22 2017...
VALID TODAY AS OF 0400 PM LOCAL TIME.

CLIMATE NORMAL PERIOD 1981 TO 2010
CLIMATE RECORD PERIOD 1948 TO 2017


WEATHER ITEM   OBSERVED TIME   RECORD YEAR NORMAL DEPARTURE LAST
                VALUE   (LST)  VALUE       VALUE  FROM      YEAR
                                                  NORMAL
..................................................................
TEMPERATURE (F)
 TODAY
  MAXIMUM         56    252 PM  75    1967  51      5       57
  MINIMUM         32    800 AM  -7    1966  20     12       22
  AVERAGE         44                        35      9       40

PRECIPITATION (IN)
  TODAY            0.00          0.70 1968   0.02  -0.02     0.00
  MONTH TO DATE    1.03                      0.34   0.69     0.24
  SINCE DEC 1      1.23                      0.88   0.35     0.79
  SINCE JAN 1      1.03                      0.34   0.69     0.24

SNOWFALL (IN)
  TODAY            0.0           4.1  1995   0.2   -0.2      0.0
  MONTH TO DATE    0.0                       2.9   -2.9      4.0
  SINCE DEC 1      1.3                       7.2   -5.9      5.5
  SINCE JUL 1      1.3                       9.1   -7.8      6.0
  SNOW DEPTH       0

DEGREE DAYS
 HEATING
  TODAY           21                        30     -9       25
  MONTH TO DATE  597                       671    -74      663
  SINCE DEC 1   1489                      1619   -130     1460
  SINCE JUL 1   2065                      2614   -549     2170

 COOLING
  TODAY            0                         0      0        0
  MONTH TO DATE    0                         0      0        0
  SINCE DEC 1      0                         0      0        0
  SINCE JAN 1      0                         0      0        0
..................................................................


WIND (MPH)
  RESULTANT WIND SPEED  14   RESULTANT WIND DIRECTION  NW (330)
  HIGHEST WIND SPEED    24   HIGHEST WIND DIRECTION     N (340)
  HIGHEST GUST SPEED    32   HIGHEST GUST DIRECTION     N (340)
  AVERAGE WIND SPEED    14.0


SKY COVER
  AVERAGE SKY COVER 0.1


WEATHER CONDITIONS
 THE FOLLOWING WEATHER WAS RECORDED TODAY.
  NO SIGNIFICANT WEATHER WAS OBSERVED.


RELATIVE HUMIDITY (PERCENT)
 HIGHEST    89           500 AM
 LOWEST     19           400 PM
 AVERAGE    54

..........................................................


THE DALHART CLIMATE NORMALS FOR TOMORROW
                         NORMAL    RECORD    YEAR
 MAXIMUM TEMPERATURE (F)   51        74      1972
 MINIMUM TEMPERATURE (F)   20        -2      1963


SUNRISE AND SUNSET
JANUARY 22 2017.......SUNRISE   757 AM CST   SUNSET   607 PM CST
JANUARY 23 2017.......SUNRISE   757 AM CST   SUNSET   608 PM CST


-  INDICATES NEGATIVE NUMBERS.
R  INDICATES RECORD WAS SET OR TIED.
MM INDICATES DATA IS MISSING.
T  INDICATES TRACE AMOUNT.




$$
