000
CDUS44 KAMA 200635
CLIDHT


CLIMATE REPORT
NATIONAL WEATHER SERVICE AMARILLO TX
133 AM CDT MON OCT 20 2014


...................................

...THE DALHART CLIMATE SUMMARY FOR OCTOBER 19 2014...

CLIMATE NORMAL PERIOD 1981 TO 2010
CLIMATE RECORD PERIOD 1894 TO 2014


WEATHER ITEM   OBSERVED TIME   RECORD YEAR NORMAL DEPARTURE LAST
                VALUE   (LST)  VALUE       VALUE  FROM      YEAR
                                                  NORMAL
..................................................................
TEMPERATURE (F)
 YESTERDAY
  MAXIMUM         77    339 PM  90    2009  70      7       64
  MINIMUM         46   1205 AM  22    1989  39      7       29
  AVERAGE         62                        55      7       47

PRECIPITATION (IN)
  YESTERDAY        0.00          1.04 2002   0.05  -0.05     0.00
  MONTH TO DATE    1.01                      0.91   0.10      T
  SINCE SEP 1      2.56                      2.56   0.00     1.64
  SINCE JAN 1     11.20                     15.91  -4.71     6.66

SNOWFALL (IN)
  YESTERDAY        0.0           T    1976   0.0    0.0      0.0
  MONTH TO DATE    0.0                       0.2   -0.2       T
  SINCE SEP 1      0.0                       0.2   -0.2       T
  SINCE JUL 1      0.0                       0.2   -0.2       T
  SNOW DEPTH       0

DEGREE DAYS
 HEATING
  YESTERDAY        3                        10     -7       18
  MONTH TO DATE  101                       146    -45      157
  SINCE SEP 1    122                       206    -84      171
  SINCE JUL 1    122                       209    -87      171

 COOLING
  YESTERDAY        0                         0      0        0
  MONTH TO DATE   11                         8      3       13
  SINCE SEP 1    188                       140     48      223
  SINCE JAN 1   1403                      1136    267     1576
..................................................................


WIND (MPH)
  RESULTANT WIND SPEED  12   RESULTANT WIND DIRECTION  SW (210)
  HIGHEST WIND SPEED    23   HIGHEST WIND DIRECTION    SW (220)
  HIGHEST GUST SPEED    29   HIGHEST GUST DIRECTION    SW (210)
  AVERAGE WIND SPEED    11.8


SKY COVER
  AVERAGE SKY COVER 0.1


WEATHER CONDITIONS
 THE FOLLOWING WEATHER WAS RECORDED YESTERDAY.
  NO SIGNIFICANT WEATHER WAS OBSERVED.


RELATIVE HUMIDITY (PERCENT)
 HIGHEST    93           100 AM
 LOWEST     41           300 PM
 AVERAGE    67

..........................................................


THE DALHART CLIMATE NORMALS FOR TODAY
                         NORMAL    RECORD    YEAR
 MAXIMUM TEMPERATURE (F)   70        91      2007
 MINIMUM TEMPERATURE (F)   39        23      1989


SUNRISE AND SUNSET
OCTOBER 20 2014.......SUNRISE   801 AM CDT   SUNSET   708 PM CDT
OCTOBER 21 2014.......SUNRISE   802 AM CDT   SUNSET   707 PM CDT


-  INDICATES NEGATIVE NUMBERS.
R  INDICATES RECORD WAS SET OR TIED.
MM INDICATES DATA IS MISSING.
T  INDICATES TRACE AMOUNT.




$$
