000
CDUS44 KAMA 241405
CLIDHT


CLIMATE REPORT
NATIONAL WEATHER SERVICE AMARILLO TX
905 AM CDT WED AUG 24 2016


...................................

...THE DALHART CLIMATE SUMMARY FOR AUGUST 24 2016...
VALID AS OF 0900 AM LOCAL TIME.

CLIMATE NORMAL PERIOD 1981 TO 2010
CLIMATE RECORD PERIOD 1948 TO 2016


WEATHER ITEM   OBSERVED TIME   RECORD YEAR NORMAL DEPARTURE LAST
                VALUE   (LST)  VALUE       VALUE  FROM      YEAR
                                                  NORMAL
..................................................................
TEMPERATURE (F)
 TODAY
  MINIMUM         63    631 AM  51    1987  61      2       56

PRECIPITATION (IN)
  TODAY            0.11          1.13 1969   0.08   0.03     0.00
  MONTH TO DATE    2.29                      2.36  -0.07     1.72
  SINCE JUN 1      6.37                      7.45  -1.08     6.72
  SINCE JAN 1     13.59                     12.86   0.73    13.43

SNOWFALL (IN)
  TODAY            0.0           0.0    MM   0.0    0.0      0.0
  MONTH TO DATE    0.0                       0.0    0.0      0.0
  SINCE JUN 1      0.0                       0.0    0.0      0.0
  SINCE JUL 1      0.0                       0.0    0.0      0.0
  SNOW DEPTH       0

..................................................................


WIND (MPH)
  RESULTANT WIND SPEED   3   RESULTANT WIND DIRECTION   W (250)
  HIGHEST WIND SPEED    14   HIGHEST WIND DIRECTION    NW (300)
  HIGHEST GUST SPEED    17   HIGHEST GUST DIRECTION    NW (310)
  AVERAGE WIND SPEED     5.5


SKY COVER
  AVERAGE SKY COVER 0.5


WEATHER CONDITIONS
 THE FOLLOWING WEATHER WAS RECORDED TODAY.
  THUNDERSTORM
  RAIN
  LIGHT RAIN
  HAZE


RELATIVE HUMIDITY (PERCENT)
 HIGHEST    78           600 AM
 LOWEST     46           100 AM
 AVERAGE    62

..........................................................


THE DALHART CLIMATE NORMALS FOR TOMORROW
                         NORMAL    RECORD    YEAR
 MAXIMUM TEMPERATURE (F)   88        99      2011
 MINIMUM TEMPERATURE (F)   60        48      1972


SUNRISE AND SUNSET
AUGUST 24 2016........SUNRISE   716 AM CDT   SUNSET   828 PM CDT
AUGUST 25 2016........SUNRISE   717 AM CDT   SUNSET   827 PM CDT


-  INDICATES NEGATIVE NUMBERS.
R  INDICATES RECORD WAS SET OR TIED.
MM INDICATES DATA IS MISSING.
T  INDICATES TRACE AMOUNT.




$$
