000
CDUS44 KAMA 300642
CLIDHT


CLIMATE REPORT
NATIONAL WEATHER SERVICE AMARILLO TX
141 AM CDT THU JUL 30 2015


...................................

...THE DALHART CLIMATE SUMMARY FOR JULY 29 2015...

CLIMATE NORMAL PERIOD 1981 TO 2010
CLIMATE RECORD PERIOD 1894 TO 2015


WEATHER ITEM   OBSERVED TIME   RECORD YEAR NORMAL DEPARTURE LAST
                VALUE   (LST)  VALUE       VALUE  FROM      YEAR
                                                  NORMAL
..................................................................
TEMPERATURE (F)
 YESTERDAY
  MAXIMUM         86    516 PM 102    2012  91     -5       82
  MINIMUM         67    649 AM  51    2005  62      5       65
  AVERAGE         77                        77      0       74

PRECIPITATION (IN)
  YESTERDAY        T             2.28 1982   0.09  -0.09     0.00
  MONTH TO DATE    2.73                      2.58   0.15     2.15
  SINCE JUN 1      3.58                      4.88  -1.30     5.92
  SINCE JAN 1     10.29                     10.29   0.00     7.76

SNOWFALL (IN)
  YESTERDAY        0.0           0.0    MM   0.0    0.0      0.0
  MONTH TO DATE    0.0                       0.0    0.0      0.0
  SINCE JUN 1      0.0                       0.0    0.0      0.0
  SINCE JUL 1      0.0                       0.0    0.0      0.0
  SNOW DEPTH       0

DEGREE DAYS
 HEATING
  YESTERDAY        0                         0      0        0
  MONTH TO DATE    0                         0      0        0
  SINCE JUN 1      0                        12    -12        4
  SINCE JUL 1      0                         0      0        0

 COOLING
  YESTERDAY       12                        12      0        9
  MONTH TO DATE  444                       344    100      368
  SINCE JUN 1    777                       584    193      664
  SINCE JAN 1    799                       656    143      784
..................................................................


WIND (MPH)
  RESULTANT WIND SPEED   7   RESULTANT WIND DIRECTION  NE (60)
  HIGHEST WIND SPEED    18   HIGHEST WIND DIRECTION     N (360)
  HIGHEST GUST SPEED    21   HIGHEST GUST DIRECTION     N (10)
  AVERAGE WIND SPEED     9.0


SKY COVER
  AVERAGE SKY COVER 0.2


WEATHER CONDITIONS
 THE FOLLOWING WEATHER WAS RECORDED YESTERDAY.
  LIGHT RAIN


RELATIVE HUMIDITY (PERCENT)
 HIGHEST    93          1200 AM
 LOWEST     43           300 PM
 AVERAGE    68

..........................................................


THE DALHART CLIMATE NORMALS FOR TODAY
                         NORMAL    RECORD    YEAR
 MAXIMUM TEMPERATURE (F)   91       103      1969
 MINIMUM TEMPERATURE (F)   62        56      2004


SUNRISE AND SUNSET
JULY 30 2015..........SUNRISE   656 AM CDT   SUNSET   857 PM CDT
JULY 31 2015..........SUNRISE   657 AM CDT   SUNSET   856 PM CDT


-  INDICATES NEGATIVE NUMBERS.
R  INDICATES RECORD WAS SET OR TIED.
MM INDICATES DATA IS MISSING.
T  INDICATES TRACE AMOUNT.




$$
