000
CDUS44 KAMA 220635
CLIDHT


CLIMATE REPORT
NATIONAL WEATHER SERVICE AMARILLO TX
135 AM CDT MON SEP 22 2014


...................................

...THE DALHART CLIMATE SUMMARY FOR SEPTEMBER 21 2014...

CLIMATE NORMAL PERIOD 1981 TO 2010
CLIMATE RECORD PERIOD 1894 TO 2014


WEATHER ITEM   OBSERVED TIME   RECORD YEAR NORMAL DEPARTURE LAST
                VALUE   (LST)  VALUE       VALUE  FROM      YEAR
                                                  NORMAL
..................................................................
TEMPERATURE (F)
 YESTERDAY
  MAXIMUM         81    340 PM  96    1980  80      1       80
  MINIMUM         64   1159 PM  31    1983  51     13       52
  AVERAGE         73                        65      8       66

PRECIPITATION (IN)
  YESTERDAY        T             1.58 2004   0.05  -0.05     0.00
  MONTH TO DATE    1.13                      1.20  -0.07     1.64
  SINCE SEP 1      1.13                      1.20  -0.07     1.64
  SINCE JAN 1      9.77                     14.55  -4.78     6.66

SNOWFALL (IN)
  YESTERDAY        0.0           T    1995   0.0    0.0      0.0
  MONTH TO DATE    0.0                       0.0    0.0      0.0
  SINCE SEP 1      0.0                       0.0    0.0      0.0
  SINCE JUL 1      0.0                       0.0    0.0      0.0
  SNOW DEPTH       0

DEGREE DAYS
 HEATING
  YESTERDAY        0                         3     -3        0
  MONTH TO DATE   21                        25     -4        0
  SINCE SEP 1     21                        25     -4        0
  SINCE JUL 1     21                        28     -7        0

 COOLING
  YESTERDAY        8                         3      5        1
  MONTH TO DATE  134                       113     21      185
  SINCE SEP 1    134                       113     21      185
  SINCE JAN 1   1349                      1109    240     1538
..................................................................


WIND (MPH)
  RESULTANT WIND SPEED   8   RESULTANT WIND DIRECTION  NE (60)
  HIGHEST WIND SPEED    23   HIGHEST WIND DIRECTION    NE (50)
  HIGHEST GUST SPEED    29   HIGHEST GUST DIRECTION    NE (30)
  AVERAGE WIND SPEED    11.7


SKY COVER
  AVERAGE SKY COVER 0.3


WEATHER CONDITIONS
 THE FOLLOWING WEATHER WAS RECORDED YESTERDAY.
  LIGHT RAIN


RELATIVE HUMIDITY (PERCENT)
 HIGHEST    87           400 AM
 LOWEST     48           500 PM
 AVERAGE    68

..........................................................


THE DALHART CLIMATE NORMALS FOR TODAY
                         NORMAL    RECORD    YEAR
 MAXIMUM TEMPERATURE (F)   80        93      2000
 MINIMUM TEMPERATURE (F)   50        37      1995


SUNRISE AND SUNSET
SEPTEMBER 22 2014.....SUNRISE   738 AM CDT   SUNSET   747 PM CDT
SEPTEMBER 23 2014.....SUNRISE   739 AM CDT   SUNSET   745 PM CDT


-  INDICATES NEGATIVE NUMBERS.
R  INDICATES RECORD WAS SET OR TIED.
MM INDICATES DATA IS MISSING.
T  INDICATES TRACE AMOUNT.




$$
