000
CDUS44 KAMA 211506
CLIDHT


CLIMATE REPORT
NATIONAL WEATHER SERVICE AMARILLO TX
905 AM CST SUN JAN 21 2018


...................................

...THE DALHART CLIMATE SUMMARY FOR JANUARY 21 2018...
VALID AS OF 0900 AM LOCAL TIME.

CLIMATE NORMAL PERIOD 1981 TO 2010
CLIMATE RECORD PERIOD 1948 TO 2018


WEATHER ITEM   OBSERVED TIME   RECORD YEAR NORMAL DEPARTURE LAST
                VALUE   (LST)  VALUE       VALUE  FROM      YEAR
                                                  NORMAL
..................................................................
TEMPERATURE (F)
 TODAY
  MINIMUM         28    549 AM  -4    1984  20      8       32

PRECIPITATION (IN)
  TODAY            0.00          1.27 1983   0.02  -0.02     0.13
  MONTH TO DATE    T                         0.32  -0.32     1.03
  SINCE DEC 1      T                         0.86  -0.86     1.23
  SINCE JAN 1      T                         0.32  -0.32     1.03

SNOWFALL (IN)
  TODAY            0.0          12.5  1983   0.2   -0.2      0.0
  MONTH TO DATE    0.0                       2.7   -2.7      0.0
  SINCE DEC 1      T                         7.0   -7.0      1.3
  SINCE JUL 1      2.3                       8.9   -6.6      1.3
  SNOW DEPTH       0

..................................................................


WIND (MPH)
  RESULTANT WIND SPEED   7   RESULTANT WIND DIRECTION  SW (230)
  HIGHEST WIND SPEED    20   HIGHEST WIND DIRECTION    NE (30)
  HIGHEST GUST SPEED    24   HIGHEST GUST DIRECTION    NE (30)
  AVERAGE WIND SPEED    10.0


SKY COVER
  AVERAGE SKY COVER 0.1


WEATHER CONDITIONS
 THE FOLLOWING WEATHER WAS RECORDED TODAY.
  NO SIGNIFICANT WEATHER WAS OBSERVED.


RELATIVE HUMIDITY (PERCENT)
 HIGHEST    78           800 AM
 LOWEST     31          1200 AM
 AVERAGE    55

..........................................................


THE DALHART CLIMATE NORMALS FOR TOMORROW
                         NORMAL    RECORD    YEAR
 MAXIMUM TEMPERATURE (F)   51        75      1967
 MINIMUM TEMPERATURE (F)   20        -7      1966


SUNRISE AND SUNSET
JANUARY 21 2018.......SUNRISE   758 AM CST   SUNSET   606 PM CST
JANUARY 22 2018.......SUNRISE   757 AM CST   SUNSET   607 PM CST


-  INDICATES NEGATIVE NUMBERS.
R  INDICATES RECORD WAS SET OR TIED.
MM INDICATES DATA IS MISSING.
T  INDICATES TRACE AMOUNT.




$$
