000
CDUS43 KBIS 250746
CLIDIK


CLIMATE REPORT
NATIONAL WEATHER SERVICE BISMARCK ND
141 AM CST THU DEC 25 2014


...................................

...THE DICKINSON ND CLIMATE SUMMARY FOR DECEMBER 24 2014...

CLIMATE NORMAL PERIOD 1981 TO 2010
CLIMATE RECORD PERIOD 1903 TO 2014


WEATHER ITEM   OBSERVED TIME   RECORD YEAR NORMAL DEPARTURE LAST
                VALUE   (LST)  VALUE       VALUE  FROM      YEAR
                                                  NORMAL
..................................................................
TEMPERATURE (F)
 YESTERDAY
  MAXIMUM         37    240 PM  46    1991  26     11       33
  MINIMUM         13   1225 AM -29    1983   6      7       12
  AVERAGE         25                        16      9       23

PRECIPITATION (IN)
  YESTERDAY        0.00          0.05 2004   0.01  -0.01     0.04
  MONTH TO DATE    0.07                      0.18  -0.11     0.30
  SINCE DEC 1      0.07                      0.18  -0.11     0.30
  SINCE JAN 1     21.86                     15.71   6.15    23.14

DEGREE DAYS
 HEATING
  YESTERDAY       40                        49     -9       42
  MONTH TO DATE  864                      1116   -252     1394
  SINCE DEC 1    864                      1116   -252     1394
  SINCE JUL 1   3070                      3193   -123     3338

 COOLING
  YESTERDAY        0                         0      0        0
  MONTH TO DATE    0                         0      0        0
  SINCE DEC 1      0                         0      0        0
  SINCE JAN 1    256                       419   -163      386
..................................................................


WIND (MPH)
  HIGHEST WIND SPEED    17   HIGHEST WIND DIRECTION     S (200)
  HIGHEST GUST SPEED    20   HIGHEST GUST DIRECTION    SW (210)
  AVERAGE WIND SPEED    10.5


SKY COVER
  POSSIBLE SUNSHINE  MM
  AVERAGE SKY COVER 0.7


WEATHER CONDITIONS
 THE FOLLOWING WEATHER WAS RECORDED YESTERDAY.
  NO SIGNIFICANT WEATHER WAS OBSERVED.


RELATIVE HUMIDITY (PERCENT)
 HIGHEST    89           700 PM
 LOWEST     63           900 AM
 AVERAGE    76

..........................................................


THE DICKINSON ND CLIMATE NORMALS FOR TODAY
                         NORMAL    RECORD    YEAR
 MAXIMUM TEMPERATURE (F)   26        51      2005
                                             1963
 MINIMUM TEMPERATURE (F)    6       -29      1996


SUNRISE AND SUNSET
DECEMBER 25 2014......SUNRISE   735 AM MST   SUNSET   408 PM MST
DECEMBER 26 2014......SUNRISE   735 AM MST   SUNSET   408 PM MST


-  INDICATES NEGATIVE NUMBERS.
R  INDICATES RECORD WAS SET OR TIED.
MM INDICATES DATA IS MISSING.
T  INDICATES TRACE AMOUNT.




$$
