000
CDUS43 KBIS 290727
CLIDIK


CLIMATE REPORT
NATIONAL WEATHER SERVICE BISMARCK ND
127 AM CST THU JAN 29 2015


...................................

...THE DICKINSON ND CLIMATE SUMMARY FOR JANUARY 28 2015...

CLIMATE NORMAL PERIOD 1981 TO 2010
CLIMATE RECORD PERIOD 1903 TO 2015


WEATHER ITEM   OBSERVED TIME   RECORD YEAR NORMAL DEPARTURE LAST
                VALUE   (LST)  VALUE       VALUE  FROM      YEAR
                                                  NORMAL
..................................................................
TEMPERATURE (F)
 YESTERDAY
  MAXIMUM         44   1124 AM  53    1992  27     17       18
  MINIMUM         31    153 PM -31    1916   7     24      -10
  AVERAGE         38                        17     21        4

PRECIPITATION (IN)
  YESTERDAY        0.00          0.27 1968   0.01  -0.01     0.00
  MONTH TO DATE    0.11                      0.28  -0.17     0.02
  SINCE DEC 1      0.18                      0.52  -0.34     0.38
  SINCE JAN 1      0.11                      0.28  -0.17     0.02

DEGREE DAYS
 HEATING
  YESTERDAY       27                        48    -21       61
  MONTH TO DATE 1216                      1365   -149     1319
  SINCE DEC 1   2460                      2825   -365     3030
  SINCE JUL 1   4666                      4902   -236     4974

 COOLING
  YESTERDAY        0                         0      0        0
  MONTH TO DATE    0                         0      0        0
  SINCE DEC 1      0                         0      0        0
  SINCE JAN 1      0                         0      0        0
..................................................................


WIND (MPH)
  HIGHEST WIND SPEED    35   HIGHEST WIND DIRECTION    NW (320)
  HIGHEST GUST SPEED    42   HIGHEST GUST DIRECTION    NW (320)
  AVERAGE WIND SPEED    18.7


SKY COVER
  POSSIBLE SUNSHINE  MM
  AVERAGE SKY COVER 0.5


WEATHER CONDITIONS
 THE FOLLOWING WEATHER WAS RECORDED YESTERDAY.
  FOG


RELATIVE HUMIDITY (PERCENT)
 HIGHEST    85           200 AM
 LOWEST     58          1000 AM
 AVERAGE    72

..........................................................


THE DICKINSON ND CLIMATE NORMALS FOR TODAY
                         NORMAL    RECORD    YEAR
 MAXIMUM TEMPERATURE (F)   27        58      1931
 MINIMUM TEMPERATURE (F)    7       -37      1929


SUNRISE AND SUNSET
JANUARY 29 2015.......SUNRISE   719 AM MST   SUNSET   450 PM MST
JANUARY 30 2015.......SUNRISE   718 AM MST   SUNSET   451 PM MST


-  INDICATES NEGATIVE NUMBERS.
R  INDICATES RECORD WAS SET OR TIED.
MM INDICATES DATA IS MISSING.
T  INDICATES TRACE AMOUNT.




$$
