000
CDUS43 KBIS 110032
CLIDIK


CLIMATE REPORT
NATIONAL WEATHER SERVICE BISMARCK ND
631 PM CST SAT DEC 10 2016


...................................

...THE DICKINSON ND CLIMATE SUMMARY FOR DECEMBER 10 2016...
VALID TODAY AS OF 0600 PM LOCAL TIME.

CLIMATE NORMAL PERIOD 1981 TO 2010
CLIMATE RECORD PERIOD 1893 TO 2016


WEATHER ITEM   OBSERVED TIME   RECORD YEAR NORMAL DEPARTURE LAST
                VALUE   (LST)  VALUE       VALUE  FROM      YEAR
                                                  NORMAL
..................................................................
TEMPERATURE (F)
 TODAY
  MAXIMUM         -1    211 PM  57    1956  29    -30       41
  MINIMUM        -13   1201 AM -26    1937   9    -22       28
  AVERAGE         -7                        19    -26       35

PRECIPITATION (IN)
  TODAY            0.00          0.20 1909   0.01  -0.01     0.00
  MONTH TO DATE    0.04                      0.08  -0.04     0.11
  SINCE DEC 1      0.04                      0.08  -0.04     0.11
  SINCE JAN 1     16.41                     15.61   0.80    11.29

DEGREE DAYS
 HEATING
  TODAY           72                        46     26       30
  MONTH TO DATE  565                       447    118      273
  SINCE DEC 1    565                       447    118      273
  SINCE JUL 1   2232                      2524   -292     1947

 COOLING
  TODAY            0                         0      0        0
  MONTH TO DATE    0                         0      0        0
  SINCE DEC 1      0                         0      0        0
  SINCE JAN 1    315                       419   -104      467
..................................................................


WIND (MPH)
  RESULTANT WIND SPEED  12   RESULTANT WIND DIRECTION  SE (120)
  HIGHEST WIND SPEED    20   HIGHEST WIND DIRECTION    SE (140)
  HIGHEST GUST SPEED    23   HIGHEST GUST DIRECTION    SE (130)
  AVERAGE WIND SPEED    12.5


SKY COVER
  POSSIBLE SUNSHINE  MM
  AVERAGE SKY COVER 0.6


WEATHER CONDITIONS
 THE FOLLOWING WEATHER WAS RECORDED TODAY.
  HAZE


RELATIVE HUMIDITY (PERCENT)
 HIGHEST    83           600 AM
 LOWEST     72           200 AM
 AVERAGE    78

..........................................................


THE DICKINSON ND CLIMATE NORMALS FOR TOMORROW
                         NORMAL    RECORD    YEAR
 MAXIMUM TEMPERATURE (F)   29        59      1939
 MINIMUM TEMPERATURE (F)    8       -24      1937


SUNRISE AND SUNSET
DECEMBER 10 2016......SUNRISE   726 AM MST   SUNSET   403 PM MST
DECEMBER 11 2016......SUNRISE   727 AM MST   SUNSET   403 PM MST


-  INDICATES NEGATIVE NUMBERS.
R  INDICATES RECORD WAS SET OR TIED.
MM INDICATES DATA IS MISSING.
T  INDICATES TRACE AMOUNT.




$$
