000
CDUS43 KBIS 300823
CLIDIK


CLIMATE REPORT
NATIONAL WEATHER SERVICE BISMARCK ND
323 AM CDT TUE JUN 30 2015


...................................

...THE DICKINSON ND CLIMATE SUMMARY FOR JUNE 29 2015...

CLIMATE NORMAL PERIOD 1981 TO 2010
CLIMATE RECORD PERIOD 1893 TO 2015


WEATHER ITEM   OBSERVED TIME   RECORD YEAR NORMAL DEPARTURE LAST
                VALUE   (LST)  VALUE       VALUE  FROM      YEAR
                                                  NORMAL
..................................................................
TEMPERATURE (F)
 YESTERDAY
  MAXIMUM         92    356 PM 108    1919  80     12       76
  MINIMUM         56    433 AM  37    1947  52      4       55
  AVERAGE         74                        66      8       66

PRECIPITATION (IN)
  YESTERDAY        0.00          2.46 1986   0.10  -0.10     0.00
  MONTH TO DATE    2.72                      3.10  -0.38     3.77
  SINCE JUN 1      2.72                      3.10  -0.38     3.77
  SINCE JAN 1      6.15                      8.21  -2.06    11.81

DEGREE DAYS
 HEATING
  YESTERDAY        0                         2     -2        0
  MONTH TO DATE   68                       134    -66      160
  SINCE JUN 1     68                       134    -66      160
  SINCE JUL 1   8089                      8574   -485     9160

 COOLING
  YESTERDAY        9                         3      6        1
  MONTH TO DATE   52                        51      1       12
  SINCE JUN 1     52                        51      1       12
  SINCE JAN 1     52                        61     -9       42
..................................................................


WIND (MPH)
  HIGHEST WIND SPEED    14   HIGHEST WIND DIRECTION     W (280)
  HIGHEST GUST SPEED    17   HIGHEST GUST DIRECTION     W (290)
  AVERAGE WIND SPEED     6.0


SKY COVER
  POSSIBLE SUNSHINE  MM
  AVERAGE SKY COVER 0.1


WEATHER CONDITIONS
 THE FOLLOWING WEATHER WAS RECORDED YESTERDAY.
  FOG


RELATIVE HUMIDITY (PERCENT)
 HIGHEST    93           400 AM
 LOWEST     36           300 PM
 AVERAGE    65

..........................................................


THE DICKINSON ND CLIMATE NORMALS FOR TODAY
                         NORMAL    RECORD    YEAR
 MAXIMUM TEMPERATURE (F)   80        98      1921
 MINIMUM TEMPERATURE (F)   53        37      1995
                                             1921


SUNRISE AND SUNSET
JUNE 30 2015..........SUNRISE   500 AM MDT   SUNSET   849 PM MDT
JULY  1 2015..........SUNRISE   501 AM MDT   SUNSET   849 PM MDT


-  INDICATES NEGATIVE NUMBERS.
R  INDICATES RECORD WAS SET OR TIED.
MM INDICATES DATA IS MISSING.
T  INDICATES TRACE AMOUNT.




$$
