000
CDUS43 KBIS 210726
CLIDIK


CLIMATE REPORT
NATIONAL WEATHER SERVICE BISMARCK ND
226 AM CDT THU AUG 21 2014


...................................

...THE DICKINSON ND CLIMATE SUMMARY FOR AUGUST 20 2014...

CLIMATE NORMAL PERIOD 1981 TO 2010
CLIMATE RECORD PERIOD 1903 TO 2014


WEATHER ITEM   OBSERVED TIME   RECORD YEAR NORMAL DEPARTURE LAST
                VALUE   (LST)  VALUE       VALUE  FROM      YEAR
                                                  NORMAL
..................................................................
TEMPERATURE (F)
 YESTERDAY
  MAXIMUM         75    955 AM 102    1948  83     -8       93
  MINIMUM         58   1137 PM  34    1945  53      5       56
  AVERAGE         67                        68     -1       75

PRECIPITATION (IN)
  YESTERDAY        0.16          1.22 1949   0.04   0.12     0.00
  MONTH TO DATE    4.54                      0.99   3.55     1.67
  SINCE JUN 1      9.48                      6.63   2.85     6.08
  SINCE JAN 1     17.52                     11.74   5.78    15.01

DEGREE DAYS
 HEATING
  YESTERDAY        0                         2     -2        0
  MONTH TO DATE    2                        23    -21        8
  SINCE JUN 1    216                       194     22      164
  SINCE JUL 1     51                        57     -6       40

 COOLING
  YESTERDAY        2                         5     -3       10
  MONTH TO DATE   86                       114    -28       61
  SINCE JUN 1    193                       333   -140      195
  SINCE JAN 1    223                       343   -120      204
..................................................................


WIND (MPH)
  HIGHEST WIND SPEED    15   HIGHEST WIND DIRECTION    SW (210)
  HIGHEST GUST SPEED    19   HIGHEST GUST DIRECTION     S (200)
  AVERAGE WIND SPEED     7.8


SKY COVER
  POSSIBLE SUNSHINE  MM
  AVERAGE SKY COVER 0.4


WEATHER CONDITIONS
 THE FOLLOWING WEATHER WAS RECORDED YESTERDAY.
  THUNDERSTORM
  HEAVY RAIN
  RAIN
  LIGHT RAIN
  FOG


RELATIVE HUMIDITY (PERCENT)
 HIGHEST    97          1000 PM
 LOWEST     68          1000 AM
 AVERAGE    83

..........................................................


THE DICKINSON ND CLIMATE NORMALS FOR TODAY
                         NORMAL    RECORD    YEAR
 MAXIMUM TEMPERATURE (F)   83       100      1947
 MINIMUM TEMPERATURE (F)   53        35      1945


SUNRISE AND SUNSET
AUGUST 21 2014........SUNRISE   557 AM MDT   SUNSET   751 PM MDT
AUGUST 22 2014........SUNRISE   558 AM MDT   SUNSET   749 PM MDT


-  INDICATES NEGATIVE NUMBERS.
R  INDICATES RECORD WAS SET OR TIED.
MM INDICATES DATA IS MISSING.
T  INDICATES TRACE AMOUNT.




$$
