000
CDUS43 KBIS 230038
CLIDIK


CLIMATE REPORT
NATIONAL WEATHER SERVICE BISMARCK ND
637 PM CST MON JAN 22 2018


...................................

...THE DICKINSON ND CLIMATE SUMMARY FOR JANUARY 22 2018...
VALID TODAY AS OF 0600 PM LOCAL TIME.

CLIMATE NORMAL PERIOD 1981 TO 2010
CLIMATE RECORD PERIOD 1893 TO 2018


WEATHER ITEM   OBSERVED TIME   RECORD YEAR NORMAL DEPARTURE LAST
                VALUE   (LST)  VALUE       VALUE  FROM      YEAR
                                                  NORMAL
..................................................................
TEMPERATURE (F)
 TODAY
  MAXIMUM         33    310 PM  60    1981  27      6       27
  MINIMUM         10    725 AM -35    1895   7      3       11
  AVERAGE         22                        17      5       19

PRECIPITATION (IN)
  TODAY            0.00          0.40 1897   0.01  -0.01      T
  MONTH TO DATE    0.03                      0.23  -0.20     0.07
  SINCE DEC 1      0.16                      0.47  -0.31     0.23
  SINCE JAN 1      0.03                      0.23  -0.20     0.07

DEGREE DAYS
 HEATING
  TODAY           43                        48     -5       46
  MONTH TO DATE 1102                      1077     25     1270
  SINCE DEC 1   2572                      2537     35     2899
  SINCE JUL 1   4525                      4614    -89     4566

 COOLING
  TODAY            0                         0      0        0
  MONTH TO DATE    0                         0      0        0
  SINCE DEC 1      0                         0      0        0
  SINCE JAN 1      0                         0      0        0
..................................................................


WIND (MPH)
  RESULTANT WIND SPEED   8   RESULTANT WIND DIRECTION   W (280)
  HIGHEST WIND SPEED    13   HIGHEST WIND DIRECTION    NW (300)
  HIGHEST GUST SPEED    15   HIGHEST GUST DIRECTION    NW (300)
  AVERAGE WIND SPEED     8.2


SKY COVER
  POSSIBLE SUNSHINE  MM
  AVERAGE SKY COVER 0.0


WEATHER CONDITIONS
 THE FOLLOWING WEATHER WAS RECORDED TODAY.
  NO SIGNIFICANT WEATHER WAS OBSERVED.


RELATIVE HUMIDITY (PERCENT)
 HIGHEST    88           200 AM
 LOWEST     61           200 PM
 AVERAGE    75

..........................................................


THE DICKINSON ND CLIMATE NORMALS FOR TOMORROW
                         NORMAL    RECORD    YEAR
 MAXIMUM TEMPERATURE (F)   27        63      1981
 MINIMUM TEMPERATURE (F)    7       -37      1935


SUNRISE AND SUNSET
JANUARY 22 2018.......SUNRISE   726 AM MST   SUNSET   440 PM MST
JANUARY 23 2018.......SUNRISE   725 AM MST   SUNSET   441 PM MST


-  INDICATES NEGATIVE NUMBERS.
R  INDICATES RECORD WAS SET OR TIED.
MM INDICATES DATA IS MISSING.
T  INDICATES TRACE AMOUNT.




$$
