000
CDUS43 KBIS 240741
CLIDIK


CLIMATE REPORT
NATIONAL WEATHER SERVICE BISMARCK ND
140 AM CST TUE JAN 24 2017


...................................

...THE DICKINSON ND CLIMATE SUMMARY FOR JANUARY 23 2017...

CLIMATE NORMAL PERIOD 1981 TO 2010
CLIMATE RECORD PERIOD 1893 TO 2017


WEATHER ITEM   OBSERVED TIME   RECORD YEAR NORMAL DEPARTURE LAST
                VALUE   (LST)  VALUE       VALUE  FROM      YEAR
                                                  NORMAL
..................................................................
TEMPERATURE (F)
 YESTERDAY
  MAXIMUM         25   1252 AM  63    1981  27     -2       42
  MINIMUM         22   1159 PM -37    1935   7     15       28
  AVERAGE         24                        17      7       35

PRECIPITATION (IN)
  YESTERDAY        T             0.33 1949   0.00   0.00     0.00
  MONTH TO DATE    0.04                      0.23  -0.19     0.05
  SINCE DEC 1      0.20                      0.47  -0.27     0.31
  SINCE JAN 1      0.04                      0.23  -0.19     0.05

DEGREE DAYS
 HEATING
  YESTERDAY       41                        48     -7       30
  MONTH TO DATE 1311                      1125    186     1156
  SINCE DEC 1   2940                      2585    355     2434
  SINCE JUL 1   4607                      4662    -55     4108

 COOLING
  YESTERDAY        0                         0      0        0
  MONTH TO DATE    0                         0      0        0
  SINCE DEC 1      0                         0      0        0
  SINCE JAN 1      0                         0      0        0
..................................................................


WIND (MPH)
  HIGHEST WIND SPEED    12   HIGHEST WIND DIRECTION     N (10)
  HIGHEST GUST SPEED    13   HIGHEST GUST DIRECTION     N (20)
  AVERAGE WIND SPEED     3.9


SKY COVER
  POSSIBLE SUNSHINE  MM
  AVERAGE SKY COVER 1.0


WEATHER CONDITIONS
 THE FOLLOWING WEATHER WAS RECORDED YESTERDAY.
  LIGHT SNOW
  FOG


RELATIVE HUMIDITY (PERCENT)
 HIGHEST   100          1000 PM
 LOWEST     81          1200 AM
 AVERAGE    91

..........................................................


THE DICKINSON ND CLIMATE NORMALS FOR TODAY
                         NORMAL    RECORD    YEAR
 MAXIMUM TEMPERATURE (F)   27        58      2005
                                             1968
                                             1920
 MINIMUM TEMPERATURE (F)    7       -34      1935
                                             1920


SUNRISE AND SUNSET
JANUARY 24 2017.......SUNRISE   724 AM MST   SUNSET   443 PM MST
JANUARY 25 2017.......SUNRISE   723 AM MST   SUNSET   445 PM MST


-  INDICATES NEGATIVE NUMBERS.
R  INDICATES RECORD WAS SET OR TIED.
MM INDICATES DATA IS MISSING.
T  INDICATES TRACE AMOUNT.




$$
