000
CDUS43 KBIS 200727
CLIDIK


CLIMATE REPORT
NATIONAL WEATHER SERVICE BISMARCK ND
227 AM CDT SAT SEP 20 2014


...................................

...THE DICKINSON ND CLIMATE SUMMARY FOR SEPTEMBER 19 2014...

CLIMATE NORMAL PERIOD 1981 TO 2010
CLIMATE RECORD PERIOD 1903 TO 2014


WEATHER ITEM   OBSERVED TIME   RECORD YEAR NORMAL DEPARTURE LAST
                VALUE   (LST)  VALUE       VALUE  FROM      YEAR
                                                  NORMAL
..................................................................
TEMPERATURE (F)
 YESTERDAY
  MAXIMUM         80   1226 PM  89    2008  69     11       54
  MINIMUM         51   1146 PM  17    1918  42      9       37
  AVERAGE         66                        56     10       46

PRECIPITATION (IN)
  YESTERDAY        T             0.71 1998   0.05  -0.05     0.01
  MONTH TO DATE    0.77                      0.93  -0.16     2.76
  SINCE SEP 1      0.77                      0.93  -0.16     2.76
  SINCE JAN 1     20.54                     13.22   7.32    17.77

DEGREE DAYS
 HEATING
  YESTERDAY        0                        10    -10       19
  MONTH TO DATE  199                       130     69       38
  SINCE SEP 1    199                       130     69       38
  SINCE JUL 1    300                       216     84       78

 COOLING
  YESTERDAY        1                         1      0        0
  MONTH TO DATE    1                        30    -29       74
  SINCE SEP 1      1                        30    -29       74
  SINCE JAN 1    233                       416   -183      386
..................................................................


WIND (MPH)
  HIGHEST WIND SPEED    32   HIGHEST WIND DIRECTION     W (280)
  HIGHEST GUST SPEED    39   HIGHEST GUST DIRECTION     W (290)
  AVERAGE WIND SPEED    13.5


SKY COVER
  POSSIBLE SUNSHINE  MM
  AVERAGE SKY COVER 0.1


WEATHER CONDITIONS
 THE FOLLOWING WEATHER WAS RECORDED YESTERDAY.
  LIGHT RAIN


RELATIVE HUMIDITY (PERCENT)
 HIGHEST    77           800 PM
 LOWEST     35          1200 PM
 AVERAGE    56

..........................................................


THE DICKINSON ND CLIMATE NORMALS FOR TODAY
                         NORMAL    RECORD    YEAR
 MAXIMUM TEMPERATURE (F)   69        94      1938
 MINIMUM TEMPERATURE (F)   41        23      1995


SUNRISE AND SUNSET
SEPTEMBER 20 2014.....SUNRISE   635 AM MDT   SUNSET   653 PM MDT
SEPTEMBER 21 2014.....SUNRISE   637 AM MDT   SUNSET   651 PM MDT


-  INDICATES NEGATIVE NUMBERS.
R  INDICATES RECORD WAS SET OR TIED.
MM INDICATES DATA IS MISSING.
T  INDICATES TRACE AMOUNT.




$$
