000
CDUS43 KBIS 230730
CLIDIK


CLIMATE REPORT
NATIONAL WEATHER SERVICE BISMARCK ND
229 AM CDT FRI JUN 23 2017


...................................

...THE DICKINSON ND CLIMATE SUMMARY FOR JUNE 22 2017...

CLIMATE NORMAL PERIOD 1981 TO 2010
CLIMATE RECORD PERIOD 1893 TO 2017


WEATHER ITEM   OBSERVED TIME   RECORD YEAR NORMAL DEPARTURE LAST
                VALUE   (LST)  VALUE       VALUE  FROM      YEAR
                                                  NORMAL
..................................................................
TEMPERATURE (F)
 YESTERDAY
  MAXIMUM         74   1243 PM 101    1900  78     -4       71
  MINIMUM         45    359 AM  34    1942  51     -6       46
  AVERAGE         60                        64     -4       59

PRECIPITATION (IN)
  YESTERDAY        0.00          0.91 1957   0.11  -0.11     0.00
  MONTH TO DATE    0.58                      2.36  -1.78     2.00
  SINCE JUN 1      0.58                      2.36  -1.78     2.00
  SINCE JAN 1      2.91                      7.47  -4.56     6.42

DEGREE DAYS
 HEATING
  YESTERDAY        5                         3      2        6
  MONTH TO DATE   48                       116    -68       46
  SINCE JUN 1     48                       116    -68       46
  SINCE JUL 1   8251                      8556   -305     7383

 COOLING
  YESTERDAY        0                         2     -2        0
  MONTH TO DATE   38                        31      7       45
  SINCE JUN 1     38                        31      7       45
  SINCE JAN 1     48                        41      7       48
..................................................................


WIND (MPH)
  HIGHEST WIND SPEED    37   HIGHEST WIND DIRECTION    NW (300)
  HIGHEST GUST SPEED    46   HIGHEST GUST DIRECTION    NW (300)
  AVERAGE WIND SPEED    19.7


SKY COVER
  POSSIBLE SUNSHINE  MM
  AVERAGE SKY COVER 0.4


WEATHER CONDITIONS
 THE FOLLOWING WEATHER WAS RECORDED YESTERDAY.
  NO SIGNIFICANT WEATHER WAS OBSERVED.


RELATIVE HUMIDITY (PERCENT)
 HIGHEST    83           400 AM
 LOWEST     16           400 PM
 AVERAGE    50

..........................................................


THE DICKINSON ND CLIMATE NORMALS FOR TODAY
                         NORMAL    RECORD    YEAR
 MAXIMUM TEMPERATURE (F)   78       102      1988
 MINIMUM TEMPERATURE (F)   51        33      1942


SUNRISE AND SUNSET
JUNE 23 2017..........SUNRISE   458 AM MDT   SUNSET   849 PM MDT
JUNE 24 2017..........SUNRISE   458 AM MDT   SUNSET   849 PM MDT


-  INDICATES NEGATIVE NUMBERS.
R  INDICATES RECORD WAS SET OR TIED.
MM INDICATES DATA IS MISSING.
T  INDICATES TRACE AMOUNT.




$$
