000
CDUS43 KBIS 210726
CLIDIK


CLIMATE REPORT
NATIONAL WEATHER SERVICE BISMARCK ND
225 AM CDT MON AUG 21 2017


...................................

...THE DICKINSON ND CLIMATE SUMMARY FOR AUGUST 20 2017...

CLIMATE NORMAL PERIOD 1981 TO 2010
CLIMATE RECORD PERIOD 1893 TO 2017


WEATHER ITEM   OBSERVED TIME   RECORD YEAR NORMAL DEPARTURE LAST
                VALUE   (LST)  VALUE       VALUE  FROM      YEAR
                                                  NORMAL
..................................................................
TEMPERATURE (F)
 YESTERDAY
  MAXIMUM         73    359 PM  98    1903  83    -10       71
  MINIMUM         49    512 AM  33    1895  53     -4       43
  AVERAGE         61                        68     -7       57

PRECIPITATION (IN)
  YESTERDAY        0.00          1.24 1918   0.04  -0.04     0.00
  MONTH TO DATE    1.96                      0.99   0.97     0.61
  SINCE JUN 1      4.71                      6.63  -1.92     7.17
  SINCE JAN 1      7.07                     11.74  -4.67    11.59

DEGREE DAYS
 HEATING
  YESTERDAY        4                         2      2        8
  MONTH TO DATE   43                        23     20       27
  SINCE JUN 1    135                       194    -59      103
  SINCE JUL 1     43                        57    -14       44

 COOLING
  YESTERDAY        0                         5     -5        0
  MONTH TO DATE   30                       114    -84       70
  SINCE JUN 1    395                       333     62      261
  SINCE JAN 1    405                       343     62      264
..................................................................


WIND (MPH)
  HIGHEST WIND SPEED    17   HIGHEST WIND DIRECTION     S (160)
  HIGHEST GUST SPEED    23   HIGHEST GUST DIRECTION     N (340)
  AVERAGE WIND SPEED     7.1


SKY COVER
  POSSIBLE SUNSHINE  MM
  AVERAGE SKY COVER 0.2


WEATHER CONDITIONS
 THE FOLLOWING WEATHER WAS RECORDED YESTERDAY.
  THUNDERSTORM


RELATIVE HUMIDITY (PERCENT)
 HIGHEST    80           300 AM
 LOWEST     35          1200 PM
 AVERAGE    58

..........................................................


THE DICKINSON ND CLIMATE NORMALS FOR TODAY
                         NORMAL    RECORD    YEAR
 MAXIMUM TEMPERATURE (F)   83       100      1947
 MINIMUM TEMPERATURE (F)   53        35      1945


SUNRISE AND SUNSET
AUGUST 21 2017........SUNRISE   557 AM MDT   SUNSET   751 PM MDT
AUGUST 22 2017........SUNRISE   558 AM MDT   SUNSET   749 PM MDT


-  INDICATES NEGATIVE NUMBERS.
R  INDICATES RECORD WAS SET OR TIED.
MM INDICATES DATA IS MISSING.
T  INDICATES TRACE AMOUNT.




$$
