000
CDUS43 KDLH 240633
CLIDLH


CLIMATE REPORT
NATIONAL WEATHER SERVICE DULUTH MN
132 AM CDT THU AUG 24 2017


...................................

...THE DULUTH MN CLIMATE SUMMARY FOR AUGUST 23 2017...

CLIMATE NORMAL PERIOD 1981 TO 2010
CLIMATE RECORD PERIOD 1870 TO 2017


WEATHER ITEM   OBSERVED TIME   RECORD YEAR NORMAL DEPARTURE LAST
                VALUE   (LST)  VALUE       VALUE  FROM      YEAR
                                                  NORMAL
..................................................................
TEMPERATURE (F)
 YESTERDAY
  MAXIMUM         67    348 PM  94    1947  73     -6       85
  MINIMUM         48    538 AM  36    1977  54     -6       66
  AVERAGE         58                        63     -5       76

PRECIPITATION (IN)
  YESTERDAY        0.05          2.72 1978   0.12  -0.07     0.00
  MONTH TO DATE    5.08                      2.70   2.38     2.91
  SINCE JUN 1     14.40                     10.78   3.62    11.76
  SINCE JAN 1     25.54                     19.70   5.84    21.87

SNOWFALL (IN)
  YESTERDAY        0.0           T    1998   0.0    0.0      0.0
  MONTH TO DATE    0.0                       0.0    0.0      0.0
  SINCE JUN 1      T                         0.0    0.0       T
  SINCE JUL 1      T                         0.0    0.0      0.0
  SNOW DEPTH       0

DEGREE DAYS
 HEATING
  YESTERDAY        7                         3      4        0
  MONTH TO DATE   72                        53     19       16
  SINCE JUN 1    256                       295    -39      187
  SINCE JUL 1    125                       116      9       45

 COOLING
  YESTERDAY        0                         2     -2       11
  MONTH TO DATE   17                        56    -39       98
  SINCE JUN 1    100                       176    -76      244
  SINCE JAN 1    100                       180    -80      253
..................................................................


WIND (MPH)
  HIGHEST WIND SPEED    15   HIGHEST WIND DIRECTION    NW (330)
  HIGHEST GUST SPEED    21   HIGHEST GUST DIRECTION    NW (310)
  AVERAGE WIND SPEED     6.8


SKY COVER
  AVERAGE SKY COVER 0.5


WEATHER CONDITIONS
 THE FOLLOWING WEATHER WAS RECORDED YESTERDAY.
  LIGHT RAIN
  FOG


RELATIVE HUMIDITY (PERCENT)
 HIGHEST   100           400 AM
 LOWEST     52           100 PM
 AVERAGE    76

..........................................................


THE DULUTH MN CLIMATE NORMALS FOR TODAY
                         NORMAL    RECORD    YEAR
 MAXIMUM TEMPERATURE (F)   73        94      1948
 MINIMUM TEMPERATURE (F)   53        35      1977


SUNRISE AND SUNSET
AUGUST 24 2017........SUNRISE   618 AM CDT   SUNSET   802 PM CDT
AUGUST 25 2017........SUNRISE   619 AM CDT   SUNSET   800 PM CDT


-  INDICATES NEGATIVE NUMBERS.
R  INDICATES RECORD WAS SET OR TIED.
MM INDICATES DATA IS MISSING.
T  INDICATES TRACE AMOUNT.




$$
