000
CDUS43 KDLH 270628
CLIDLH


CLIMATE REPORT
NATIONAL WEATHER SERVICE DULUTH MN
128 AM CDT WED JUL 27 2016


...................................

...THE DULUTH MN CLIMATE SUMMARY FOR JULY 26 2016...

CLIMATE NORMAL PERIOD 1981 TO 2010
CLIMATE RECORD PERIOD 1870 TO 2016


WEATHER ITEM   OBSERVED TIME   RECORD YEAR NORMAL DEPARTURE LAST
                VALUE   (LST)  VALUE       VALUE  FROM      YEAR
                                                  NORMAL
..................................................................
TEMPERATURE (F)
 YESTERDAY
  MAXIMUM         83    214 PM  92    1930  77      6       89
                                      1929
  MINIMUM         66   1249 AM  40    1991  56     10       64
  AVERAGE         75                        66      9       77

PRECIPITATION (IN)
  YESTERDAY        0.02          1.67 1921   0.10  -0.08     0.00
  MONTH TO DATE    4.37                      3.29   1.08     3.01
  SINCE JUN 1      8.83                      7.52   1.31     6.65
  SINCE JAN 1     18.94                     16.44   2.50    13.04

SNOWFALL (IN)
  YESTERDAY        0.0           0.0  2002   0.0    0.0      0.0
                                      2001
  MONTH TO DATE    0.0                       0.0    0.0      0.0
  SINCE JUN 1      T                         0.0    0.0       T
  SINCE JUL 1      0.0                       0.0    0.0      0.0
  SNOW DEPTH       0

DEGREE DAYS
 HEATING
  YESTERDAY        0                         2     -2        0
  MONTH TO DATE   21                        58    -37       15
  SINCE JUN 1    163                       237    -74      136
  SINCE JUL 1     21                        58    -37       15

 COOLING
  YESTERDAY       10                         3      7       12
  MONTH TO DATE  100                        75     25      119
  SINCE JUN 1    143                       105     38      141
  SINCE JAN 1    152                       109     43      145
..................................................................


WIND (MPH)
  HIGHEST WIND SPEED    17   HIGHEST WIND DIRECTION     W (250)
  HIGHEST GUST SPEED    22   HIGHEST GUST DIRECTION     W (270)
  AVERAGE WIND SPEED     8.6


SKY COVER
  AVERAGE SKY COVER 0.4


WEATHER CONDITIONS
 THE FOLLOWING WEATHER WAS RECORDED YESTERDAY.
  LIGHT RAIN


RELATIVE HUMIDITY (PERCENT)
 HIGHEST    87          1200 AM
 LOWEST     58          1200 PM
 AVERAGE    73

..........................................................


THE DULUTH MN CLIMATE NORMALS FOR TODAY
                         NORMAL    RECORD    YEAR
 MAXIMUM TEMPERATURE (F)   77        94      1931
                                             1894
 MINIMUM TEMPERATURE (F)   56        42      1981


SUNRISE AND SUNSET
JULY 27 2016..........SUNRISE   543 AM CDT   SUNSET   846 PM CDT
JULY 28 2016..........SUNRISE   544 AM CDT   SUNSET   845 PM CDT


-  INDICATES NEGATIVE NUMBERS.
R  INDICATES RECORD WAS SET OR TIED.
MM INDICATES DATA IS MISSING.
T  INDICATES TRACE AMOUNT.




$$
