000
CDUS45 KTFX 180846
CLIDLN


CLIMATE REPORT
NATIONAL WEATHER SERVICE GREAT FALLS MT
145 AM MST SUN FEB 18 2018


...................................

...THE DILLON AIRPORT MT CLIMATE SUMMARY FOR FEBRUARY 17 2018...

CLIMATE NORMAL PERIOD 1981 TO 2010
CLIMATE RECORD PERIOD 1929 TO 2018


WEATHER ITEM   OBSERVED TIME   RECORD YEAR NORMAL DEPARTURE LAST
                VALUE   (LST)  VALUE       VALUE  FROM      YEAR
                                                  NORMAL
..................................................................
TEMPERATURE (F)
 YESTERDAY
  MAXIMUM         38    658 PM  56    1977  38      0       47
  MINIMUM         16    339 AM -40    1936  15      1       31
  AVERAGE         27                        26      1       39

PRECIPITATION (IN)
  YESTERDAY        0.03          0.08 1961   0.01   0.02     0.00
  MONTH TO DATE    0.04                      0.13  -0.09     0.06
  SINCE OCT 1      1.64                      1.81  -0.17     2.66
  SINCE JAN 1      0.51                      0.41   0.10     0.12

SNOWFALL (IN)
  YESTERDAY       MM
  SNOW DEPTH       0

DEGREE DAYS
 HEATING
  YESTERDAY       38                               -1       26
  MONTH TO DATE  727                               45      628
  SINCE DEC 1   3282                              -80     3791
  SINCE JUL 1   5325                             -188     5574

 COOLING
  YESTERDAY        0                                0        0
  MONTH TO DATE    0                                0        0
  SINCE DEC 1      0                                0        0
  SINCE JAN 1      0                                0        0
..................................................................


WIND (MPH)
  HIGHEST WIND SPEED    52   HIGHEST WIND DIRECTION    SW (240)
  HIGHEST GUST SPEED    63   HIGHEST GUST DIRECTION    SW (240)
  AVERAGE WIND SPEED    14.4


SKY COVER
  AVERAGE SKY COVER 0.8


WEATHER CONDITIONS
 THE FOLLOWING WEATHER WAS RECORDED YESTERDAY.
  LIGHT SNOW
  FOG


RELATIVE HUMIDITY (PERCENT)
 HIGHEST   100
 LOWEST     38
 AVERAGE    69

..........................................................


THE DILLON AIRPORT MT CLIMATE NORMALS FOR TODAY
                         NORMAL    RECORD    YEAR
 MAXIMUM TEMPERATURE (F)   38        61      1958
 MINIMUM TEMPERATURE (F)   16       -18      2006


SUNRISE AND SUNSET
FEBRUARY 18 2018......SUNRISE   727 AM MST   SUNSET   602 PM MST
FEBRUARY 19 2018......SUNRISE   725 AM MST   SUNSET   604 PM MST


-  INDICATES NEGATIVE NUMBERS.
R  INDICATES RECORD WAS SET OR TIED.
MM INDICATES DATA IS MISSING.
T  INDICATES TRACE AMOUNT.




$$
