000
CDUS45 KTFX 281014
CLIDLN


CLIMATE REPORT
NATIONAL WEATHER SERVICE GREAT FALLS MT
412 AM MDT SUN AUG 28 2016


...................................

...THE DILLON AIRPORT MT CLIMATE SUMMARY FOR AUGUST 27 2016...

CLIMATE NORMAL PERIOD 1981 TO 2010
CLIMATE RECORD PERIOD 1929 TO 2016


WEATHER ITEM   OBSERVED TIME   RECORD YEAR NORMAL DEPARTURE LAST
                VALUE   (LST)  VALUE       VALUE  FROM      YEAR
                                                  NORMAL
..................................................................
TEMPERATURE (F)
 YESTERDAY
  MAXIMUM         81    331 PM  90    2012  78      3       86
                                      2011
                                      2001
  MINIMUM         42    327 AM  36    1976  46     -4       55
  AVERAGE         62                        62      0       71

PRECIPITATION (IN)
  YESTERDAY        0.00          0.34 1966   0.04  -0.04      T
  MONTH TO DATE    0.12                      0.90  -0.78     0.28
  SINCE OCT 1      7.61                      9.55  -1.94     7.85
  SINCE JAN 1      5.53                      8.15  -2.62     6.69

SNOWFALL (IN)
  YESTERDAY       MM
  SNOW DEPTH       0

DEGREE DAYS
 HEATING
  YESTERDAY        3                               -1        0
  MONTH TO DATE   72                               10       54
  SINCE JUN 1    234                             -106      179
  SINCE JUL 1    126                                9      103

 COOLING
  YESTERDAY        0                               -1        6
  MONTH TO DATE   23                              -26       85
  SINCE JUN 1    140                               -2      228
  SINCE JAN 1    140                               -3      228
..................................................................


WIND (MPH)
  HIGHEST WIND SPEED    24   HIGHEST WIND DIRECTION    SW (230)
  HIGHEST GUST SPEED    29   HIGHEST GUST DIRECTION    SW (210)
  AVERAGE WIND SPEED    11.1


SKY COVER
  AVERAGE SKY COVER 0.0


WEATHER CONDITIONS
 THE FOLLOWING WEATHER WAS RECORDED YESTERDAY.
  HAZE


RELATIVE HUMIDITY (PERCENT)
 HIGHEST    65
 LOWEST     14
 AVERAGE    40

..........................................................


THE DILLON AIRPORT MT CLIMATE NORMALS FOR TODAY
                         NORMAL    RECORD    YEAR
 MAXIMUM TEMPERATURE (F)   78        95      2012
 MINIMUM TEMPERATURE (F)   45        32      1960


SUNRISE AND SUNSET
AUGUST 28 2016........SUNRISE   648 AM MDT   SUNSET   814 PM MDT
AUGUST 29 2016........SUNRISE   649 AM MDT   SUNSET   812 PM MDT


-  INDICATES NEGATIVE NUMBERS.
R  INDICATES RECORD WAS SET OR TIED.
MM INDICATES DATA IS MISSING.
T  INDICATES TRACE AMOUNT.




$$
