000
CDUS45 KTFX 292230
CLIDLN


CLIMATE REPORT
NATIONAL WEATHER SERVICE GREAT FALLS MT
430 PM MDT SAT APR 29 2017


...................................

...THE DILLON AIRPORT MT CLIMATE SUMMARY FOR APRIL 29 2017...
VALID TODAY AS OF 0400 PM LOCAL TIME.

CLIMATE NORMAL PERIOD 1981 TO 2010
CLIMATE RECORD PERIOD 1929 TO 2017


WEATHER ITEM   OBSERVED TIME   RECORD YEAR NORMAL DEPARTURE LAST
                VALUE   (LST)  VALUE       VALUE  FROM      YEAR
                                                  NORMAL
..................................................................
TEMPERATURE (F)
 TODAY
  MAXIMUM         55    259 PM  80    1992  59     -4       52
  MINIMUM         32    518 AM  14    2011  32      0       33
  AVERAGE         44                        46     -2       43

PRECIPITATION (IN)
  TODAY            0.00          0.37 2003   0.04  -0.04     0.04
  MONTH TO DATE    1.88                      1.00   0.88     1.13
  SINCE OCT 1      5.28                      3.48   1.80     3.80
  SINCE JAN 1      2.74                      2.08   0.66     1.72

DEGREE DAYS
 HEATING
  TODAY           21                        19      2       22
  MONTH TO DATE  664                       683    -19      530
  SINCE MAR 1   1400                      1633   -233     1384
  SINCE JUL 1   7355                      7550   -195     6884

 COOLING
  TODAY            0                         0      0        0
  MONTH TO DATE    0                         0      0        0
  SINCE MAR 1      0                         0      0        0
  SINCE JAN 1      0                         0      0        0
..................................................................


WIND (MPH)
  HIGHEST WIND SPEED    17   HIGHEST WIND DIRECTION     S (190)
  HIGHEST GUST SPEED    23   HIGHEST GUST DIRECTION     S (200)
  AVERAGE WIND SPEED     3.7


SKY COVER
  AVERAGE SKY COVER 0.5


WEATHER CONDITIONS
 THE FOLLOWING WEATHER WAS RECORDED TODAY.
  NO SIGNIFICANT WEATHER WAS OBSERVED.


RELATIVE HUMIDITY (PERCENT)
 HIGHEST    82
 LOWEST     24
 AVERAGE    53

..........................................................


THE DILLON AIRPORT MT CLIMATE NORMALS FOR TOMORROW
                         NORMAL    RECORD    YEAR
 MAXIMUM TEMPERATURE (F)   60        78      1981
 MINIMUM TEMPERATURE (F)   32        16      1950


SUNRISE AND SUNSET
APRIL 29 2017.........SUNRISE   621 AM MDT   SUNSET   834 PM MDT
APRIL 30 2017.........SUNRISE   620 AM MDT   SUNSET   836 PM MDT


-  INDICATES NEGATIVE NUMBERS.
R  INDICATES RECORD WAS SET OR TIED.
MM INDICATES DATA IS MISSING.
T  INDICATES TRACE AMOUNT.




$$
