000
CDUS45 KTFX 302216
CLIDLN


CLIMATE REPORT
NATIONAL WEATHER SERVICE GREAT FALLS MT
415 PM MDT SAT AUG 30 2014


...................................

...THE DILLON AIRPORT MT CLIMATE SUMMARY FOR AUGUST 30 2014...
VALID TODAY AS OF 0400 PM LOCAL TIME.

CLIMATE NORMAL PERIOD 1981 TO 2010
CLIMATE RECORD PERIOD 1929 TO 2014


WEATHER ITEM   OBSERVED TIME   RECORD YEAR NORMAL DEPARTURE LAST
                VALUE   (LST)  VALUE       VALUE  FROM      YEAR
                                                  NORMAL
..................................................................
TEMPERATURE (F)
 TODAY
  MAXIMUM         67    100 PM  93    1954  77    -10       87
  MINIMUM         52    200 PM  31    1965  45      7       50
  AVERAGE         60                        61     -1       69

PRECIPITATION (IN)
  TODAY            0.09          0.70 1986   0.03   0.06     0.00
  MONTH TO DATE    2.60                      1.01   1.59     1.58
  SINCE OCT 1      9.18                      9.66  -0.48     8.02
  SINCE JAN 1      8.69                      8.26   0.43     7.00

SNOWFALL (IN)
  TODAY            0.0
  SNOW DEPTH      MM

DEGREE DAYS
 HEATING
  TODAY            5                         5      0        0
  MONTH TO DATE   69                        76     -7        6
  SINCE JUN 1    335                       354    -19      194
  SINCE JUL 1     85                       131    -46        6

 COOLING
  TODAY            0                         1     -1        4
  MONTH TO DATE   52                        52      0       69
  SINCE JUN 1    164                       145     19      222
  SINCE JAN 1    164                       146     18      225
..................................................................


WIND (MPH)
  HIGHEST WIND SPEED    31   HIGHEST WIND DIRECTION     W (290)
  HIGHEST GUST SPEED    39   HIGHEST GUST DIRECTION    NW (300)
  AVERAGE WIND SPEED     7.2


SKY COVER
  AVERAGE SKY COVER 0.4


WEATHER CONDITIONS
 THE FOLLOWING WEATHER WAS RECORDED TODAY.
  THUNDERSTORM
  LIGHT RAIN


RELATIVE HUMIDITY (PERCENT)
 HIGHEST    93
 LOWEST     48
 AVERAGE    71

..........................................................


THE DILLON AIRPORT MT CLIMATE NORMALS FOR TOMORROW
                         NORMAL    RECORD    YEAR
 MAXIMUM TEMPERATURE (F)   77        96      1955
 MINIMUM TEMPERATURE (F)   45        30      2006
                                             1977


SUNRISE AND SUNSET
AUGUST 30 2014........SUNRISE   650 AM MDT   SUNSET   811 PM MDT
AUGUST 31 2014........SUNRISE   651 AM MDT   SUNSET   809 PM MDT


-  INDICATES NEGATIVE NUMBERS.
R  INDICATES RECORD WAS SET OR TIED.
MM INDICATES DATA IS MISSING.
T  INDICATES TRACE AMOUNT.




$$
