000
CDUS45 KTFX 030953
CLIDLN


CLIMATE REPORT
NATIONAL WEATHER SERVICE GREAT FALLS MT
250 AM MST TUE MAR 3 2015


...................................

...THE DILLON AIRPORT MT CLIMATE SUMMARY FOR MARCH 2 2015...

CLIMATE NORMAL PERIOD 1981 TO 2010
CLIMATE RECORD PERIOD 1929 TO 2015


WEATHER ITEM   OBSERVED TIME   RECORD YEAR NORMAL DEPARTURE LAST
                VALUE   (LST)  VALUE       VALUE  FROM      YEAR
                                                  NORMAL
..................................................................
TEMPERATURE (F)
 YESTERDAY
  MAXIMUM         43    402 PM  61    1992  42      1       38
  MINIMUM         12    532 AM -22    1960  19     -7       -2
  AVERAGE         28                        30     -2       18

PRECIPITATION (IN)
  YESTERDAY        T             0.22 1982   0.01  -0.01     0.01
  MONTH TO DATE    T                         0.02  -0.02     0.01
  SINCE OCT 1      1.35                      1.94  -0.59     0.73
  SINCE JAN 1      0.19                      0.54  -0.35     0.24

SNOWFALL (IN)
  YESTERDAY       MM
  SNOW DEPTH       0

DEGREE DAYS
 HEATING
  YESTERDAY       37                                2       47
  MONTH TO DATE   83                               13      115
  SINCE MAR 1     83                               13      115
  SINCE JUL 1   5195                             -792     5895

 COOLING
  YESTERDAY        0                                0        0
  MONTH TO DATE    0                                0        0
  SINCE MAR 1      0                                0        0
  SINCE JAN 1      0                                0        0
..................................................................


WIND (MPH)
  HIGHEST WIND SPEED    30   HIGHEST WIND DIRECTION    NE (40)
  HIGHEST GUST SPEED    36   HIGHEST GUST DIRECTION    NE (40)
  AVERAGE WIND SPEED    11.9


SKY COVER
  AVERAGE SKY COVER 0.2


WEATHER CONDITIONS
 THE FOLLOWING WEATHER WAS RECORDED YESTERDAY.
  LIGHT SNOW
  FOG


RELATIVE HUMIDITY (PERCENT)
 HIGHEST    67
 LOWEST     18
 AVERAGE    43

..........................................................


THE DILLON AIRPORT MT CLIMATE NORMALS FOR TODAY
                         NORMAL    RECORD    YEAR
 MAXIMUM TEMPERATURE (F)   43        62      1986
 MINIMUM TEMPERATURE (F)   19       -16      1976


SUNRISE AND SUNSET
MARCH  3 2015.........SUNRISE   705 AM MST   SUNSET   620 PM MST
MARCH  4 2015.........SUNRISE   703 AM MST   SUNSET   621 PM MST


-  INDICATES NEGATIVE NUMBERS.
R  INDICATES RECORD WAS SET OR TIED.
MM INDICATES DATA IS MISSING.
T  INDICATES TRACE AMOUNT.




$$
