000
CDUS41 KLWX 240528
CLIDMH


CLIMATE REPORT
NATIONAL WEATHER SERVICE BALTIMORE MD/WASHINGTON DC
128 AM EDT WED SEP 24 2014


...................................

...THE BALTIMORE INNER HARBOR MD CLIMATE SUMMARY FOR SEPTEMBER 23 2014...

CLIMATE NORMAL PERIOD 1981 TO 2010
CLIMATE RECORD PERIOD 9999 TO 9999


WEATHER ITEM   OBSERVED TIME   RECORD YEAR NORMAL DEPARTURE LAST
                VALUE   (LST)  VALUE       VALUE  FROM      YEAR
                                                  NORMAL
..................................................................
TEMPERATURE (F)
 YESTERDAY
  MAXIMUM         71    222 PM  MM      MM  77     -6       69
  MINIMUM         54    626 AM  MM      MM  61     -7       58
  AVERAGE         63                        69     -6       64

PRECIPITATION (IN)
  YESTERDAY        0.00         MM      MM   0.14  -0.14     0.00
  MONTH TO DATE    0.76                      3.06  -2.30     1.67
  SINCE SEP 1      0.76                      3.06  -2.30     1.67
  SINCE JAN 1     40.37                     30.43   9.94    29.65

DEGREE DAYS
 HEATING
  YESTERDAY        2                         1      1        1
  MONTH TO DATE    3                         5     -2        5
  SINCE SEP 1      3                         5     -2        5
  SINCE JUL 1      3                         5     -2        5

 COOLING
  YESTERDAY        0                         5     -5        0
  MONTH TO DATE  189                       198     -9      219
  SINCE SEP 1    189                       198     -9      219
  SINCE JAN 1   1407                      1594   -187     1893
..................................................................


WIND (MPH)
  HIGHEST WIND SPEED    MM   HIGHEST WIND DIRECTION    MM
  HIGHEST GUST SPEED    MM   HIGHEST GUST DIRECTION    MM
  AVERAGE WIND SPEED    MM


SKY COVER
  POSSIBLE SUNSHINE  MM



RELATIVE HUMIDITY (PERCENT)
 HIGHEST    69          1100 PM
 LOWEST     37           100 PM
 AVERAGE    53

..........................................................


THE BALTIMORE INNER HARBOR MD CLIMATE NORMALS FOR TODAY
                         NORMAL
 MAXIMUM TEMPERATURE (F)   77
 MINIMUM TEMPERATURE (F)   60


SUNRISE AND SUNSET
SEPTEMBER 24 2014.....SUNRISE   656 AM EDT   SUNSET   700 PM EDT
SEPTEMBER 25 2014.....SUNRISE   657 AM EDT   SUNSET   659 PM EDT


-  INDICATES NEGATIVE NUMBERS.
R  INDICATES RECORD WAS SET OR TIED.
MM INDICATES DATA IS MISSING.
T  INDICATES TRACE AMOUNT.




$$
