000
CDUS41 KLWX 282142
CLIDMH


CLIMATE REPORT
NATIONAL WEATHER SERVICE BALTIMORE MD/WASHINGTON DC
542 PM EDT THU AUG 28 2014


...................................

...THE BALTIMORE INNER HARBOR MD CLIMATE SUMMARY FOR AUGUST 28 2014...
VALID TODAY AS OF 0500 PM LOCAL TIME.

CLIMATE NORMAL PERIOD 1981 TO 2010
CLIMATE RECORD PERIOD 9999 TO 9999


WEATHER ITEM   OBSERVED TIME   RECORD YEAR NORMAL DEPARTURE LAST
                VALUE   (LST)  VALUE       VALUE  FROM      YEAR
                                                  NORMAL
..................................................................
TEMPERATURE (F)
 TODAY
  MAXIMUM         83    320 PM  MM      MM  86     -3       89
  MINIMUM         74    824 AM  MM      MM  70      4       77
  AVERAGE         79                        78      1       83

PRECIPITATION (IN)
  TODAY            0.00         MM      MM   0.11  -0.11     0.03
  MONTH TO DATE    6.32                      3.06   3.26     1.67
  SINCE JUN 1     16.53                     10.95   5.58    13.82
  SINCE JAN 1     39.58                     27.04  12.54    27.98

DEGREE DAYS
 HEATING
  TODAY            0                         0      0        0
  MONTH TO DATE    0                         0      0        0
  SINCE JUN 1      0                         5     -5        0
  SINCE JUL 1      0                         0      0        0

 COOLING
  TODAY           14                        13      1       18
  MONTH TO DATE  303                       396    -93      390
  SINCE JUN 1   1053                      1221   -168     1389
  SINCE JAN 1   1183                      1360   -177     1619
..................................................................


WIND (MPH)
  HIGHEST WIND SPEED    MM   HIGHEST WIND DIRECTION    MM
  HIGHEST GUST SPEED    MM   HIGHEST GUST DIRECTION    MM
  AVERAGE WIND SPEED    MM


SKY COVER
  POSSIBLE SUNSHINE  MM



RELATIVE HUMIDITY (PERCENT)
 HIGHEST    79           600 AM
 LOWEST     43           300 PM
 AVERAGE    61

..........................................................


THE BALTIMORE INNER HARBOR MD CLIMATE NORMALS FOR TOMORROW
                         NORMAL    RECORD    YEAR
 MAXIMUM TEMPERATURE (F)   86        MM        MM
 MINIMUM TEMPERATURE (F)   69        MM        MM


SUNRISE AND SUNSET
AUGUST 28 2014........SUNRISE   631 AM EDT   SUNSET   743 PM EDT
AUGUST 29 2014........SUNRISE   632 AM EDT   SUNSET   742 PM EDT


-  INDICATES NEGATIVE NUMBERS.
R  INDICATES RECORD WAS SET OR TIED.
MM INDICATES DATA IS MISSING.
T  INDICATES TRACE AMOUNT.




$$
