000
CDUS45 KEPZ 300928
CLIDMN


CLIMATE REPORT
NATIONAL WEATHER SERVICE EL PASO, TX
327 AM MDT THU JUL 30 2015


...................................

...THE DEMING CLIMATE SUMMARY FOR JULY 29 2015...

CLIMATE NORMAL PERIOD 1981 TO 2010
CLIMATE RECORD PERIOD 2000 TO 2015


WEATHER ITEM   OBSERVED TIME   NORMAL DEPARTURE LAST
                VALUE   (LST)  VALUE  FROM      YEAR
                                      NORMAL
......................................................
TEMPERATURE (F)
 YESTERDAY
  MAXIMUM         92    325 PM  93              91
  MINIMUM         66    915 PM  67              71
  AVERAGE         79            80     -1       81

PRECIPITATION (IN)
  YESTERDAY        0.40          0.08   0.32     0.09
  MONTH TO DATE    3.62          2.03   1.59     1.49
  SINCE JUN 1      4.07          2.73   1.34     1.52
  SINCE JAN 1      6.70          5.14   1.56     2.09

......................................................


WIND (MPH)
  HIGHEST WIND SPEED    22   HIGHEST WIND DIRECTION     W (260)
  HIGHEST GUST SPEED    29   HIGHEST GUST DIRECTION    NE (50)
  AVERAGE WIND SPEED     6.2


SKY COVER
  AVERAGE SKY COVER 0.4


WEATHER CONDITIONS
 THE FOLLOWING WEATHER WAS RECORDED YESTERDAY.
  THUNDERSTORM
  HEAVY RAIN
  RAIN
  LIGHT RAIN
  FOG


RELATIVE HUMIDITY (PERCENT)
 HIGHEST    93           800 PM
 LOWEST     27           500 PM
 AVERAGE    60

..........................................................


THE DEMING CLIMATE NORMALS FOR TODAY
                         NORMAL
 MAXIMUM TEMPERATURE (F)   93
 MINIMUM TEMPERATURE (F)   66


SUNRISE AND SUNSET
JULY 30 2015..........SUNRISE   624 AM MDT   SUNSET   810 PM MDT
JULY 31 2015..........SUNRISE   625 AM MDT   SUNSET   809 PM MDT


-  INDICATES NEGATIVE NUMBERS.
R  INDICATES RECORD WAS SET OR TIED.
MM INDICATES DATA IS MISSING.
T  INDICATES TRACE AMOUNT.




$$
