842
CDUS45 KEPZ 010928
CLIDMN


CLIMATE REPORT
NATIONAL WEATHER SERVICE EL PASO, TX
227 AM MST WED MAR 1 2017


...................................

...THE DEMING CLIMATE SUMMARY FOR FEBRUARY 28 2017...

CLIMATE NORMAL PERIOD 1981 TO 2010
CLIMATE RECORD PERIOD 2000 TO 2017


WEATHER ITEM   OBSERVED TIME   NORMAL DEPARTURE LAST
                VALUE   (LST)  VALUE  FROM      YEAR
                                      NORMAL
......................................................
TEMPERATURE (F)
 YESTERDAY
  MAXIMUM         65    300 PM  64              78
  MINIMUM         44   1159 PM  33              35
  AVERAGE         55            49      6       57

PRECIPITATION (IN)
  YESTERDAY        0.00          0.02  -0.02     0.00
  MONTH TO DATE    0.48          0.59  -0.11     0.12
  SINCE DEC 1      4.72          2.09   2.63     0.90
  SINCE JAN 1      2.93          1.20   1.73     0.54

......................................................


WIND (MPH)
  HIGHEST WIND SPEED    37   HIGHEST WIND DIRECTION     W (270)
  HIGHEST GUST SPEED    51   HIGHEST GUST DIRECTION    SW (220)
  AVERAGE WIND SPEED    20.4


SKY COVER
  AVERAGE SKY COVER 0.2


WEATHER CONDITIONS
 THE FOLLOWING WEATHER WAS RECORDED YESTERDAY.
  HAZE


RELATIVE HUMIDITY (PERCENT)
 HIGHEST    60          1000 PM
 LOWEST     14          1100 AM
 AVERAGE    37

..........................................................


THE DEMING CLIMATE NORMALS FOR TODAY
                         NORMAL
 MAXIMUM TEMPERATURE (F)   65
 MINIMUM TEMPERATURE (F)   33


SUNRISE AND SUNSET
MARCH  1 2017.........SUNRISE   638 AM MST   SUNSET   609 PM MST
MARCH  2 2017.........SUNRISE   637 AM MST   SUNSET   609 PM MST


-  INDICATES NEGATIVE NUMBERS.
R  INDICATES RECORD WAS SET OR TIED.
MM INDICATES DATA IS MISSING.
T  INDICATES TRACE AMOUNT.




$$
