000
CDUS45 KEPZ 300932
CLIDMN


CLIMATE REPORT
NATIONAL WEATHER SERVICE EL PASO, TX
331 AM MDT SAT MAY 30 2015


...................................

...THE DEMING CLIMATE SUMMARY FOR MAY 29 2015...

CLIMATE NORMAL PERIOD 1981 TO 2010
CLIMATE RECORD PERIOD 2000 TO 2015


WEATHER ITEM   OBSERVED TIME   NORMAL DEPARTURE LAST
                VALUE   (LST)  VALUE  FROM      YEAR
                                      NORMAL
......................................................
TEMPERATURE (F)
 YESTERDAY
  MAXIMUM         93    249 PM  91              93
  MINIMUM         53    534 AM  55              70
  AVERAGE         73            73      0       82

PRECIPITATION (IN)
  YESTERDAY        0.00          0.00   0.00     0.00
  MONTH TO DATE    0.19          0.42  -0.23      T
  SINCE MAR 1      1.16          1.20  -0.04     0.57
  SINCE JAN 1      2.63          2.40   0.23     0.57

......................................................


WIND (MPH)
  HIGHEST WIND SPEED    22   HIGHEST WIND DIRECTION     W (280)
  HIGHEST GUST SPEED    28   HIGHEST GUST DIRECTION     W (260)
  AVERAGE WIND SPEED     7.6


SKY COVER
  AVERAGE SKY COVER 0.0


WEATHER CONDITIONS
 THE FOLLOWING WEATHER WAS RECORDED YESTERDAY.
  NO SIGNIFICANT WEATHER WAS OBSERVED.


RELATIVE HUMIDITY (PERCENT)
 HIGHEST    28           400 AM
 LOWEST      7           100 PM
 AVERAGE    18

..........................................................


THE DEMING CLIMATE NORMALS FOR TODAY
                         NORMAL
 MAXIMUM TEMPERATURE (F)   91
 MINIMUM TEMPERATURE (F)   55


SUNRISE AND SUNSET
MAY 30 2015...........SUNRISE   606 AM MDT   SUNSET   811 PM MDT
MAY 31 2015...........SUNRISE   605 AM MDT   SUNSET   812 PM MDT


-  INDICATES NEGATIVE NUMBERS.
R  INDICATES RECORD WAS SET OR TIED.
MM INDICATES DATA IS MISSING.
T  INDICATES TRACE AMOUNT.




$$
