000
CDUS43 KEAX 290032
CLIDMO


CLIMATE REPORT
NATIONAL WEATHER SERVICE KANSAS CITY/PLEASANT HILL MO
732 PM CDT SAT MAR 28 2015


...................................

...THE SEDALIA MO CLIMATE SUMMARY FOR MARCH 28 2015...
VALID TODAY AS OF 0700 PM LOCAL TIME.

CLIMATE NORMAL PERIOD 1981 TO 2010
CLIMATE RECORD PERIOD 9999 TO 9999


WEATHER ITEM   OBSERVED TIME   NORMAL DEPARTURE LAST
                VALUE   (LST)  VALUE  FROM      YEAR
                                      NORMAL
......................................................
TEMPERATURE (F)
 TODAY
  MAXIMUM         52    348 PM  61     -9       49
  MINIMUM         34    339 AM  40     -6       37
  AVERAGE         43            51     -8       43

PRECIPITATION (IN)
  TODAY            0.01          0.10  -0.09     0.00
  MONTH TO DATE    1.12          2.34  -1.22     0.93
  SINCE MAR 1      1.12          2.34  -1.22     0.93
  SINCE JAN 1      3.20          5.94  -2.74     1.87

DEGREE DAYS
 HEATING
  TODAY           22            15      7       22
  MONTH TO DATE  513           543    -30      659
  SINCE MAR 1    513           543    -30      659
  SINCE JUL 1   4361          4160    201     4878

 COOLING
  TODAY            0             0      0        0
  MONTH TO DATE    1             0      1        0
  SINCE MAR 1      1             0      1        0
  SINCE JAN 1      1             0      1        0
......................................................


WIND (MPH)
  HIGHEST WIND SPEED    16   HIGHEST WIND DIRECTION     E (110)
  HIGHEST GUST SPEED    21   HIGHEST GUST DIRECTION     E (100)
  AVERAGE WIND SPEED     9.5


SKY COVER
  AVERAGE SKY COVER 0.7


WEATHER CONDITIONS
 THE FOLLOWING WEATHER WAS RECORDED TODAY.
  LIGHT SNOW
  FOG


RELATIVE HUMIDITY (PERCENT)
 HIGHEST    82           400 AM
 LOWEST     44           400 PM
 AVERAGE    63

..........................................................


THE SEDALIA MO CLIMATE NORMALS FOR TOMORROW
                         NORMAL
 MAXIMUM TEMPERATURE (F)   62
 MINIMUM TEMPERATURE (F)   40


SUNRISE AND SUNSET
MARCH 28 2015.........SUNRISE   704 AM CDT   SUNSET   732 PM CDT
MARCH 29 2015.........SUNRISE   702 AM CDT   SUNSET   733 PM CDT


-  INDICATES NEGATIVE NUMBERS.
R  INDICATES RECORD WAS SET OR TIED.
MM INDICATES DATA IS MISSING.
T  INDICATES TRACE AMOUNT.




$$
