000
CDUS43 KEAX 190033
CLIDMO


CLIMATE REPORT
NATIONAL WEATHER SERVICE KANSAS CITY/PLEASANT HILL MO
633 PM CST THU DEC 18 2014


...................................

...THE SEDALIA MO CLIMATE SUMMARY FOR DECEMBER 18 2014...
VALID TODAY AS OF 0600 PM LOCAL TIME.

CLIMATE NORMAL PERIOD 1981 TO 2010
CLIMATE RECORD PERIOD 9999 TO 9999


WEATHER ITEM   OBSERVED TIME   NORMAL DEPARTURE LAST
                VALUE   (LST)  VALUE  FROM      YEAR
                                      NORMAL
......................................................
TEMPERATURE (F)
 TODAY
  MAXIMUM         34    559 PM  42     -8       62
  MINIMUM         31    902 AM  25      6       27
  AVERAGE         33            34     -1       45

PRECIPITATION (IN)
  TODAY            0.06          0.06   0.00     0.00
  MONTH TO DATE    1.61          1.24   0.37     1.18
  SINCE DEC 1      1.61          1.24   0.37     1.18
  SINCE JAN 1     34.94         40.03  -5.09    40.24

DEGREE DAYS
 HEATING
  TODAY           32            31      1       20
  MONTH TO DATE  472           514    -42      594
  SINCE DEC 1    472           514    -42      594
  SINCE JUL 1   1457          1359     98     1543

 COOLING
  TODAY            0             0      0        0
  MONTH TO DATE    0             0      0        0
  SINCE DEC 1      0             0      0        0
  SINCE JAN 1   1409          1490    -81     1485
......................................................


WIND (MPH)
  HIGHEST WIND SPEED    10   HIGHEST WIND DIRECTION     E (110)
  HIGHEST GUST SPEED    16   HIGHEST GUST DIRECTION    NE (50)
  AVERAGE WIND SPEED     5.7


SKY COVER
  AVERAGE SKY COVER 1.0


WEATHER CONDITIONS
 THE FOLLOWING WEATHER WAS RECORDED TODAY.
  LIGHT SNOW
  FOG


RELATIVE HUMIDITY (PERCENT)
 HIGHEST    92           300 AM
 LOWEST     69          1200 AM
 AVERAGE    81

..........................................................


THE SEDALIA MO CLIMATE NORMALS FOR TOMORROW
                         NORMAL
 MAXIMUM TEMPERATURE (F)   42
 MINIMUM TEMPERATURE (F)   25


SUNRISE AND SUNSET
DECEMBER 18 2014......SUNRISE   725 AM CST   SUNSET   453 PM CST
DECEMBER 19 2014......SUNRISE   726 AM CST   SUNSET   453 PM CST


-  INDICATES NEGATIVE NUMBERS.
R  INDICATES RECORD WAS SET OR TIED.
MM INDICATES DATA IS MISSING.
T  INDICATES TRACE AMOUNT.




$$
