000
CDUS43 KEAX 222125
CLIDMO


CLIMATE REPORT
NATIONAL WEATHER SERVICE KANSAS CITY/PLEASANT HILL MO
424 PM CDT TUE JUL 22 2014


...................................

...THE SEDALIA MO CLIMATE SUMMARY FOR JULY 22 2014...
VALID AS OF 0400 PM LOCAL TIME.

CLIMATE NORMAL PERIOD 1981 TO 2010
CLIMATE RECORD PERIOD 9999 TO 9999


WEATHER ITEM   OBSERVED TIME   NORMAL DEPARTURE LAST
                VALUE   (LST)  VALUE  FROM      YEAR
                                      NORMAL
......................................................
TEMPERATURE (F)
 TODAY
  MAXIMUM         94    244 PM  90      4       92
  MINIMUM         71    535 AM  69      2       70
  AVERAGE         83            79      4       81

PRECIPITATION (IN)
  TODAY            0.00          0.14  -0.14     0.01
  MONTH TO DATE    0.54          3.22  -2.68     0.94
  SINCE JUN 1      6.65          8.31  -1.66     3.35
  SINCE JAN 1     18.02         23.46  -5.44    26.35

DEGREE DAYS
 HEATING
  TODAY            0             0      0        0
  MONTH TO DATE    0             0      0        0
  SINCE JUN 1      0             6     -6        9
  SINCE JUL 1      0             0      0        0

 COOLING
  TODAY           18            14      4       16
  MONTH TO DATE  203           305   -102      302
  SINCE JUN 1    515           609    -94      609
  SINCE JAN 1    710           748    -38      757
......................................................


WIND (MPH)
  HIGHEST WIND SPEED    17   HIGHEST WIND DIRECTION    SW (220)
  HIGHEST GUST SPEED    20   HIGHEST GUST DIRECTION    SW (220)
  AVERAGE WIND SPEED     9.5


SKY COVER
  AVERAGE SKY COVER 0.0


WEATHER CONDITIONS
 THE FOLLOWING WEATHER WAS RECORDED TODAY.
  FOG
  HAZE


RELATIVE HUMIDITY (PERCENT)
 HIGHEST    84           400 AM
 LOWEST     60           100 PM
 AVERAGE    72

..........................................................


THE SEDALIA MO CLIMATE NORMALS FOR TOMORROW
                         NORMAL
 MAXIMUM TEMPERATURE (F)   90
 MINIMUM TEMPERATURE (F)   69


SUNRISE AND SUNSET
JULY 22 2014..........SUNRISE   605 AM CDT   SUNSET   832 PM CDT
JULY 23 2014..........SUNRISE   606 AM CDT   SUNSET   831 PM CDT


-  INDICATES NEGATIVE NUMBERS.
R  INDICATES RECORD WAS SET OR TIED.
MM INDICATES DATA IS MISSING.
T  INDICATES TRACE AMOUNT.




$$
