000
CDUS43 KEAX 260032
CLIDMO


CLIMATE REPORT
NATIONAL WEATHER SERVICE KANSAS CITY/PLEASANT HILL MO
732 PM CDT MON MAY 25 2015


...................................

...THE SEDALIA MO CLIMATE SUMMARY FOR MAY 25 2015...
VALID TODAY AS OF 0700 PM LOCAL TIME.

CLIMATE NORMAL PERIOD 1981 TO 2010
CLIMATE RECORD PERIOD 9999 TO 9999


WEATHER ITEM   OBSERVED TIME   NORMAL DEPARTURE LAST
                VALUE   (LST)  VALUE  FROM      YEAR
                                      NORMAL
......................................................
TEMPERATURE (F)
 TODAY
  MAXIMUM         83    226 PM  79      4       85
  MINIMUM         62    527 AM  58      4       63
  AVERAGE         73            68      5       74

PRECIPITATION (IN)
  TODAY            0.19          0.13   0.06     0.00
  MONTH TO DATE    6.00          3.82   2.18     1.73
  SINCE MAR 1     10.95         10.68   0.27     9.50
  SINCE JAN 1     13.03         14.28  -1.25    10.44

DEGREE DAYS
 HEATING
  TODAY            0             1     -1        0
  MONTH TO DATE   61            77    -16      101
  SINCE MAR 1    788           942   -154     1082
  SINCE JUL 1   4636          4559     77     5301

 COOLING
  TODAY            8             5      3        9
  MONTH TO DATE   83            71     12      118
  SINCE MAR 1    100           105     -5      132
  SINCE JAN 1    100           105     -5      132
......................................................


WIND (MPH)
  HIGHEST WIND SPEED    20   HIGHEST WIND DIRECTION     S (180)
  HIGHEST GUST SPEED    25   HIGHEST GUST DIRECTION     S (160)
  AVERAGE WIND SPEED    10.7


SKY COVER
  AVERAGE SKY COVER 0.7


WEATHER CONDITIONS
 THE FOLLOWING WEATHER WAS RECORDED TODAY.
  HEAVY RAIN
  RAIN
  LIGHT RAIN
  FOG
  HAZE


RELATIVE HUMIDITY (PERCENT)
 HIGHEST    93          1200 AM
 LOWEST     55           400 PM
 AVERAGE    74

..........................................................


THE SEDALIA MO CLIMATE NORMALS FOR TOMORROW
                         NORMAL
 MAXIMUM TEMPERATURE (F)   79
 MINIMUM TEMPERATURE (F)   59


SUNRISE AND SUNSET
MAY 25 2015...........SUNRISE   553 AM CDT   SUNSET   826 PM CDT
MAY 26 2015...........SUNRISE   553 AM CDT   SUNSET   827 PM CDT


-  INDICATES NEGATIVE NUMBERS.
R  INDICATES RECORD WAS SET OR TIED.
MM INDICATES DATA IS MISSING.
T  INDICATES TRACE AMOUNT.




$$
