000
CDUS42 KCAE 212147
CLIDNL


CLIMATE REPORT
NATIONAL WEATHER SERVICE COLUMBIA SC
547 PM EDT SAT OCT 21 2017


...................................

...THE AUGUSTA DANIEL FIELD GA CLIMATE SUMMARY FOR OCTOBER 21 2017...
VALID TODAY AS OF 0500 PM LOCAL TIME.

CLIMATE NORMAL PERIOD 1981 TO 2010
CLIMATE RECORD PERIOD 9999 TO 9999


WEATHER ITEM   OBSERVED TIME   NORMAL DEPARTURE LAST
                VALUE   (LST)  VALUE  FROM      YEAR
                                      NORMAL
......................................................
TEMPERATURE (F)
 TODAY
  MAXIMUM         81    325 PM  74      7       79
  MINIMUM         56    707 AM  54      2       59
  AVERAGE         69            64      5

PRECIPITATION (IN)
  TODAY            0.00          0.10  -0.10     0.00
  MONTH TO DATE    0.41          2.47  -2.06     1.86
  SINCE SEP 1      4.80          5.84  -1.04     7.19
  SINCE JAN 1     35.10         39.00  -3.90    30.86

DEGREE DAYS
 HEATING
  TODAY            0             3     -3        0
  MONTH TO DATE    7            35    -28        0
  SINCE SEP 1      7            38    -31        0
  SINCE JUL 1      7            38    -31        0

 COOLING
  TODAY            4             2      2        4
  MONTH TO DATE  204            88    116      150
  SINCE SEP 1    616           408    208      610
  SINCE JAN 1   2917          2219    698     2980
......................................................


WIND (MPH)
  HIGHEST WIND SPEED    10   HIGHEST WIND DIRECTION     E (80)
  HIGHEST GUST SPEED    14   HIGHEST GUST DIRECTION     E (100)
  AVERAGE WIND SPEED     3.2


SKY COVER
  AVERAGE SKY COVER 0.0


WEATHER CONDITIONS
 THE FOLLOWING WEATHER WAS RECORDED TODAY.
  NO SIGNIFICANT WEATHER WAS OBSERVED.


RELATIVE HUMIDITY (PERCENT)
 HIGHEST    86           700 AM
 LOWEST     33           300 PM

..........................................................


THE AUGUSTA DANIEL FIELD GA CLIMATE NORMALS FOR TOMORROW
                         NORMAL
 MAXIMUM TEMPERATURE (F)   74
 MINIMUM TEMPERATURE (F)   54


SUNRISE AND SUNSET
OCTOBER 21 2017.......SUNRISE   738 AM EDT   SUNSET   647 PM EDT
OCTOBER 22 2017.......SUNRISE   739 AM EDT   SUNSET   646 PM EDT


-  INDICATES NEGATIVE NUMBERS.
R  INDICATES RECORD WAS SET OR TIED.
MM INDICATES DATA IS MISSING.
T  INDICATES TRACE AMOUNT.




$$
