000
CDUS42 KCAE 210551
CLIDNL


CLIMATE REPORT
NATIONAL WEATHER SERVICE COLUMBIA SC
1250 AM EST SAT JAN 21 2017


...................................

...THE AUGUSTA DANIEL FIELD GA CLIMATE SUMMARY FOR JANUARY 20 2017...

CLIMATE NORMAL PERIOD 1981 TO 2010
CLIMATE RECORD PERIOD 9999 TO 9999


WEATHER ITEM   OBSERVED TIME   NORMAL DEPARTURE LAST
                VALUE   (LST)  VALUE  FROM      YEAR
                                      NORMAL
......................................................
TEMPERATURE (F)
 YESTERDAY
  MAXIMUM         78    326 PM  56     22       51
  MINIMUM         59    751 AM  38     21       29
  AVERAGE         69            47     22       40

PRECIPITATION (IN)
  YESTERDAY        T             0.14  -0.14      T
  MONTH TO DATE    7.06          2.47   4.59     0.87
  SINCE DEC 1     11.27          6.09   5.18     6.35
  SINCE JAN 1      7.06          2.47   4.59     0.87

DEGREE DAYS
 HEATING
  YESTERDAY        0            18    -18       25
  MONTH TO DATE  173           375   -202      386
  SINCE DEC 1    568           880   -312      549
  SINCE JUL 1    737          1214   -477      740

 COOLING
  YESTERDAY        4             0      4        0
  MONTH TO DATE   15             0     15        0
  SINCE DEC 1     19             5     14       64
  SINCE JAN 1     15             0     15        0
......................................................


WIND (MPH)
  HIGHEST WIND SPEED    12   HIGHEST WIND DIRECTION     W (270)
  HIGHEST GUST SPEED    17   HIGHEST GUST DIRECTION     W (280)
  AVERAGE WIND SPEED     5.2


SKY COVER
  AVERAGE SKY COVER 0.4


WEATHER CONDITIONS
 THE FOLLOWING WEATHER WAS RECORDED YESTERDAY.
  LIGHT RAIN


RELATIVE HUMIDITY (PERCENT)
 HIGHEST    84           600 AM
 LOWEST     42           300 PM

..........................................................


THE AUGUSTA DANIEL FIELD GA CLIMATE NORMALS FOR TODAY
                         NORMAL    RECORD    YEAR
 MAXIMUM TEMPERATURE (F)   56        MM        MM
 MINIMUM TEMPERATURE (F)   38        MM        MM


SUNRISE AND SUNSET
JANUARY 21 2017.......SUNRISE   730 AM EST   SUNSET   549 PM EST
JANUARY 22 2017.......SUNRISE   730 AM EST   SUNSET   550 PM EST


-  INDICATES NEGATIVE NUMBERS.
R  INDICATES RECORD WAS SET OR TIED.
MM INDICATES DATA IS MISSING.
T  INDICATES TRACE AMOUNT.




$$
