000
CDUS42 KCAE 050527
CLIDNL


CLIMATE REPORT
NATIONAL WEATHER SERVICE COLUMBIA SC
1227 AM EST THU MAR 5 2015


...................................

...THE AUGUSTA DANIEL FIELD GA CLIMATE SUMMARY FOR MARCH 4 2015...

CLIMATE NORMAL PERIOD 1981 TO 2010
CLIMATE RECORD PERIOD 9999 TO 9999


WEATHER ITEM   OBSERVED TIME   NORMAL DEPARTURE LAST
                VALUE   (LST)  VALUE  FROM      YEAR
                                      NORMAL
......................................................
TEMPERATURE (F)
 YESTERDAY
  MAXIMUM         79    449 PM  65     14       40
  MINIMUM         52    252 AM  44      8       31
  AVERAGE         66            55     11       36

PRECIPITATION (IN)
  YESTERDAY        0.00          0.14  -0.14     0.00
  MONTH TO DATE    0.25          0.54  -0.29      T
  SINCE MAR 1      0.25          0.54  -0.29      T
  SINCE JAN 1      5.18          8.78  -3.60     6.29

DEGREE DAYS
 HEATING
  YESTERDAY        0            11    -11       29
  MONTH TO DATE   36            44     -8       57
  SINCE MAR 1     36            44     -8       57
  SINCE JUL 1   1891          1857     34     1893

 COOLING
  YESTERDAY        1             1      0        0
  MONTH TO DATE    1             2     -1        0
  SINCE MAR 1      1             2     -1        0
  SINCE JAN 1      1             6     -5        8
......................................................


WIND (MPH)
  HIGHEST WIND SPEED    21   HIGHEST WIND DIRECTION     S (200)
  HIGHEST GUST SPEED    30   HIGHEST GUST DIRECTION    SW (210)
  AVERAGE WIND SPEED     6.9


SKY COVER
  AVERAGE SKY COVER 0.7


WEATHER CONDITIONS
 THE FOLLOWING WEATHER WAS RECORDED YESTERDAY.
  FOG
  FOG W/VISIBILITY <= 1/4 MILE


RELATIVE HUMIDITY (PERCENT)
 HIGHEST   100          1200 AM
 LOWEST     48           500 PM

..........................................................


THE AUGUSTA DANIEL FIELD GA CLIMATE NORMALS FOR TODAY
                         NORMAL    RECORD    YEAR
 MAXIMUM TEMPERATURE (F)   65        MM        MM
 MINIMUM TEMPERATURE (F)   45        MM        MM


SUNRISE AND SUNSET
MARCH  5 2015.........SUNRISE   652 AM EST   SUNSET   628 PM EST
MARCH  6 2015.........SUNRISE   651 AM EST   SUNSET   629 PM EST


-  INDICATES NEGATIVE NUMBERS.
R  INDICATES RECORD WAS SET OR TIED.
MM INDICATES DATA IS MISSING.
T  INDICATES TRACE AMOUNT.




$$
