000
CDUS42 KCAE 070651
CLIDNL


CLIMATE REPORT
NATIONAL WEATHER SERVICE COLUMBIA SC
151 AM EST WED DEC 7 2016


...................................

...THE AUGUSTA DANIEL FIELD GA CLIMATE SUMMARY FOR DECEMBER 6 2016...

CLIMATE NORMAL PERIOD 1981 TO 2010
CLIMATE RECORD PERIOD 9999 TO 9999


WEATHER ITEM   OBSERVED TIME   NORMAL DEPARTURE LAST
                VALUE   (LST)  VALUE  FROM      YEAR
                                      NORMAL
......................................................
TEMPERATURE (F)
 YESTERDAY
  MAXIMUM         59    137 PM  61     -2       69
  MINIMUM         51    927 PM  41     10       40
  AVERAGE         55            51      4       55

PRECIPITATION (IN)
  YESTERDAY        0.49          0.13   0.36     0.00
  MONTH TO DATE    1.89          0.79   1.10     0.46
  SINCE DEC 1      1.89          0.79   1.10     0.46
  SINCE JAN 1     34.17         43.72  -9.55    35.23

DEGREE DAYS
 HEATING
  YESTERDAY       10            14     -4       10
  MONTH TO DATE   74            81     -7       61
  SINCE DEC 1     74            81     -7       61
  SINCE JUL 1    243           415   -172      252

 COOLING
  YESTERDAY        0             0      0        0
  MONTH TO DATE    0             0      0        0
  SINCE DEC 1      0             0      0        0
  SINCE JAN 1   3074          2256    818     2761
......................................................


WIND (MPH)
  HIGHEST WIND SPEED    14   HIGHEST WIND DIRECTION     N (20)
  HIGHEST GUST SPEED    18   HIGHEST GUST DIRECTION     E (100)
  AVERAGE WIND SPEED     6.4


SKY COVER
  AVERAGE SKY COVER 1.0


WEATHER CONDITIONS
 THE FOLLOWING WEATHER WAS RECORDED YESTERDAY.
  RAIN
  LIGHT RAIN
  FOG


RELATIVE HUMIDITY (PERCENT)
 HIGHEST    93          1200 PM
 LOWEST     86          1200 AM

..........................................................


THE AUGUSTA DANIEL FIELD GA CLIMATE NORMALS FOR TODAY
                         NORMAL    RECORD    YEAR
 MAXIMUM TEMPERATURE (F)   60        MM        MM
 MINIMUM TEMPERATURE (F)   41        MM        MM


SUNRISE AND SUNSET
DECEMBER  7 2016......SUNRISE   719 AM EST   SUNSET   520 PM EST
DECEMBER  8 2016......SUNRISE   720 AM EST   SUNSET   520 PM EST


-  INDICATES NEGATIVE NUMBERS.
R  INDICATES RECORD WAS SET OR TIED.
MM INDICATES DATA IS MISSING.
T  INDICATES TRACE AMOUNT.




$$
