037
CDUS43 KLOT 290632
CLIDPA


CLIMATE REPORT
NATIONAL WEATHER SERVICE CHICAGO IL
131 AM CDT FRI APR 29 2016


...................................

...THE DU PAGE  AIRPORT CLIMATE SUMMARY FOR APRIL 28 2016...

CLIMATE NORMAL PERIOD 1981 TO 2010
CLIMATE RECORD PERIOD 1997 TO 2016


WEATHER ITEM   OBSERVED TIME   RECORD YEAR NORMAL DEPARTURE LAST
                VALUE   (LST)  VALUE       VALUE  FROM      YEAR
                                                  NORMAL
..................................................................
TEMPERATURE (F)
 YESTERDAY
  MAXIMUM         52    248 PM  80    2004  66    -14       64
  MINIMUM         43   1159 PM  28    1998  42      1       34
  AVERAGE         48                        54     -6       49

PRECIPITATION (IN)
  YESTERDAY        0.13          0.56        0.16  -0.03     0.00
  MONTH TO DATE    2.17                      3.02  -0.85     4.24
  SINCE MAR 1      5.24                      5.38  -0.14     4.74
  SINCE JAN 1      7.44                      8.11  -0.67     6.57

SNOWFALL (IN)
  YESTERDAY        0.0
  MONTH TO DATE    T
  SINCE JUL 1     21.6

DEGREE DAYS
 HEATING
  YESTERDAY       17                        12      5       16
  MONTH TO DATE  479                       454     25      431
  SINCE MAR 1   1155                      1290   -135     1372
  SINCE JUL 1   5358                      6045   -687     6564

 COOLING
  YESTERDAY        0                         0      0        0
  MONTH TO DATE    6                         0      6        0
  SINCE MAR 1      6                         0      6        0
  SINCE JAN 1      6                         0      6        0
..................................................................


WIND (MPH)
  RESULTANT WIND SPEED  10   RESULTANT WIND DIRECTION  NE (50)
  HIGHEST WIND SPEED    18   HIGHEST WIND DIRECTION     E (70)
  HIGHEST GUST SPEED    26   HIGHEST GUST DIRECTION     E (70)
  AVERAGE WIND SPEED    10.3



WEATHER CONDITIONS
 THE FOLLOWING WEATHER WAS RECORDED YESTERDAY.
  LIGHT RAIN
  FOG
  HAZE


..........................................................


THE DU PAGE  AIRPORT CLIMATE NORMALS FOR TODAY
                         NORMAL    RECORD    YEAR
 MAXIMUM TEMPERATURE (F)   66        81      2007
 MINIMUM TEMPERATURE (F)   42        29      2008


SUNRISE AND SUNSET
APRIL 29 2016.........SUNRISE   551 AM CDT   SUNSET   750 PM CDT
APRIL 30 2016.........SUNRISE   550 AM CDT   SUNSET   751 PM CDT


-  INDICATES NEGATIVE NUMBERS.
R  INDICATES RECORD WAS SET OR TIED.
MM INDICATES DATA IS MISSING.
T  INDICATES TRACE AMOUNT.




$$
