000
CDUS43 KLOT 290641
CLIDPA


CLIMATE REPORT
NATIONAL WEATHER SERVICE CHICAGO IL
141 AM CDT FRI JUL 29 2016


...................................

...THE DU PAGE  AIRPORT CLIMATE SUMMARY FOR JULY 28 2016...

CLIMATE NORMAL PERIOD 1981 TO 2010
CLIMATE RECORD PERIOD 1997 TO 2016


WEATHER ITEM   OBSERVED TIME   RECORD YEAR NORMAL DEPARTURE LAST
                VALUE   (LST)  VALUE       VALUE  FROM      YEAR
                                                  NORMAL
..................................................................
TEMPERATURE (F)
 YESTERDAY
  MAXIMUM         86   1216 PM  91    2006  84      2       90
  MINIMUM         67    307 PM  53    2013  63      4       66
  AVERAGE         77                        74      3       78

PRECIPITATION (IN)
  YESTERDAY        0.61R         0.58        0.14   0.47     0.00
  MONTH TO DATE    5.19                      3.63   1.56     3.26
  SINCE JUN 1      8.33                      7.52   0.81    11.27
  SINCE JAN 1     22.61                     20.54   2.07    22.26

SNOWFALL (IN)
  YESTERDAY        0.0
  MONTH TO DATE    0.0
  SINCE JUL 1      0.0

DEGREE DAYS
 HEATING
  YESTERDAY        0                         0      0        0
  MONTH TO DATE    1                         0      1       18
  SINCE JUN 1     13                        36    -23       52
  SINCE JUL 1      1                         0      1       18

 COOLING
  YESTERDAY       12                         9      3       13
  MONTH TO DATE  270                       252     18      191
  SINCE JUN 1    445                       430     15      311
  SINCE JAN 1    518                       476     42      365
..................................................................


WIND (MPH)
  RESULTANT WIND SPEED   2   RESULTANT WIND DIRECTION   E (90)
  HIGHEST WIND SPEED    35   HIGHEST WIND DIRECTION    NW (310)
  HIGHEST GUST SPEED    41   HIGHEST GUST DIRECTION    NW (310)
  AVERAGE WIND SPEED     5.2



WEATHER CONDITIONS
 THE FOLLOWING WEATHER WAS RECORDED YESTERDAY.
  THUNDERSTORM
  HEAVY RAIN
  RAIN
  LIGHT RAIN
  FOG
  HAZE


..........................................................


THE DU PAGE  AIRPORT CLIMATE NORMALS FOR TODAY
                         NORMAL    RECORD    YEAR
 MAXIMUM TEMPERATURE (F)   84        95      1999
 MINIMUM TEMPERATURE (F)   63        52      2013
                                             2003
                                             1997


SUNRISE AND SUNSET
JULY 29 2016..........SUNRISE   544 AM CDT   SUNSET   814 PM CDT
JULY 30 2016..........SUNRISE   545 AM CDT   SUNSET   813 PM CDT


-  INDICATES NEGATIVE NUMBERS.
R  INDICATES RECORD WAS SET OR TIED.
MM INDICATES DATA IS MISSING.
T  INDICATES TRACE AMOUNT.




$$
