000
CDUS43 KLOT 060643
CLIDPA


CLIMATE REPORT
NATIONAL WEATHER SERVICE CHICAGO IL
1242 AM CST SAT FEB 6 2016


...................................

...THE DU PAGE  AIRPORT CLIMATE SUMMARY FOR FEBRUARY 5 2016...

CLIMATE NORMAL PERIOD 1981 TO 2010
CLIMATE RECORD PERIOD 1997 TO 2016


WEATHER ITEM   OBSERVED TIME   RECORD YEAR NORMAL DEPARTURE LAST
                VALUE   (LST)  VALUE       VALUE  FROM      YEAR
                                                  NORMAL
..................................................................
TEMPERATURE (F)
 YESTERDAY
  MAXIMUM         32    249 PM  57    2008  34     -2       13
  MINIMUM         23        MM -12    2015  17      6      -12
  AVERAGE         28                        25      3        1

PRECIPITATION (IN)
  YESTERDAY        0.00          0.11        0.04  -0.04     0.00
  MONTH TO DATE    1.41                      0.18   1.23     0.76
  SINCE DEC 1      7.20                      3.21   3.99     2.21
  SINCE JAN 1      2.10                      1.49   0.61     1.63

SNOWFALL (IN)
  YESTERDAY       MM
  MONTH TO DATE    0.0
  SINCE JUL 1     16.7

DEGREE DAYS
 HEATING
  YESTERDAY       37                        40     -3       64
  MONTH TO DATE  172                       200    -28      264
  SINCE DEC 1   2274                      2661   -387     2664
  SINCE JUL 1   3351                      3915   -564     4123

 COOLING
  YESTERDAY        0                         0      0        0
  MONTH TO DATE    0                         0      0        0
  SINCE DEC 1      0                         0      0        0
  SINCE JAN 1      0                         0      0        0
..................................................................


WIND (MPH)
  RESULTANT WIND SPEED   4   RESULTANT WIND DIRECTION   W (280)
  HIGHEST WIND SPEED    15   HIGHEST WIND DIRECTION    NW (320)
  HIGHEST GUST SPEED    18   HIGHEST GUST DIRECTION    NW (320)
  AVERAGE WIND SPEED     7.0



WEATHER CONDITIONS
 THE FOLLOWING WEATHER WAS RECORDED YESTERDAY.
  HAZE


..........................................................


THE DU PAGE  AIRPORT CLIMATE NORMALS FOR TODAY
                         NORMAL    RECORD    YEAR
 MAXIMUM TEMPERATURE (F)   34        46      2005
 MINIMUM TEMPERATURE (F)   17        -7      2007


SUNRISE AND SUNSET
FEBRUARY  6 2016......SUNRISE   701 AM CST   SUNSET   514 PM CST
FEBRUARY  7 2016......SUNRISE   700 AM CST   SUNSET   515 PM CST


-  INDICATES NEGATIVE NUMBERS.
R  INDICATES RECORD WAS SET OR TIED.
MM INDICATES DATA IS MISSING.
T  INDICATES TRACE AMOUNT.




$$
