000
CDUS45 KGJT 310733
CLIDRO


CLIMATE REPORT
NATIONAL WEATHER SERVICE GRAND JUNCTION CO
130 AM MDT THU JUL 31 2014


...................................

...THE DURANGO AIRPORT CO CLIMATE SUMMARY FOR JULY 30 2014...

CLIMATE NORMAL PERIOD 1981 TO 2010
CLIMATE RECORD PERIOD 9999 TO 9999


WEATHER ITEM   OBSERVED TIME   RECORD YEAR NORMAL DEPARTURE LAST
                VALUE   (LST)  VALUE       VALUE  FROM      YEAR
                                                  NORMAL
..................................................................
TEMPERATURE (F)
 YESTERDAY
  MAXIMUM         86    418 PM  MM      MM  85      1       87
  MINIMUM         57    548 AM  MM      MM  54      3       51
  AVERAGE         72                        70      2       69

PRECIPITATION (IN)
  YESTERDAY        0.02         MM      MM   0.08  -0.06     0.00
  MONTH TO DATE    1.27                      1.64  -0.37     2.07
  SINCE JUN 1      1.27                      2.28  -1.01     2.09
  SINCE JAN 1      3.67                      7.71  -4.04     5.84

SNOWFALL (IN)
  YESTERDAY       MM            MM      MM  MM     MM       MM
  MONTH TO DATE   MM                        MM     MM       MM
  SINCE JUN 1     MM                        MM     MM       MM
  SINCE JUL 1     MM                        MM     MM       MM
  SNOW DEPTH      MM

DEGREE DAYS
 HEATING
  YESTERDAY        0                         0      0        0
  MONTH TO DATE    0                         8     -8        0
  SINCE JUN 1     88                       123    -35       40
  SINCE JUL 1      0                         8     -8        0

 COOLING
  YESTERDAY        7                         5      2        4
  MONTH TO DATE  203                       120     83      186
  SINCE JUN 1    217                       148     69      241
  SINCE JAN 1    222                       149     73      241
..................................................................


WIND (MPH)
  HIGHEST WIND SPEED    26   HIGHEST WIND DIRECTION     W (270)
  HIGHEST GUST SPEED    35   HIGHEST GUST DIRECTION     W (270)
  AVERAGE WIND SPEED     6.7


SKY COVER
  POSSIBLE SUNSHINE  MM
  AVERAGE SKY COVER 0.3


WEATHER CONDITIONS
 THE FOLLOWING WEATHER WAS RECORDED YESTERDAY.
  LIGHT RAIN


RELATIVE HUMIDITY (PERCENT)
 HIGHEST    93           500 AM
 LOWEST     23           500 PM
 AVERAGE    58

..........................................................


THE DURANGO AIRPORT CO CLIMATE NORMALS FOR TODAY
                         NORMAL    RECORD    YEAR
 MAXIMUM TEMPERATURE (F)   85        MM        MM
 MINIMUM TEMPERATURE (F)   54        MM        MM


SUNRISE AND SUNSET
JULY 31 2014..........SUNRISE   615 AM MDT   SUNSET   819 PM MDT
AUGUST  1 2014........SUNRISE   616 AM MDT   SUNSET   818 PM MDT


-  INDICATES NEGATIVE NUMBERS.
R  INDICATES RECORD WAS SET OR TIED.
MM INDICATES DATA IS MISSING.
T  INDICATES TRACE AMOUNT.




$$
