000
CDUS44 KEWX 240702
CLIDRT


CLIMATE REPORT
NATIONAL WEATHER SERVICE AUSTIN/SAN ANTONIO, TX
202 AM CDT THU JUL 24 2014


...................................

...THE DEL RIO CLIMATE SUMMARY FOR JULY 23 2014...

CLIMATE NORMAL PERIOD 1981 TO 2010
CLIMATE RECORD PERIOD 1906 TO 2014


WEATHER ITEM   OBSERVED TIME   RECORD YEAR NORMAL DEPARTURE LAST
                VALUE   (LST)  VALUE       VALUE  FROM      YEAR
                                                  NORMAL
..................................................................
TEMPERATURE (F)
 YESTERDAY
  MAXIMUM        101    455 PM 105    1995  97      4       97
  MINIMUM         78    616 AM  68    1990  75      3       79
  AVERAGE         90                        86      4       88

PRECIPITATION (IN)
  YESTERDAY        0.00          2.05 1926   0.05  -0.05     0.00
  MONTH TO DATE    0.26                      1.34  -1.08     2.77
  SINCE JUN 1      4.95                      3.69   1.26     4.53
  SINCE JAN 1      6.30                     10.89  -4.59     7.75

SNOWFALL (IN)
  YESTERDAY        0.0
  MONTH TO DATE    0.0
  SINCE JUN 1      0.0
  SINCE JUL 1      0.0

DEGREE DAYS
 HEATING
  YESTERDAY        0                         0      0        0
  MONTH TO DATE    0                         0      0        0
  SINCE JUN 1      0                         0      0        0
  SINCE JUL 1      0                         0      0        0

 COOLING
  YESTERDAY       25                        21      4       23
  MONTH TO DATE  495                       477     18      461
  SINCE JUN 1   1123                      1048     75     1086
  SINCE JAN 1   1973                      1807    166     1992
..................................................................


WIND (MPH)
  HIGHEST WIND SPEED    14   HIGHEST WIND DIRECTION     S (160)
  HIGHEST GUST SPEED    19   HIGHEST GUST DIRECTION     E (100)
  AVERAGE WIND SPEED     7.5


SKY COVER
  AVERAGE SKY COVER 0.0


WEATHER CONDITIONS
 THE FOLLOWING WEATHER WAS RECORDED YESTERDAY.
  NO SIGNIFICANT WEATHER WAS OBSERVED.


RELATIVE HUMIDITY (PERCENT)
 HIGHEST    74           500 AM
 LOWEST     29           400 PM
 AVERAGE    52

..........................................................


THE DEL RIO CLIMATE NORMALS FOR TODAY
                         NORMAL    RECORD    YEAR
 MAXIMUM TEMPERATURE (F)   97       104      2000
                                             1998
                                             1995
 MINIMUM TEMPERATURE (F)   75        68      1915


SUNRISE AND SUNSET
JULY 24 2014..........SUNRISE   659 AM CDT   SUNSET   841 PM CDT
JULY 25 2014..........SUNRISE   700 AM CDT   SUNSET   840 PM CDT


-  INDICATES NEGATIVE NUMBERS.
R  INDICATES RECORD WAS SET OR TIED.
MM INDICATES DATA IS MISSING.
T  INDICATES TRACE AMOUNT.




$$
