000
CDUS44 KEWX 280800
CLIDRT


CLIMATE REPORT
NATIONAL WEATHER SERVICE AUSTIN/SAN ANTONIO, TX
259 AM CDT WED JUN 28 2017


...................................

...THE DEL RIO CLIMATE SUMMARY FOR JUNE 27 2017...

CLIMATE NORMAL PERIOD 1981 TO 2010
CLIMATE RECORD PERIOD 1906 TO 2017


WEATHER ITEM   OBSERVED TIME   RECORD YEAR NORMAL DEPARTURE LAST
                VALUE   (LST)  VALUE       VALUE  FROM      YEAR
                                                  NORMAL
..................................................................
TEMPERATURE (F)
 YESTERDAY
  MAXIMUM         94    417 PM 108    1980  96     -2       92
  MINIMUM         73    625 AM  66    2007  75     -2       76
                                      1985
                                      1974
  AVERAGE         84                        85     -1       84

PRECIPITATION (IN)
  YESTERDAY        0.02          1.68 2007   0.06  -0.04      T
  MONTH TO DATE    2.46                      2.17   0.29     2.86
  SINCE JUN 1      2.46                      2.17   0.29     2.86
  SINCE JAN 1     13.55                      9.37   4.18    11.47

SNOWFALL (IN)
  YESTERDAY        0.0
  MONTH TO DATE    0.0
  SINCE JUN 1      0.0
  SINCE JUL 1      0.0

DEGREE DAYS
 HEATING
  YESTERDAY        0                         0      0        0
  MONTH TO DATE    0                         0      0        0
  SINCE JUN 1      0                         0      0        0
  SINCE JUL 1    840                      1376   -536     1050

 COOLING
  YESTERDAY       19                        20     -1       19
  MONTH TO DATE  507                       511     -4      515
  SINCE JUN 1    507                       511     -4      515
  SINCE JAN 1   1332                      1270     62     1241
..................................................................


WIND (MPH)
  HIGHEST WIND SPEED    18   HIGHEST WIND DIRECTION    SE (120)
  HIGHEST GUST SPEED    24   HIGHEST GUST DIRECTION    SE (120)
  AVERAGE WIND SPEED     7.6


SKY COVER
  AVERAGE SKY COVER 0.4


WEATHER CONDITIONS
 THE FOLLOWING WEATHER WAS RECORDED YESTERDAY.
  LIGHT RAIN


RELATIVE HUMIDITY (PERCENT)
 HIGHEST    93           100 AM
 LOWEST     36           500 PM
 AVERAGE    65

..........................................................


THE DEL RIO CLIMATE NORMALS FOR TODAY
                         NORMAL    RECORD    YEAR
 MAXIMUM TEMPERATURE (F)   96       108      1994
                                             1980
 MINIMUM TEMPERATURE (F)   75        65      1985
                                             1974


SUNRISE AND SUNSET
JUNE 28 2017..........SUNRISE   647 AM CDT   SUNSET   847 PM CDT
JUNE 29 2017..........SUNRISE   647 AM CDT   SUNSET   847 PM CDT


-  INDICATES NEGATIVE NUMBERS.
R  INDICATES RECORD WAS SET OR TIED.
MM INDICATES DATA IS MISSING.
T  INDICATES TRACE AMOUNT.




$$
