000
CDUS44 KEWX 232300
CLIDRT


CLIMATE REPORT
NATIONAL WEATHER SERVICE AUSTIN/SAN ANTONIO, TX
559 PM CDT TUE MAY 23 2017


...................................

...THE DEL RIO CLIMATE SUMMARY FOR MAY 23 2017...
VALID TODAY AS OF 500 PM LOCAL TIME.

CLIMATE NORMAL PERIOD 1981 TO 2010
CLIMATE RECORD PERIOD 1906 TO 2017


WEATHER ITEM   OBSERVED TIME   RECORD YEAR NORMAL DEPARTURE LAST
                VALUE   (LST)  VALUE       VALUE  FROM      YEAR
                                                  NORMAL
..................................................................
TEMPERATURE (F)
 TODAY
  MAXIMUM         79    313 PM 105    2000  91    -12       90
  MINIMUM         69    721 AM  56    1988  70     -1       76
  AVERAGE         74                        80     -6       83

PRECIPITATION (IN)
  TODAY            T             3.76 1995   0.10  -0.10      T
  MONTH TO DATE    3.82                      1.99   1.83     1.48
  SINCE MAR 1      9.97                      4.78   5.19     7.72
  SINCE JAN 1     10.94                      6.38   4.56     8.47

SNOWFALL (IN)
  TODAY            0.0
  MONTH TO DATE    0.0
  SINCE MAR 1      0.0
  SINCE JUL 1      0.0
  SNOW DEPTH       0

DEGREE DAYS
 HEATING
  TODAY            0                         0      0        0
  MONTH TO DATE    0                         0      0        1
  SINCE MAR 1     47                       139    -92       70
  SINCE JUL 1    840                      1375   -535     1050

 COOLING
  TODAY            9                        15     -6       18
  MONTH TO DATE  273                       299    -26      246
  SINCE MAR 1    661                       609     52      566
  SINCE JAN 1    724                       628     96      601
..................................................................


WIND (MPH)
  HIGHEST WIND SPEED    22   HIGHEST WIND DIRECTION    NW (330)
  HIGHEST GUST SPEED    30   HIGHEST GUST DIRECTION    NW (330)
  AVERAGE WIND SPEED     6.3



WEATHER CONDITIONS
 THE FOLLOWING WEATHER WAS RECORDED TODAY.
  LIGHT RAIN
  FOG


RELATIVE HUMIDITY (PERCENT)
 HIGHEST   100           200 AM
 LOWEST     56           400 PM
 AVERAGE    78

..........................................................


THE DEL RIO CLIMATE NORMALS FOR TOMORROW
                         NORMAL    RECORD    YEAR
 MAXIMUM TEMPERATURE (F)   91       109      2000
 MINIMUM TEMPERATURE (F)   70        49      1910


SUNRISE AND SUNSET
MAY 23 2017...........SUNRISE   647 AM CDT   SUNSET   834 PM CDT
MAY 24 2017...........SUNRISE   647 AM CDT   SUNSET   835 PM CDT


-  INDICATES NEGATIVE NUMBERS.
R  INDICATES RECORD WAS SET OR TIED.
MM INDICATES DATA IS MISSING.
T  INDICATES TRACE AMOUNT.




$$
