000
CDUS44 KEWX 300753
CLIDRT


CLIMATE REPORT
NATIONAL WEATHER SERVICE AUSTIN/SAN ANTONIO, TX
253 AM CDT TUE SEP 30 2014


...................................

...THE DEL RIO CLIMATE SUMMARY FOR SEPTEMBER 29 2014...

CLIMATE NORMAL PERIOD 1981 TO 2010
CLIMATE RECORD PERIOD 1906 TO 2014


WEATHER ITEM   OBSERVED TIME   RECORD YEAR NORMAL DEPARTURE LAST
                VALUE   (LST)  VALUE       VALUE  FROM      YEAR
                                                  NORMAL
..................................................................
TEMPERATURE (F)
 YESTERDAY
  MAXIMUM         87    408 PM 104    1979  87      0       89
  MINIMUM         65    703 AM  43    1908  66     -1       71
  AVERAGE         76                        76      0       80

PRECIPITATION (IN)
  YESTERDAY        0.00          1.69 1988   0.08  -0.08     0.00
  MONTH TO DATE    4.23                      2.12   2.11     4.44
  SINCE SEP 1      4.23                      2.12   2.11     4.44
  SINCE JAN 1     11.40                     15.63  -4.23    12.93

SNOWFALL (IN)
  YESTERDAY        0.0
  MONTH TO DATE    0.0
  SINCE SEP 1      0.0
  SINCE JUL 1      0.0

DEGREE DAYS
 HEATING
  YESTERDAY        0                         0      0        0
  MONTH TO DATE    0                         0      0        0
  SINCE SEP 1      0                         0      0        0
  SINCE JUL 1      0                         0      0        0

 COOLING
  YESTERDAY       11                        12     -1       15
  MONTH TO DATE  471                       450     21      505
  SINCE SEP 1    471                       450     21      505
  SINCE JAN 1   3360                      3085    275     3445
..................................................................


WIND (MPH)
  HIGHEST WIND SPEED     9   HIGHEST WIND DIRECTION     S (200)
  HIGHEST GUST SPEED    12   HIGHEST GUST DIRECTION    SE (140)
  AVERAGE WIND SPEED     3.6


SKY COVER
  AVERAGE SKY COVER 0.2


WEATHER CONDITIONS
 THE FOLLOWING WEATHER WAS RECORDED YESTERDAY.
  NO SIGNIFICANT WEATHER WAS OBSERVED.


RELATIVE HUMIDITY (PERCENT)
 HIGHEST    93           700 AM
 LOWEST     46           300 PM
 AVERAGE    70

..........................................................


THE DEL RIO CLIMATE NORMALS FOR TODAY
                         NORMAL    RECORD    YEAR
 MAXIMUM TEMPERATURE (F)   87       101      1977
 MINIMUM TEMPERATURE (F)   66        45      1908


SUNRISE AND SUNSET
SEPTEMBER 30 2014.....SUNRISE   736 AM CDT   SUNSET   730 PM CDT
OCTOBER  1 2014.......SUNRISE   737 AM CDT   SUNSET   729 PM CDT


-  INDICATES NEGATIVE NUMBERS.
R  INDICATES RECORD WAS SET OR TIED.
MM INDICATES DATA IS MISSING.
T  INDICATES TRACE AMOUNT.




$$
