000
CDUS44 KEWX 220727
CLIDRT


CLIMATE REPORT
NATIONAL WEATHER SERVICE AUSTIN/SAN ANTONIO, TX
126 AM CST SUN JAN 22 2017


...................................

...THE DEL RIO CLIMATE SUMMARY FOR JANUARY 21 2017...

CLIMATE NORMAL PERIOD 1981 TO 2010
CLIMATE RECORD PERIOD 1906 TO 2017


WEATHER ITEM   OBSERVED TIME   RECORD YEAR NORMAL DEPARTURE LAST
                VALUE   (LST)  VALUE       VALUE  FROM      YEAR
                                                  NORMAL
..................................................................
TEMPERATURE (F)
 YESTERDAY
  MAXIMUM         82    333 PM  86    2003  64     18       69
  MINIMUM         50    705 AM  21    1988  41      9       49
                                      1985
                                      1935
  AVERAGE         66                        52     14       59

PRECIPITATION (IN)
  YESTERDAY        T             1.81 1994   0.03  -0.03      T
  MONTH TO DATE    0.18                      0.47  -0.29     0.57
  SINCE DEC 1      2.66                      1.12   1.54     0.91
  SINCE JAN 1      0.18                      0.47  -0.29     0.57

SNOWFALL (IN)
  YESTERDAY        0.0
  MONTH TO DATE    0.0
  SINCE DEC 1      0.0
  SINCE JUL 1      0.0

DEGREE DAYS
 HEATING
  YESTERDAY        0                        13    -13        6
  MONTH TO DATE  190                       282    -92      279
  SINCE DEC 1    523                       676   -153      562
  SINCE JUL 1    592                       873   -281      705

 COOLING
  YESTERDAY        1                         0      1        0
  MONTH TO DATE   12                         0     12        0
  SINCE DEC 1     24                         3     21        1
  SINCE JAN 1     12                         0     12        0
..................................................................


WIND (MPH)
  HIGHEST WIND SPEED    31   HIGHEST WIND DIRECTION     W (270)
  HIGHEST GUST SPEED    39   HIGHEST GUST DIRECTION    NW (300)
  AVERAGE WIND SPEED    10.5


SKY COVER
  AVERAGE SKY COVER 0.4


WEATHER CONDITIONS
 THE FOLLOWING WEATHER WAS RECORDED YESTERDAY.
  LIGHT RAIN
  FOG
  FOG W/VISIBILITY <= 1/4 MILE


RELATIVE HUMIDITY (PERCENT)
 HIGHEST   100           500 AM
 LOWEST     20           300 PM
 AVERAGE    60

..........................................................


THE DEL RIO CLIMATE NORMALS FOR TODAY
                         NORMAL    RECORD    YEAR
 MAXIMUM TEMPERATURE (F)   64        87      1971
 MINIMUM TEMPERATURE (F)   41        19      1935
                                             1930


SUNRISE AND SUNSET
JANUARY 22 2017.......SUNRISE   737 AM CST   SUNSET   614 PM CST
JANUARY 23 2017.......SUNRISE   737 AM CST   SUNSET   615 PM CST


-  INDICATES NEGATIVE NUMBERS.
R  INDICATES RECORD WAS SET OR TIED.
MM INDICATES DATA IS MISSING.
T  INDICATES TRACE AMOUNT.




$$
