000
CDUS44 KEWX 190706
CLIDRT


CLIMATE REPORT
NATIONAL WEATHER SERVICE AUSTIN/SAN ANTONIO, TX
106 AM CST SUN FEB 19 2017


...................................

...THE DEL RIO CLIMATE SUMMARY FOR FEBRUARY 18 2017...

CLIMATE NORMAL PERIOD 1981 TO 2010
CLIMATE RECORD PERIOD 1906 TO 2017


WEATHER ITEM   OBSERVED TIME   RECORD YEAR NORMAL DEPARTURE LAST
                VALUE   (LST)  VALUE       VALUE  FROM      YEAR
                                                  NORMAL
..................................................................
TEMPERATURE (F)
 YESTERDAY
  MAXIMUM         86    426 PM  97    1986  69     17       81
  MINIMUM         44    546 AM  20    1910  46     -2       58
  AVERAGE         65                        58      7       70

PRECIPITATION (IN)
  YESTERDAY        0.00          0.83 1963   0.04  -0.04     0.00
  MONTH TO DATE    0.62                      0.55   0.07     0.00
  SINCE DEC 1      3.29                      1.92   1.37     1.02
  SINCE JAN 1      0.81                      1.27  -0.46     0.68

SNOWFALL (IN)
  YESTERDAY        0.0
  MONTH TO DATE    0.0
  SINCE DEC 1      0.0
  SINCE JUL 1      0.0

DEGREE DAYS
 HEATING
  YESTERDAY        0                         8     -8        0
  MONTH TO DATE   88                       176    -88      127
  SINCE DEC 1    711                       969   -258      794
  SINCE JUL 1    780                      1166   -386      937

 COOLING
  YESTERDAY        0                         1     -1        5
  MONTH TO DATE   15                         2     13       11
  SINCE DEC 1     43                         8     35       12
  SINCE JAN 1     31                         5     26       11
..................................................................


WIND (MPH)
  HIGHEST WIND SPEED    18   HIGHEST WIND DIRECTION    SE (140)
  HIGHEST GUST SPEED    27   HIGHEST GUST DIRECTION    SE (120)
  AVERAGE WIND SPEED     6.3


SKY COVER
  AVERAGE SKY COVER 0.0


WEATHER CONDITIONS
 THE FOLLOWING WEATHER WAS RECORDED YESTERDAY.
  NO SIGNIFICANT WEATHER WAS OBSERVED.


RELATIVE HUMIDITY (PERCENT)
 HIGHEST    93           800 AM
 LOWEST     17           400 PM
 AVERAGE    55

..........................................................


THE DEL RIO CLIMATE NORMALS FOR TODAY
                         NORMAL    RECORD    YEAR
 MAXIMUM TEMPERATURE (F)   70        95      1986
 MINIMUM TEMPERATURE (F)   46        27      1910


SUNRISE AND SUNSET
FEBRUARY 19 2017......SUNRISE   719 AM CST   SUNSET   636 PM CST
FEBRUARY 20 2017......SUNRISE   718 AM CST   SUNSET   637 PM CST


-  INDICATES NEGATIVE NUMBERS.
R  INDICATES RECORD WAS SET OR TIED.
MM INDICATES DATA IS MISSING.
T  INDICATES TRACE AMOUNT.




$$
