000
CDUS44 KEWX 260728
CLIDRT


CLIMATE REPORT
NATIONAL WEATHER SERVICE AUSTIN/SAN ANTONIO, TX
128 AM CST FRI DEC 26 2014


...................................

...THE DEL RIO CLIMATE SUMMARY FOR DECEMBER 25 2014...

CLIMATE NORMAL PERIOD 1981 TO 2010
CLIMATE RECORD PERIOD 1906 TO 2014


WEATHER ITEM   OBSERVED TIME   RECORD YEAR NORMAL DEPARTURE LAST
                VALUE   (LST)  VALUE       VALUE  FROM      YEAR
                                                  NORMAL
..................................................................
TEMPERATURE (F)
 YESTERDAY
  MAXIMUM         68    435 PM  87    1955  63      5       59
  MINIMUM         34    645 AM  13    1983  40     -6       33
  AVERAGE         51                        51      0       46

PRECIPITATION (IN)
  YESTERDAY        0.00          1.36 1974   0.02  -0.02     0.00
  MONTH TO DATE    0.04                      0.51  -0.47     0.18
  SINCE DEC 1      0.04                      0.51  -0.47     0.18
  SINCE JAN 1     15.94                     19.38  -3.44    15.17

SNOWFALL (IN)
  YESTERDAY        0.0
  MONTH TO DATE    0.0
  SINCE DEC 1      0.0
  SINCE JUL 1      0.0

DEGREE DAYS
 HEATING
  YESTERDAY       14                        14      0       19
  MONTH TO DATE  175                       312   -137      347
  SINCE DEC 1    175                       312   -137      347
  SINCE JUL 1    447                       509    -62      580

 COOLING
  YESTERDAY        0                         0      0        0
  MONTH TO DATE    6                         0      6        5
  SINCE DEC 1      6                         0      6        5
  SINCE JAN 1   3694                      3372    322     3746
..................................................................


WIND (MPH)
  HIGHEST WIND SPEED    28   HIGHEST WIND DIRECTION    SE (150)
  HIGHEST GUST SPEED    33   HIGHEST GUST DIRECTION    SE (150)
  AVERAGE WIND SPEED    12.4


SKY COVER
  AVERAGE SKY COVER 0.0


WEATHER CONDITIONS
 THE FOLLOWING WEATHER WAS RECORDED YESTERDAY.
  NO SIGNIFICANT WEATHER WAS OBSERVED.


RELATIVE HUMIDITY (PERCENT)
 HIGHEST    70          1200 AM
 LOWEST     19           400 PM
 AVERAGE    45

..........................................................


THE DEL RIO CLIMATE NORMALS FOR TODAY
                         NORMAL    RECORD    YEAR
 MAXIMUM TEMPERATURE (F)   63        79      2008
                                             1955
                                             1933
 MINIMUM TEMPERATURE (F)   40        21      1983


SUNRISE AND SUNSET
DECEMBER 26 2014......SUNRISE   736 AM CST   SUNSET   553 PM CST
DECEMBER 27 2014......SUNRISE   737 AM CST   SUNSET   553 PM CST


-  INDICATES NEGATIVE NUMBERS.
R  INDICATES RECORD WAS SET OR TIED.
MM INDICATES DATA IS MISSING.
T  INDICATES TRACE AMOUNT.




$$
