000
CDUS44 KEWX 130648
CLIDRT


CLIMATE REPORT
NATIONAL WEATHER SERVICE AUSTIN/SAN ANTONIO, TX
1244 AM CST WED DEC 13 2017


...................................

...THE DEL RIO CLIMATE SUMMARY FOR DECEMBER 12 2017...

CLIMATE NORMAL PERIOD 1981 TO 2010
CLIMATE RECORD PERIOD 1906 TO 2017


WEATHER ITEM   OBSERVED TIME   RECORD YEAR NORMAL DEPARTURE LAST
                VALUE   (LST)  VALUE       VALUE  FROM      YEAR
                                                  NORMAL
..................................................................
TEMPERATURE (F)
 YESTERDAY
  MAXIMUM         66    339 PM  85    1973  64      2       69
  MINIMUM         38   1038 PM  23    1966  41     -3       48
  AVERAGE         52                        52      0       59

PRECIPITATION (IN)
  YESTERDAY        0.00          0.64 1979   0.01  -0.01     0.00
  MONTH TO DATE    1.63                      0.22   1.41     2.37
  SINCE DEC 1      1.63                      0.22   1.41     2.37
  SINCE JAN 1     24.31                     19.09   5.22    32.36

SNOWFALL (IN)
  YESTERDAY        0.0
  MONTH TO DATE    T
  SINCE DEC 1      T
  SINCE JUL 1      T

DEGREE DAYS
 HEATING
  YESTERDAY       13                        13      0        6
  MONTH TO DATE  123                       138    -15      164
  SINCE DEC 1    123                       138    -15      164
  SINCE JUL 1    274                       335    -61      233

 COOLING
  YESTERDAY        0                         0      0        0
  MONTH TO DATE   10                         0     10        0
  SINCE DEC 1     10                         0     10        0
  SINCE JAN 1   3579                      3372    207     3579
..................................................................


WIND (MPH)
  HIGHEST WIND SPEED    17   HIGHEST WIND DIRECTION     W (280)
  HIGHEST GUST SPEED    22   HIGHEST GUST DIRECTION     W (280)
  AVERAGE WIND SPEED     6.9


SKY COVER
  AVERAGE SKY COVER 0.0


WEATHER CONDITIONS
 THE FOLLOWING WEATHER WAS RECORDED YESTERDAY.
  NO SIGNIFICANT WEATHER WAS OBSERVED.


RELATIVE HUMIDITY (PERCENT)
 HIGHEST   100           200 AM
 LOWEST     24           400 PM
 AVERAGE    62

..........................................................


THE DEL RIO CLIMATE NORMALS FOR TODAY
                         NORMAL    RECORD    YEAR
 MAXIMUM TEMPERATURE (F)   64        83      1973
 MINIMUM TEMPERATURE (F)   41        23      1966


SUNRISE AND SUNSET
DECEMBER 13 2017......SUNRISE   729 AM CST   SUNSET   547 PM CST
DECEMBER 14 2017......SUNRISE   730 AM CST   SUNSET   547 PM CST


-  INDICATES NEGATIVE NUMBERS.
R  INDICATES RECORD WAS SET OR TIED.
MM INDICATES DATA IS MISSING.
T  INDICATES TRACE AMOUNT.




$$
