000
CDUS43 KDMX 012251
CLIDSM

CLIMATE REPORT
NATIONAL WEATHER SERVICE DES MOINES IA
549 PM CDT MON SEP 1 2014


...................................

...THE DES MOINES IA CLIMATE SUMMARY FOR SEPTEMBER 1 2014...
VALID TODAY AS OF 0500 PM LOCAL TIME.

CLIMATE NORMAL PERIOD 1981 TO 2010
CLIMATE RECORD PERIOD 1878 TO 2014


WEATHER ITEM   OBSERVED TIME   RECORD YEAR NORMAL DEPARTURE LAST
                VALUE   (LST)  VALUE       VALUE  FROM      YEAR
                                                  NORMAL
..................................................................
TEMPERATURE (F)
 TODAY
  MAXIMUM         81    333 PM  99    1913  81      0       86
  MINIMUM         67    108 AM  38    1949  61      6       66
  AVERAGE         74                        71      3       76

PRECIPITATION (IN)
  TODAY            0.00          1.77 1935   0.11  -0.11     0.17
  MONTH TO DATE    0.00                      0.11  -0.11     0.17
  SINCE SEP 1      0.00                      0.11  -0.11     0.17
  SINCE JAN 1     32.37                     26.83   5.54    23.72

SNOWFALL (IN)
  TODAY            0.0          MM      MM   0.0    0.0      0.0
  MONTH TO DATE    0.0                       0.0    0.0      0.0
  SINCE SEP 1      0.0                       0.0    0.0      0.0
  SINCE JUL 1      0.0                       0.0    0.0      0.0
  SNOW DEPTH       0

DEGREE DAYS
 HEATING
  TODAY            0                         1     -1        0
  MONTH TO DATE    0                         1     -1        0
  SINCE SEP 1      0                         1     -1        0
  SINCE JUL 1      2                         7     -5        0

 COOLING
  TODAY            9                         7      2       11
  MONTH TO DATE    9                         7      2       11
  SINCE SEP 1      9                         7      2       11
  SINCE JAN 1    978                       946     32     1112
..................................................................


WIND (MPH)
  HIGHEST WIND SPEED    29   HIGHEST WIND DIRECTION    NW (310)
  HIGHEST GUST SPEED    35   HIGHEST GUST DIRECTION    NW (310)
  AVERAGE WIND SPEED    13.6


SKY COVER
  POSSIBLE SUNSHINE  MM
  AVERAGE SKY COVER 0.7


WEATHER CONDITIONS
 THE FOLLOWING WEATHER WAS RECORDED TODAY.
  THUNDERSTORM


RELATIVE HUMIDITY (PERCENT)
 HIGHEST    87           100 AM
 LOWEST     54           100 PM
 AVERAGE    71

..........................................................


THE DES MOINES IA CLIMATE NORMALS FOR TOMORROW
                         NORMAL    RECORD    YEAR
 MAXIMUM TEMPERATURE (F)   81        98      2000
                                             1913
 MINIMUM TEMPERATURE (F)   61        42      1893


SUNRISE AND SUNSET
SEPTEMBER  1 2014.....SUNRISE   641 AM CDT   SUNSET   748 PM CDT
SEPTEMBER  2 2014.....SUNRISE   642 AM CDT   SUNSET   746 PM CDT


-  INDICATES NEGATIVE NUMBERS.
R  INDICATES RECORD WAS SET OR TIED.
MM INDICATES DATA IS MISSING.
T  INDICATES TRACE AMOUNT.




$$
