000
CDUS43 KDMX 290647 RRD
CLIDSM

CLIMATE REPORT
NATIONAL WEATHER SERVICE DES MOINES IA
144 AM CDT WED JUL 29 2015


...................................

...THE DES MOINES IA CLIMATE SUMMARY FOR JULY 28 2015...

CLIMATE NORMAL PERIOD 1981 TO 2010
CLIMATE RECORD PERIOD 1878 TO 2015


WEATHER ITEM   OBSERVED TIME   RECORD YEAR NORMAL DEPARTURE LAST
                VALUE   (LST)  VALUE       VALUE  FROM      YEAR
                                                  NORMAL
..................................................................
TEMPERATURE (F)
 YESTERDAY
  MAXIMUM         89    243 PM 107    1931  85      4       78
  MINIMUM         71    744 PM  51    2013  67      4       61
  AVERAGE         80                        76      4       70

PRECIPITATION (IN)
  YESTERDAY        2.44R         2.00 1892   0.13   2.31      T
  MONTH TO DATE    7.17                      4.07   3.10     2.35
  SINCE JUN 1     15.57                      9.01   6.56     9.84
  SINCE JAN 1     24.92                     22.19   2.73    20.99

SNOWFALL (IN)
  YESTERDAY        0.0          MM      MM   0.0    0.0      0.0
  MONTH TO DATE    0.0                       0.0    0.0      0.0
  SINCE JUN 1      0.0                       0.0    0.0      0.0
  SINCE JUL 1      0.0                       0.0    0.0      0.0
  SNOW DEPTH       0

DEGREE DAYS
 HEATING
  YESTERDAY        0                         0      0        0
  MONTH TO DATE    0                         0      0        2
  SINCE JUN 1      3                        17    -14        2
  SINCE JUL 1      0                         0      0        2

 COOLING
  YESTERDAY       15                        11      4        5
  MONTH TO DATE  314                       315     -1      236
  SINCE JUN 1    571                       536     35      492
  SINCE JAN 1    651                       612     39      623
..................................................................


WIND (MPH)
  HIGHEST WIND SPEED    28   HIGHEST WIND DIRECTION     N (360)
  HIGHEST GUST SPEED    36   HIGHEST GUST DIRECTION     N (350)
  AVERAGE WIND SPEED     9.9


SKY COVER
  POSSIBLE SUNSHINE  MM
  AVERAGE SKY COVER 0.8


WEATHER CONDITIONS
 THE FOLLOWING WEATHER WAS RECORDED YESTERDAY.
  THUNDERSTORM
  HEAVY RAIN
  RAIN
  LIGHT RAIN
  FOG


RELATIVE HUMIDITY (PERCENT)
 HIGHEST    93           900 PM
 LOWEST     63           300 PM
 AVERAGE    78

..........................................................


THE DES MOINES IA CLIMATE NORMALS FOR TODAY
                         NORMAL    RECORD    YEAR
 MAXIMUM TEMPERATURE (F)   85       102      1887
 MINIMUM TEMPERATURE (F)   67        51      1971


SUNRISE AND SUNSET
JULY 29 2015..........SUNRISE   606 AM CDT   SUNSET   835 PM CDT
JULY 30 2015..........SUNRISE   607 AM CDT   SUNSET   834 PM CDT


-  INDICATES NEGATIVE NUMBERS.
R  INDICATES RECORD WAS SET OR TIED.
MM INDICATES DATA IS MISSING.
T  INDICATES TRACE AMOUNT.




$$
