000
CDUS43 KDMX 200631 RRA
CLIDSM

CLIMATE REPORT
NATIONAL WEATHER SERVICE DES MOINES IA
127 AM CDT THU JUL 20 2017


...................................

...THE DES MOINES IA CLIMATE SUMMARY FOR JULY 19 2017...

CLIMATE NORMAL PERIOD 1981 TO 2010
CLIMATE RECORD PERIOD 1878 TO 2017


WEATHER ITEM   OBSERVED TIME   RECORD YEAR NORMAL DEPARTURE LAST
                VALUE   (LST)  VALUE       VALUE  FROM      YEAR
                                                  NORMAL
..................................................................
TEMPERATURE (F)
 YESTERDAY
  MAXIMUM         98    332 PM 109    1934  86     12       77
  MINIMUM         76    524 AM  52    1947  67      9       70
  AVERAGE         87                        76     11       74

PRECIPITATION (IN)
  YESTERDAY        0.01          4.32 1904   0.14  -0.13     3.53
  MONTH TO DATE    1.30                      2.86  -1.56     6.96
  SINCE JUN 1      3.64                      7.80  -4.16     8.43
  SINCE JAN 1     18.61                     20.98  -2.37    19.67

SNOWFALL (IN)
  YESTERDAY        0.0          MM      MM   0.0    0.0      0.0
  MONTH TO DATE    0.0                       0.0    0.0      0.0
  SINCE JUN 1      0.0                       0.0    0.0      0.0
  SINCE JUL 1      0.0                       0.0    0.0      0.0
  SNOW DEPTH       0

DEGREE DAYS
 HEATING
  YESTERDAY        0                         0      0        0
  MONTH TO DATE    0                         0      0        0
  SINCE JUN 1      2                        17    -15        0
  SINCE JUL 1      0                         0      0        0

 COOLING
  YESTERDAY       22                        11     11        9
  MONTH TO DATE  289                       216     73      198
  SINCE JUN 1    596                       437    159      576
  SINCE JAN 1    676                       513    163      669
..................................................................


WIND (MPH)
  HIGHEST WIND SPEED    23   HIGHEST WIND DIRECTION     S (180)
  HIGHEST GUST SPEED    28   HIGHEST GUST DIRECTION     S (190)
  AVERAGE WIND SPEED    10.0


SKY COVER
  POSSIBLE SUNSHINE  MM
  AVERAGE SKY COVER 0.6


WEATHER CONDITIONS
 THE FOLLOWING WEATHER WAS RECORDED YESTERDAY.
  THUNDERSTORM


RELATIVE HUMIDITY (PERCENT)
 HIGHEST    82           500 AM
 LOWEST     38           200 PM
 AVERAGE    60

..........................................................


THE DES MOINES IA CLIMATE NORMALS FOR TODAY
                         NORMAL    RECORD    YEAR
 MAXIMUM TEMPERATURE (F)   86       108      1934
 MINIMUM TEMPERATURE (F)   67        53      1880


SUNRISE AND SUNSET
JULY 20 2017..........SUNRISE   558 AM CDT   SUNSET   843 PM CDT
JULY 21 2017..........SUNRISE   559 AM CDT   SUNSET   842 PM CDT


-  INDICATES NEGATIVE NUMBERS.
R  INDICATES RECORD WAS SET OR TIED.
MM INDICATES DATA IS MISSING.
T  INDICATES TRACE AMOUNT.




$$
