000
CDUS45 KTWC 200732
CLIDUG

CLIMATE REPORT
NATIONAL WEATHER SERVICE TUCSON AZ
1233 AM MST SUN APR 20 2014

...................................

...THE DOUGLAS AZ CLIMATE SUMMARY FOR APRIL 19 2014...

CLIMATE NORMAL PERIOD 1981 TO 2010
CLIMATE RECORD PERIOD 1948 TO 2014


WEATHER ITEM   OBSERVED TIME   RECORD YEAR NORMAL DEPARTURE LAST
                VALUE   (LST)  VALUE       VALUE  FROM      YEAR
                                                  NORMAL
..................................................................
TEMPERATURE (F)
 YESTERDAY
  MAXIMUM         72   1208 PM  95    1989  81     -9       74
  MINIMUM         47    454 AM  28    1963  44      3       31
  AVERAGE         60                        62     -2       53

PRECIPITATION (IN)
  YESTERDAY        0.13          0.99 1951   0.01   0.12     0.00
  MONTH TO DATE    0.13                      0.14  -0.01     0.01
  SINCE OCT 1      1.39                      4.58  -3.19     1.50
  SINCE JAN 1      0.57                      2.03  -1.46     0.87

DEGREE DAYS
 HEATING
  YESTERDAY        5                         4      1       12
  MONTH TO DATE   95                       108    -13      106
  SINCE MAR 1    345                       433    -88      345
  SINCE JUL 1   2309                      2469   -160     2549

 COOLING
  YESTERDAY        0                         1     -1        0
  MONTH TO DATE    7                         7      0        4
  SINCE MAR 1      7                         8     -1        6
  SINCE JAN 1      7                         8     -1        6
..................................................................


WIND (MPH)
  HIGHEST WIND SPEED    23   HIGHEST WIND DIRECTION    NW (330)
  HIGHEST GUST SPEED    29   HIGHEST GUST DIRECTION    NW (310)
  AVERAGE WIND SPEED     6.4


SKY COVER
  POSSIBLE SUNSHINE  MM
  AVERAGE SKY COVER 0.5


WEATHER CONDITIONS
 THE FOLLOWING WEATHER WAS RECORDED YESTERDAY.
  THUNDERSTORM
  RAIN
  LIGHT RAIN
  FOG


RELATIVE HUMIDITY (PERCENT)
 HIGHEST    93
 LOWEST     37
 AVERAGE    65

..........................................................


THE DOUGLAS AZ CLIMATE NORMALS FOR TODAY
                         NORMAL    RECORD    YEAR
 MAXIMUM TEMPERATURE (F)   81        99      1989
 MINIMUM TEMPERATURE (F)   44        27      1995


SUNRISE AND SUNSET
APRIL 20 2014.........SUNRISE   544 AM MST   SUNSET   651 PM MST
APRIL 21 2014.........SUNRISE   543 AM MST   SUNSET   651 PM MST


-  INDICATES NEGATIVE NUMBERS.
R  INDICATES RECORD WAS SET OR TIED.
MM INDICATES DATA IS MISSING.
T  INDICATES TRACE AMOUNT.




$$
