000
CDUS45 KTWC 270737 RRA
CLIDUG

CLIMATE REPORT
NATIONAL WEATHER SERVICE TUCSON AZ
1236 AM MST THU APR 27 2017


...................................

...THE DOUGLAS AZ CLIMATE SUMMARY FOR APRIL 26 2017...

CLIMATE NORMAL PERIOD 1981 TO 2010
CLIMATE RECORD PERIOD 1948 TO 2017


WEATHER ITEM   OBSERVED TIME   RECORD YEAR NORMAL DEPARTURE LAST
                VALUE   (LST)  VALUE       VALUE  FROM      YEAR
                                                  NORMAL
..................................................................
TEMPERATURE (F)
 YESTERDAY
  MAXIMUM         82    407 PM  97    2000  82      0       75
  MINIMUM         47    508 AM  34    1964  46      1       44
                                      1961
  AVERAGE         65                        64      1       60

PRECIPITATION (IN)
  YESTERDAY        0.00          0.12 1998   0.01  -0.01     0.00
  MONTH TO DATE    T                         0.20  -0.20     0.04
  SINCE OCT 1      3.05                      4.64  -1.59     2.68
  SINCE JAN 1      1.70                      2.09  -0.39     1.47

DEGREE DAYS
 HEATING
  YESTERDAY        0                         3     -3        5
  MONTH TO DATE   89                       130    -41      132
  SINCE MAR 1    270                       455   -185      399
  SINCE JUL 1   2063                      2491   -428     2571

 COOLING
  YESTERDAY        0                         2     -2        0
  MONTH TO DATE   28                        18     10       18
  SINCE MAR 1     35                        19     16       18
  SINCE JAN 1     35                        19     16       18
..................................................................


WIND (MPH)
  HIGHEST WIND SPEED    25   HIGHEST WIND DIRECTION    NW (320)
  HIGHEST GUST SPEED    33   HIGHEST GUST DIRECTION    NW (310)
  AVERAGE WIND SPEED     8.0


SKY COVER
  POSSIBLE SUNSHINE  MM
  AVERAGE SKY COVER 0.0


WEATHER CONDITIONS
 THE FOLLOWING WEATHER WAS RECORDED YESTERDAY.
  NO SIGNIFICANT WEATHER WAS OBSERVED.


RELATIVE HUMIDITY (PERCENT)
 HIGHEST    54
 LOWEST      7
 AVERAGE    31

..........................................................


THE DOUGLAS AZ CLIMATE NORMALS FOR TODAY
                         NORMAL    RECORD    YEAR
 MAXIMUM TEMPERATURE (F)   83        96      2000
 MINIMUM TEMPERATURE (F)   46        32      1969


SUNRISE AND SUNSET
APRIL 27 2017.........SUNRISE   537 AM MST   SUNSET   656 PM MST
APRIL 28 2017.........SUNRISE   536 AM MST   SUNSET   656 PM MST


-  INDICATES NEGATIVE NUMBERS.
R  INDICATES RECORD WAS SET OR TIED.
MM INDICATES DATA IS MISSING.
T  INDICATES TRACE AMOUNT.




$$
