000
CDUS43 KDVN 221018
CLIDVN


CLIMATE REPORT
NATIONAL WEATHER SERVICE QUAD CITIES IA IL
415 AM CST MON DEC 22 2014


...................................

...THE DAVENPORT IA CLIMATE SUMMARY FOR DECEMBER 21 2014...

CLIMATE NORMAL PERIOD 1981 TO 2010
CLIMATE RECORD PERIOD 9999 TO 9999


WEATHER ITEM   OBSERVED TIME   RECORD YEAR NORMAL DEPARTURE LAST
                VALUE   (LST)  VALUE       VALUE  FROM      YEAR
                                                  NORMAL
..................................................................
TEMPERATURE (F)
 YESTERDAY
  MAXIMUM         40    301 PM  MM      MM  31      9       29
  MINIMUM         33   1253 AM  MM      MM  16     17       26
  AVERAGE         37                        23     14       28

PRECIPITATION (IN)
  YESTERDAY        T            MM      MM   0.06  -0.06     0.06
  MONTH TO DATE    0.44                      1.37  -0.93     0.60
  SINCE DEC 1      0.44                      1.37  -0.93     0.60
  SINCE JAN 1     33.87                     35.67  -1.80    34.37

SNOWFALL (IN)
  YESTERDAY        0.0          MM      MM  MM     MM        0.3
  MONTH TO DATE    T                        MM     MM        5.8
  SINCE DEC 1      T                        MM     MM        5.8
  SINCE JUL 1      4.0                      MM     MM        9.1
  SNOW DEPTH       0

DEGREE DAYS
 HEATING
  YESTERDAY       28                        42    -14       37
  MONTH TO DATE  724                       806    -82      918
  SINCE DEC 1    724                       806    -82      918
  SINCE JUL 1   2329                      2154    175     2331

 COOLING
  YESTERDAY        0                         0      0        0
  MONTH TO DATE    0                         0      0        0
  SINCE DEC 1      0                         0      0        0
  SINCE JAN 1    728                       786    -58      938
..................................................................


WIND (MPH)
  HIGHEST WIND SPEED    23   HIGHEST WIND DIRECTION    SE (150)
  HIGHEST GUST SPEED    28   HIGHEST GUST DIRECTION     S (160)
  AVERAGE WIND SPEED    14.1


SKY COVER
  POSSIBLE SUNSHINE  MM
  AVERAGE SKY COVER 1.0


WEATHER CONDITIONS
 THE FOLLOWING WEATHER WAS RECORDED YESTERDAY.
  LIGHT RAIN
  FOG
  HAZE


RELATIVE HUMIDITY (PERCENT)
 HIGHEST    89          1200 AM
 LOWEST     76          1100 AM
 AVERAGE    83

..........................................................


THE DAVENPORT IA CLIMATE NORMALS FOR TODAY
                         NORMAL    RECORD    YEAR
 MAXIMUM TEMPERATURE (F)   31        MM        MM
 MINIMUM TEMPERATURE (F)   15        MM        MM


SUNRISE AND SUNSET
DECEMBER 22 2014......SUNRISE   726 AM CST   SUNSET   436 PM CST
DECEMBER 23 2014......SUNRISE   727 AM CST   SUNSET   436 PM CST


-  INDICATES NEGATIVE NUMBERS.
R  INDICATES RECORD WAS SET OR TIED.
MM INDICATES DATA IS MISSING.
T  INDICATES TRACE AMOUNT.




$$
