000
CDUS43 KDVN 230910
CLIDVN


CLIMATE REPORT
NATIONAL WEATHER SERVICE QUAD CITIES IA IL
409 AM CDT SUN APR 23 2017


...................................

...THE DAVENPORT IA CLIMATE SUMMARY FOR APRIL 22 2017...

CLIMATE NORMAL PERIOD 1981 TO 2010
CLIMATE RECORD PERIOD 9999 TO 9999


WEATHER ITEM   OBSERVED TIME   RECORD YEAR NORMAL DEPARTURE LAST
                VALUE   (LST)  VALUE       VALUE  FROM      YEAR
                                                  NORMAL
..................................................................
TEMPERATURE (F)
 YESTERDAY
  MAXIMUM         64    400 PM  MM      MM  64      0       61
  MINIMUM         38    428 AM  MM      MM  41     -3       46
  AVERAGE         51                        53     -2       54

PRECIPITATION (IN)
  YESTERDAY        0.00         MM      MM   0.12  -0.12     0.00
  MONTH TO DATE    2.70                      2.33   0.37     1.29
  SINCE MAR 1      5.41                      4.85   0.56     4.41
  SINCE JAN 1      7.36                      7.38  -0.02     5.19

SNOWFALL (IN)
  YESTERDAY        0.0          MM      MM  MM     MM        0.0
  MONTH TO DATE    T                        MM     MM         T
  SINCE MAR 1      6.1                      MM     MM        1.2
  SINCE JUL 1     25.2                      MM     MM       16.6
  SNOW DEPTH       0

DEGREE DAYS
 HEATING
  YESTERDAY       14                        13      1       11
  MONTH TO DATE  247                       357   -110      365
  SINCE MAR 1   1050                      1190   -140     1014
  SINCE JUL 1   5106                      6215  -1109     5238

 COOLING
  YESTERDAY        0                         0      0        0
  MONTH TO DATE   11                         0     11        4
  SINCE MAR 1     11                         0     11        5
  SINCE JAN 1     11                         0     11        5
..................................................................


WIND (MPH)
  HIGHEST WIND SPEED    18   HIGHEST WIND DIRECTION    NE (60)
  HIGHEST GUST SPEED    23   HIGHEST GUST DIRECTION    NE (40)
  AVERAGE WIND SPEED     9.4


SKY COVER
  POSSIBLE SUNSHINE  MM
  AVERAGE SKY COVER 0.0


WEATHER CONDITIONS
 THE FOLLOWING WEATHER WAS RECORDED YESTERDAY.
  NO SIGNIFICANT WEATHER WAS OBSERVED.


RELATIVE HUMIDITY (PERCENT)
 HIGHEST    82           200 AM
 LOWEST     32           300 PM
 AVERAGE    57

..........................................................


THE DAVENPORT IA CLIMATE NORMALS FOR TODAY
                         NORMAL    RECORD    YEAR
 MAXIMUM TEMPERATURE (F)   64        MM        MM
 MINIMUM TEMPERATURE (F)   42        MM        MM


SUNRISE AND SUNSET
APRIL 23 2017.........SUNRISE   610 AM CDT   SUNSET   752 PM CDT
APRIL 24 2017.........SUNRISE   608 AM CDT   SUNSET   753 PM CDT


-  INDICATES NEGATIVE NUMBERS.
R  INDICATES RECORD WAS SET OR TIED.
MM INDICATES DATA IS MISSING.
T  INDICATES TRACE AMOUNT.




$$
