000
CDUS43 KDVN 210935
CLIDVN


CLIMATE REPORT
NATIONAL WEATHER SERVICE QUAD CITIES IA IL
433 AM CDT FRI JUL 21 2017


...................................

...THE DAVENPORT IA CLIMATE SUMMARY FOR JULY 20 2017...

CLIMATE NORMAL PERIOD 1981 TO 2010
CLIMATE RECORD PERIOD 9999 TO 9999


WEATHER ITEM   OBSERVED TIME   RECORD YEAR NORMAL DEPARTURE LAST
                VALUE   (LST)  VALUE       VALUE  FROM      YEAR
                                                  NORMAL
..................................................................
TEMPERATURE (F)
 YESTERDAY
  MAXIMUM         91    403 PM  MM      MM  84      7       85
  MINIMUM         69    926 PM  MM      MM  63      6       67
  AVERAGE         80                        73      7       76

PRECIPITATION (IN)
  YESTERDAY        1.57         MM      MM   0.17   1.40     1.16
  MONTH TO DATE    3.21                      2.80   0.41     5.65
  SINCE JUN 1      8.40                      6.99   1.41    11.24
  SINCE JAN 1     22.84                     19.80   3.04    21.80

SNOWFALL (IN)
  YESTERDAY        0.0          MM      MM  MM     MM        0.0
  MONTH TO DATE    0.0                      MM     MM        0.0
  SINCE JUN 1      0.0                      MM     MM        0.0
  SINCE JUL 1      0.0                      MM     MM        0.0
  SNOW DEPTH       0

DEGREE DAYS
 HEATING
  YESTERDAY        0                         0      0        0
  MONTH TO DATE    0                         0      0        4
  SINCE JUN 1     11                        24    -13        9
  SINCE JUL 1      0                         0      0        4

 COOLING
  YESTERDAY       15                         8      7       11
  MONTH TO DATE  178                       169      9      142
  SINCE JUN 1    396                       351     45      370
  SINCE JAN 1    448                       412     36      455
..................................................................


WIND (MPH)
  HIGHEST WIND SPEED    45   HIGHEST WIND DIRECTION     S (170)
  HIGHEST GUST SPEED    60   HIGHEST GUST DIRECTION     S (170)
  AVERAGE WIND SPEED     8.9


SKY COVER
  POSSIBLE SUNSHINE  MM
  AVERAGE SKY COVER 0.3


WEATHER CONDITIONS
 THE FOLLOWING WEATHER WAS RECORDED YESTERDAY.
  THUNDERSTORM
  HEAVY RAIN
  RAIN
  LIGHT RAIN
  FOG


RELATIVE HUMIDITY (PERCENT)
 HIGHEST    93           700 AM
 LOWEST     68           200 PM
 AVERAGE    81

..........................................................


THE DAVENPORT IA CLIMATE NORMALS FOR TODAY
                         NORMAL    RECORD    YEAR
 MAXIMUM TEMPERATURE (F)   83        MM        MM
 MINIMUM TEMPERATURE (F)   63        MM        MM


SUNRISE AND SUNSET
JULY 21 2017..........SUNRISE   547 AM CDT   SUNSET   830 PM CDT
JULY 22 2017..........SUNRISE   548 AM CDT   SUNSET   830 PM CDT


-  INDICATES NEGATIVE NUMBERS.
R  INDICATES RECORD WAS SET OR TIED.
MM INDICATES DATA IS MISSING.
T  INDICATES TRACE AMOUNT.




$$
