000
CDUS43 KDVN 050913
CLIDVN


CLIMATE REPORT
NATIONAL WEATHER SERVICE QUAD CITIES IA IL
410 AM CDT SAT SEP 5 2015


...................................

...THE DAVENPORT IA CLIMATE SUMMARY FOR SEPTEMBER 4 2015...

CLIMATE NORMAL PERIOD 1981 TO 2010
CLIMATE RECORD PERIOD 9999 TO 9999


WEATHER ITEM   OBSERVED TIME   RECORD YEAR NORMAL DEPARTURE LAST
                VALUE   (LST)  VALUE       VALUE  FROM      YEAR
                                                  NORMAL
..................................................................
TEMPERATURE (F)
 YESTERDAY
  MAXIMUM         90    406 PM  MM      MM  79     11       87
  MINIMUM         67    434 AM  MM      MM  56     11       69
  AVERAGE         79                        68     11       78

PRECIPITATION (IN)
  YESTERDAY        0.00         MM      MM   0.10  -0.10     0.41
  MONTH TO DATE    0.00                      0.38  -0.38     0.68
  SINCE SEP 1      0.00                      0.38  -0.38     0.68
  SINCE JAN 1     28.55                     26.20   2.35    25.37

SNOWFALL (IN)
  YESTERDAY        0.0          MM      MM  MM     MM        0.0
  MONTH TO DATE    0.0                      MM     MM        0.0
  SINCE SEP 1      0.0                      MM     MM        0.0
  SINCE JUL 1      0.0                      MM     MM        0.0
  SNOW DEPTH       0

DEGREE DAYS
 HEATING
  YESTERDAY        0                         1     -1        0
  MONTH TO DATE    0                         4     -4        0
  SINCE SEP 1      0                         4     -4        0
  SINCE JUL 1     14                        18     -4       21

 COOLING
  YESTERDAY       14                         4     10       13
  MONTH TO DATE   57                        16     41       29
  SINCE SEP 1     57                        16     41       29
  SINCE JAN 1    720                       720      0      688
..................................................................


WIND (MPH)
  HIGHEST WIND SPEED    10   HIGHEST WIND DIRECTION     S (200)
  HIGHEST GUST SPEED    14   HIGHEST GUST DIRECTION    SW (210)
  AVERAGE WIND SPEED     3.4


SKY COVER
  POSSIBLE SUNSHINE  MM
  AVERAGE SKY COVER 0.1


WEATHER CONDITIONS
 THE FOLLOWING WEATHER WAS RECORDED YESTERDAY.
  NO SIGNIFICANT WEATHER WAS OBSERVED.


RELATIVE HUMIDITY (PERCENT)
 HIGHEST   100           200 AM
 LOWEST     52           300 PM
 AVERAGE    76

..........................................................


THE DAVENPORT IA CLIMATE NORMALS FOR TODAY
                         NORMAL    RECORD    YEAR
 MAXIMUM TEMPERATURE (F)   79        MM        MM
 MINIMUM TEMPERATURE (F)   56        MM        MM


SUNRISE AND SUNSET
SEPTEMBER  5 2015.....SUNRISE   632 AM CDT   SUNSET   729 PM CDT
SEPTEMBER  6 2015.....SUNRISE   633 AM CDT   SUNSET   727 PM CDT


-  INDICATES NEGATIVE NUMBERS.
R  INDICATES RECORD WAS SET OR TIED.
MM INDICATES DATA IS MISSING.
T  INDICATES TRACE AMOUNT.




$$
