000
CDUS46 KOTX 250837
CLIEAT


CLIMATE REPORT
NATIONAL WEATHER SERVICE SPOKANE, WA
1236 AM PST TUE NOV 25 2014


...................................

...THE WENATCHEE WA PANGBORN FIELD CLIMATE SUMMARY FOR NOVEMBER 24 2014...

CLIMATE NORMAL PERIOD 1981 TO 2010
CLIMATE RECORD PERIOD 1959 TO 2014


WEATHER ITEM   OBSERVED TIME   RECORD YEAR NORMAL DEPARTURE LAST
                VALUE   (LST)  VALUE       VALUE  FROM      YEAR
                                                  NORMAL
..................................................................
TEMPERATURE (F)
 YESTERDAY
  MAXIMUM         44    213 PM  64    1959  39      5       38
  MINIMUM         34   1141 PM  -5    1985  29      5       19
  AVERAGE         39                        34      5       29

PRECIPITATION (IN)
  YESTERDAY        T             1.32 1965   0.04  -0.04     0.00
  MONTH TO DATE    0.53                      0.85  -0.32     0.30
  SINCE OCT 1      1.46                      1.29   0.17     0.45
  SINCE JAN 1      5.58                      6.35  -0.77     7.14

SNOWFALL (IN)
  YESTERDAY       MM

DEGREE DAYS
 HEATING
  YESTERDAY       26                        31     -5       36
  MONTH TO DATE  630                       628      2      619
  SINCE SEP 1    938                      1164   -226     1165
  SINCE JUL 1    938                      1178   -240     1165

 COOLING
  YESTERDAY        0                         0      0        0
  MONTH TO DATE    0                         0      0        0
  SINCE SEP 1    127                         2    125      147
  SINCE JAN 1   1218                       790    428     1028
..................................................................


WIND (MPH)
  HIGHEST WIND SPEED    21   HIGHEST WIND DIRECTION    NW (300)
  HIGHEST GUST SPEED    23   HIGHEST GUST DIRECTION    NW (310)
  AVERAGE WIND SPEED     4.8


SKY COVER
  POSSIBLE SUNSHINE  MM
  AVERAGE SKY COVER 0.4


WEATHER CONDITIONS
 THE FOLLOWING WEATHER WAS RECORDED YESTERDAY.
  NO SIGNIFICANT WEATHER WAS OBSERVED.


RELATIVE HUMIDITY (PERCENT)
 HIGHEST    82           900 PM
 LOWEST     57          1200 AM
 AVERAGE    70

..........................................................


THE WENATCHEE WA PANGBORN FIELD CLIMATE NORMALS FOR TODAY
                         NORMAL    RECORD    YEAR
 MAXIMUM TEMPERATURE (F)   39        57      1962
 MINIMUM TEMPERATURE (F)   29         2      1993


SUNRISE AND SUNSET
NOVEMBER 25 2014......SUNRISE   720 AM PST   SUNSET   416 PM PST
NOVEMBER 26 2014......SUNRISE   721 AM PST   SUNSET   415 PM PST


-  INDICATES NEGATIVE NUMBERS.
R  INDICATES RECORD WAS SET OR TIED.
MM INDICATES DATA IS MISSING.
T  INDICATES TRACE AMOUNT.




$$
