000
CDUS46 KOTX 030847
CLIEAT


CLIMATE REPORT
NATIONAL WEATHER SERVICE SPOKANE, WA
1247 AM PST TUE MAR 3 2015


...................................

...THE WENATCHEE WA PANGBORN FIELD CLIMATE SUMMARY FOR MARCH 2 2015...

CLIMATE NORMAL PERIOD 1981 TO 2010
CLIMATE RECORD PERIOD 1959 TO 2015


WEATHER ITEM   OBSERVED TIME   RECORD YEAR NORMAL DEPARTURE LAST
                VALUE   (LST)  VALUE       VALUE  FROM      YEAR
                                                  NORMAL
..................................................................
TEMPERATURE (F)
 YESTERDAY
  MAXIMUM         51    231 PM  62    1968  48      3       25
  MINIMUM         39    712 AM  12    1960  31      8       20
  AVERAGE         45                        39      6       23

PRECIPITATION (IN)
  YESTERDAY        0.00          0.23 1999   0.02  -0.02      T
  MONTH TO DATE    0.00                      0.05  -0.05      T
  SINCE OCT 1      4.71                      4.87  -0.16     1.76
  SINCE JAN 1      1.53                      1.92  -0.39     1.20

SNOWFALL (IN)
  YESTERDAY       MM

DEGREE DAYS
 HEATING
  YESTERDAY       20                        26     -6       42
  MONTH TO DATE   46                        52     -6       79
  SINCE MAR 1     46                        52     -6       79
  SINCE JUL 1   3675                      4516   -841     4649

 COOLING
  YESTERDAY        0                         0      0        0
  MONTH TO DATE    0                         0      0        0
  SINCE MAR 1      0                         0      0        0
  SINCE JAN 1      0                         0      0        0
..................................................................


WIND (MPH)
  HIGHEST WIND SPEED    30   HIGHEST WIND DIRECTION     N (20)
  HIGHEST GUST SPEED    40   HIGHEST GUST DIRECTION     N (20)
  AVERAGE WIND SPEED     7.8


SKY COVER
  POSSIBLE SUNSHINE  MM
  AVERAGE SKY COVER 0.8


WEATHER CONDITIONS
 THE FOLLOWING WEATHER WAS RECORDED YESTERDAY.
  NO SIGNIFICANT WEATHER WAS OBSERVED.


RELATIVE HUMIDITY (PERCENT)
 HIGHEST    70           400 AM
 LOWEST     22           800 PM
 AVERAGE    46

..........................................................


THE WENATCHEE WA PANGBORN FIELD CLIMATE NORMALS FOR TODAY
                         NORMAL    RECORD    YEAR
 MAXIMUM TEMPERATURE (F)   48        61      1994
 MINIMUM TEMPERATURE (F)   31        10      1989


SUNRISE AND SUNSET
MARCH  3 2015.........SUNRISE   638 AM PST   SUNSET   549 PM PST
MARCH  4 2015.........SUNRISE   636 AM PST   SUNSET   550 PM PST


-  INDICATES NEGATIVE NUMBERS.
R  INDICATES RECORD WAS SET OR TIED.
MM INDICATES DATA IS MISSING.
T  INDICATES TRACE AMOUNT.




$$
