000
CDUS46 KOTX 260825
CLIEAT


CLIMATE REPORT
NATIONAL WEATHER SERVICE SPOKANE, WA
125 AM PDT MON SEP 26 2016


...................................

...THE WENATCHEE WA PANGBORN FIELD CLIMATE SUMMARY FOR SEPTEMBER 25 2016...

CLIMATE NORMAL PERIOD 1981 TO 2010
CLIMATE RECORD PERIOD 1959 TO 2016


WEATHER ITEM   OBSERVED TIME   RECORD YEAR NORMAL DEPARTURE LAST
                VALUE   (LST)  VALUE       VALUE  FROM      YEAR
                                                  NORMAL
..................................................................
TEMPERATURE (F)
 YESTERDAY
  MAXIMUM         79    410 PM  87    1962  73      6       76
  MINIMUM         57    557 AM  34    1972  49      8       57
  AVERAGE         68                        61      7       67

PRECIPITATION (IN)
  YESTERDAY        0.00          0.36 1977   0.01  -0.01      T
  MONTH TO DATE    0.05                      0.28  -0.23     0.40
  SINCE OCT 1     11.21                      7.95   3.26     7.57
  SINCE JAN 1      7.35                      5.00   2.35     4.39

SNOWFALL (IN)
  YESTERDAY       MM

DEGREE DAYS
 HEATING
  YESTERDAY        0                         5     -5        0
  MONTH TO DATE   68                        67      1       55
  SINCE SEP 1     68                        67      1       55
  SINCE JUL 1     72                        81     -9       55

 COOLING
  YESTERDAY        3                         1      2        2
  MONTH TO DATE   20                        77    -57       50
  SINCE SEP 1     20                        77    -57       50
  SINCE JAN 1    793                       865    -72     1388
..................................................................


WIND (MPH)
  HIGHEST WIND SPEED    14   HIGHEST WIND DIRECTION    NW (310)
  HIGHEST GUST SPEED    17   HIGHEST GUST DIRECTION    NW (300)
  AVERAGE WIND SPEED     6.7


SKY COVER
  POSSIBLE SUNSHINE  MM
  AVERAGE SKY COVER 0.2


WEATHER CONDITIONS
 THE FOLLOWING WEATHER WAS RECORDED YESTERDAY.
  NO SIGNIFICANT WEATHER WAS OBSERVED.


RELATIVE HUMIDITY (PERCENT)
 HIGHEST    60          1100 PM
 LOWEST     27           100 PM
 AVERAGE    44

..........................................................


THE WENATCHEE WA PANGBORN FIELD CLIMATE NORMALS FOR TODAY
                         NORMAL    RECORD    YEAR
 MAXIMUM TEMPERATURE (F)   72        86      2003
                                             1994
 MINIMUM TEMPERATURE (F)   49        37      1972


SUNRISE AND SUNSET
SEPTEMBER 26 2016.....SUNRISE   654 AM PDT   SUNSET   649 PM PDT
SEPTEMBER 27 2016.....SUNRISE   655 AM PDT   SUNSET   647 PM PDT


-  INDICATES NEGATIVE NUMBERS.
R  INDICATES RECORD WAS SET OR TIED.
MM INDICATES DATA IS MISSING.
T  INDICATES TRACE AMOUNT.




$$
