000
CDUS46 KOTX 280043
CLIEAT


CLIMATE REPORT
NATIONAL WEATHER SERVICE SPOKANE, WA
443 PM PST MON FEB 27 2017


...................................

...THE WENATCHEE WA PANGBORN FIELD CLIMATE SUMMARY FOR FEBRUARY 27 2017...
VALID AS OF 0400 PM LOCAL TIME.

CLIMATE NORMAL PERIOD 1981 TO 2010
CLIMATE RECORD PERIOD 1959 TO 2017


WEATHER ITEM   OBSERVED TIME   RECORD YEAR NORMAL DEPARTURE LAST
                VALUE   (LST)  VALUE       VALUE  FROM      YEAR
                                                  NORMAL
..................................................................
TEMPERATURE (F)
 TODAY
  MAXIMUM         33    359 PM  62    2016  46    -13       62
                                      1991
  MINIMUM         22    343 AM  12    1993  30     -8       39
  AVERAGE         28                        38    -10       51

PRECIPITATION (IN)
  TODAY            0.00          0.39 1972   0.03  -0.03     0.00
  MONTH TO DATE    1.70                      0.78   0.92     0.43
  SINCE OCT 1      5.63                      4.79   0.84     6.51
  SINCE JAN 1      2.81                      1.84   0.97     2.65

SNOWFALL (IN)
  TODAY           MM

DEGREE DAYS
 HEATING
  TODAY           37                        27     10       14
  MONTH TO DATE 1024                       819    205      716
  SINCE DEC 1   3678                      3067    611     2769
  SINCE JUL 1   4755                      4439    316     3834

 COOLING
  TODAY            0                         0      0        0
  MONTH TO DATE    0                         0      0        0
  SINCE DEC 1      0                         0      0        0
  SINCE JAN 1      0                         0      0        0
..................................................................


WIND (MPH)
  HIGHEST WIND SPEED    13   HIGHEST WIND DIRECTION    SE (120)
  HIGHEST GUST SPEED    16   HIGHEST GUST DIRECTION    SE (130)
  AVERAGE WIND SPEED     2.5


SKY COVER
  POSSIBLE SUNSHINE  MM
  AVERAGE SKY COVER 0.7


WEATHER CONDITIONS
 THE FOLLOWING WEATHER WAS RECORDED TODAY.
  FOG
  FOG W/VISIBILITY <= 1/4 MILE


RELATIVE HUMIDITY (PERCENT)
 HIGHEST   100           400 AM
 LOWEST     66           200 PM
 AVERAGE    83

..........................................................


THE WENATCHEE WA PANGBORN FIELD CLIMATE NORMALS FOR TOMORROW
                         NORMAL    RECORD    YEAR
 MAXIMUM TEMPERATURE (F)   47        62      1968
 MINIMUM TEMPERATURE (F)   30         9      1993


SUNRISE AND SUNSET
FEBRUARY 27 2017......SUNRISE   644 AM PST   SUNSET   543 PM PST
FEBRUARY 28 2017......SUNRISE   642 AM PST   SUNSET   545 PM PST


-  INDICATES NEGATIVE NUMBERS.
R  INDICATES RECORD WAS SET OR TIED.
MM INDICATES DATA IS MISSING.
T  INDICATES TRACE AMOUNT.




$$
