000
CDUS46 KOTX 280825
CLIEAT


CLIMATE REPORT
NATIONAL WEATHER SERVICE SPOKANE, WA
125 AM PDT MON JUL 28 2014


...................................

...THE WENATCHEE WA PANGBORN FIELD CLIMATE SUMMARY FOR JULY 27 2014...

CLIMATE NORMAL PERIOD 1981 TO 2010
CLIMATE RECORD PERIOD 1959 TO 2014


WEATHER ITEM   OBSERVED TIME   RECORD YEAR NORMAL DEPARTURE LAST
                VALUE   (LST)  VALUE       VALUE  FROM      YEAR
                                                  NORMAL
..................................................................
TEMPERATURE (F)
 YESTERDAY
  MAXIMUM         94    614 PM 108    1998  89      5       90
  MINIMUM         64    439 AM  54    1976  63      1       69
  AVERAGE         79                        76      3       80

PRECIPITATION (IN)
  YESTERDAY        0.00          T    1983   0.00   0.00     0.00
  MONTH TO DATE    0.38                      0.24   0.14     0.06
  SINCE OCT 1      3.69                      7.44  -3.75     7.77
  SINCE JAN 1      3.13                      4.49  -1.36     3.97

SNOWFALL (IN)
  YESTERDAY       MM             0.0  2002   0.0   MM       MM
                                      2000
  MONTH TO DATE   MM                         0.0   MM       MM
  SINCE JUN 1     MM                         0.0   MM       MM
  SINCE JUL 1     MM                         0.0   MM       MM
  SNOW DEPTH      MM

DEGREE DAYS
 HEATING
  YESTERDAY        0                         0      0        0
  MONTH TO DATE    0                         2     -2        0
  SINCE JUN 1     15                        60    -45       35
  SINCE JUL 1      0                         2     -2        0

 COOLING
  YESTERDAY       14                        11      3       15
  MONTH TO DATE  404                       246    158      373
  SINCE JUN 1    560                       538     22      479
  SINCE JAN 1    618                       685    -67      539
..................................................................


WIND (MPH)
  HIGHEST WIND SPEED    13   HIGHEST WIND DIRECTION     W (280)
  HIGHEST GUST SPEED    16   HIGHEST GUST DIRECTION    NW (320)
  AVERAGE WIND SPEED     6.1


SKY COVER
  POSSIBLE SUNSHINE  MM
  AVERAGE SKY COVER 0.0


WEATHER CONDITIONS
 THE FOLLOWING WEATHER WAS RECORDED YESTERDAY.
  NO SIGNIFICANT WEATHER WAS OBSERVED.


RELATIVE HUMIDITY (PERCENT)
 HIGHEST    48           400 AM
 LOWEST     13           300 PM
 AVERAGE    31

..........................................................


THE WENATCHEE WA PANGBORN FIELD CLIMATE NORMALS FOR TODAY
                         NORMAL    RECORD    YEAR
 MAXIMUM TEMPERATURE (F)   89       105      1998
 MINIMUM TEMPERATURE (F)   63        52      1995


SUNRISE AND SUNSET
JULY 28 2014..........SUNRISE   534 AM PDT   SUNSET   840 PM PDT
JULY 29 2014..........SUNRISE   535 AM PDT   SUNSET   838 PM PDT


-  INDICATES NEGATIVE NUMBERS.
R  INDICATES RECORD WAS SET OR TIED.
MM INDICATES DATA IS MISSING.
T  INDICATES TRACE AMOUNT.




$$
