000
CDUS46 KOTX 160824
CLIEAT


CLIMATE REPORT
NATIONAL WEATHER SERVICE SPOKANE, WA
124 AM PDT WED AUG 16 2017


...................................

...THE WENATCHEE WA PANGBORN FIELD CLIMATE SUMMARY FOR AUGUST 15 2017...

CLIMATE NORMAL PERIOD 1981 TO 2010
CLIMATE RECORD PERIOD 1959 TO 2017


WEATHER ITEM   OBSERVED TIME   RECORD YEAR NORMAL DEPARTURE LAST
                VALUE   (LST)  VALUE       VALUE  FROM      YEAR
                                                  NORMAL
..................................................................
TEMPERATURE (F)
 YESTERDAY
  MAXIMUM         84    534 PM 101    1967  87     -3       96
  MINIMUM         58    536 AM  49    1960  61     -3       67
  AVERAGE         71                        74     -3       82

PRECIPITATION (IN)
  YESTERDAY        0.00          0.43 1961   0.00   0.00     0.00
  MONTH TO DATE    0.06                      0.09  -0.03      T
  SINCE OCT 1      9.88                      7.56   2.32    11.16
  SINCE JAN 1      7.06                      4.61   2.45     7.30

SNOWFALL (IN)
  YESTERDAY       MM

DEGREE DAYS
 HEATING
  YESTERDAY        0                         0      0        0
  MONTH TO DATE    0                         0      0        2
  SINCE JUN 1     40                        65    -25       60
  SINCE JUL 1      0                         7     -7        4

 COOLING
  YESTERDAY        6                         9     -3       17
  MONTH TO DATE  217                       155     62      141
  SINCE JUN 1    730                       716     14      565
  SINCE JAN 1    786                       863    -77      607
..................................................................


WIND (MPH)
  HIGHEST WIND SPEED    26   HIGHEST WIND DIRECTION    NW (310)
  HIGHEST GUST SPEED    32   HIGHEST GUST DIRECTION    NW (310)
  AVERAGE WIND SPEED    10.8


SKY COVER
  POSSIBLE SUNSHINE  MM
  AVERAGE SKY COVER 0.0


WEATHER CONDITIONS
 THE FOLLOWING WEATHER WAS RECORDED YESTERDAY.
  NO SIGNIFICANT WEATHER WAS OBSERVED.


RELATIVE HUMIDITY (PERCENT)
 HIGHEST    60           300 AM
 LOWEST     20           300 PM
 AVERAGE    40

..........................................................


THE WENATCHEE WA PANGBORN FIELD CLIMATE NORMALS FOR TODAY
                         NORMAL    RECORD    YEAR
 MAXIMUM TEMPERATURE (F)   86       103      1967
 MINIMUM TEMPERATURE (F)   61        49      1995


SUNRISE AND SUNSET
AUGUST 16 2017........SUNRISE   559 AM PDT   SUNSET   810 PM PDT
AUGUST 17 2017........SUNRISE   600 AM PDT   SUNSET   808 PM PDT


-  INDICATES NEGATIVE NUMBERS.
R  INDICATES RECORD WAS SET OR TIED.
MM INDICATES DATA IS MISSING.
T  INDICATES TRACE AMOUNT.




$$
