000
CDUS43 KMPX 230020
CLIEAU


CLIMATE REPORT
NATIONAL WEATHER SERVICE CHANHASSEN MN
719 PM CDT FRI SEP 22 2017


...................................

...THE EAU CLAIRE WI CLIMATE SUMMARY FOR SEPTEMBER 22 2017...
VALID TODAY AS OF 0700 PM LOCAL TIME.

CLIMATE NORMAL PERIOD 1981 TO 2010
CLIMATE RECORD PERIOD 1893 TO 2017


WEATHER ITEM   OBSERVED TIME   RECORD YEAR NORMAL DEPARTURE LAST
                VALUE   (LST)  VALUE       VALUE  FROM      YEAR
                                                  NORMAL
..................................................................
TEMPERATURE (F)
 TODAY
  MAXIMUM         92    346 PM  93    1937  69     23       76
                                      1936
  MINIMUM         72    549 AM  25    1974  46     26       59
  AVERAGE         82                        57     25       68

PRECIPITATION (IN)
  TODAY            0.00          1.86 1895   0.13  -0.13     0.43
  MONTH TO DATE    0.90                      2.75  -1.85     7.89
  SINCE SEP 1      0.90                      2.75  -1.85     7.89
  SINCE JAN 1     29.02                     24.87   4.15    34.72

SNOWFALL (IN)
  TODAY            0.0           0.0    MM   0.0    0.0      0.0
  MONTH TO DATE    0.0                       0.0    0.0      0.0
  SINCE SEP 1      0.0                       0.0    0.0      0.0
  SINCE JUL 1      0.0                       0.0    0.0      0.0
  SNOW DEPTH       0

DEGREE DAYS
 HEATING
  TODAY            0                         8     -8        0
  MONTH TO DATE   76                       110    -34       36
  SINCE SEP 1     76                       110    -34       36
  SINCE JUL 1    119                       149    -30       46

 COOLING
  TODAY           17                         1     16        3
  MONTH TO DATE   59                        43     16       38
  SINCE SEP 1     59                        43     16       38
  SINCE JAN 1    431                       570   -139      621
..................................................................


WIND (MPH)
  HIGHEST WIND SPEED    21   HIGHEST WIND DIRECTION     S (180)
  HIGHEST GUST SPEED    27   HIGHEST GUST DIRECTION     S (160)
  AVERAGE WIND SPEED    12.1


SKY COVER
  POSSIBLE SUNSHINE  MM
  AVERAGE SKY COVER 0.2


WEATHER CONDITIONS
 THE FOLLOWING WEATHER WAS RECORDED TODAY.
  NO SIGNIFICANT WEATHER WAS OBSERVED.


RELATIVE HUMIDITY (PERCENT)
 HIGHEST    87           700 AM
 LOWEST     41           200 PM
 AVERAGE    64

..........................................................


THE EAU CLAIRE WI CLIMATE NORMALS FOR TOMORROW
                         NORMAL    RECORD    YEAR
 MAXIMUM TEMPERATURE (F)   68        93      1937
 MINIMUM TEMPERATURE (F)   45        27      1974


SUNRISE AND SUNSET
SEPTEMBER 22 2017.....SUNRISE   653 AM CDT   SUNSET   703 PM CDT
SEPTEMBER 23 2017.....SUNRISE   655 AM CDT   SUNSET   701 PM CDT


-  INDICATES NEGATIVE NUMBERS.
R  INDICATES RECORD WAS SET OR TIED.
MM INDICATES DATA IS MISSING.
T  INDICATES TRACE AMOUNT.




$$
