000
CDUS43 KMPX 310626
CLIEAU


CLIMATE REPORT
NATIONAL WEATHER SERVICE CHANHASSEN MN
125 AM CDT WED AUG 31 2016


...................................

...THE EAU CLAIRE WI CLIMATE SUMMARY FOR AUGUST 30 2016...

CLIMATE NORMAL PERIOD 1981 TO 2010
CLIMATE RECORD PERIOD 1893 TO 2016


WEATHER ITEM   OBSERVED TIME   RECORD YEAR NORMAL DEPARTURE LAST
                VALUE   (LST)  VALUE       VALUE  FROM      YEAR
                                                  NORMAL
..................................................................
TEMPERATURE (F)
 YESTERDAY
  MAXIMUM         81   1230 PM  97    2012  78      3       77
                                      1941
  MINIMUM         55   1159 PM  36    1915  56     -1       54
  AVERAGE         68                        67      1       66

PRECIPITATION (IN)
  YESTERDAY        T             2.04 1962   0.13  -0.13     0.00
  MONTH TO DATE    4.84                      4.34   0.50     7.19
  SINCE JUN 1     14.64                     12.35   2.29    18.11
  SINCE JAN 1     26.83                     21.99   4.84    27.56

SNOWFALL (IN)
  YESTERDAY        0.0           0.0    MM   0.0    0.0      0.0
  MONTH TO DATE    0.0                       0.0    0.0      0.0
  SINCE JUN 1      0.0                       0.0    0.0      0.0
  SINCE JUL 1      0.0                       0.0    0.0      0.0
  SNOW DEPTH       0

DEGREE DAYS
 HEATING
  YESTERDAY        0                         2     -2        0
  MONTH TO DATE    5                        26    -21       39
  SINCE JUN 1     41                        99    -58       83
  SINCE JUL 1      9                        37    -28       55

 COOLING
  YESTERDAY        3                         4     -1        1
  MONTH TO DATE  196                       157     39      117
  SINCE JUN 1    543                       491     52      379
  SINCE JAN 1    583                       523     60      397
..................................................................


WIND (MPH)
  HIGHEST WIND SPEED    14   HIGHEST WIND DIRECTION    SW (220)
  HIGHEST GUST SPEED    19   HIGHEST GUST DIRECTION     W (260)
  AVERAGE WIND SPEED     5.8


SKY COVER
  POSSIBLE SUNSHINE  MM
  AVERAGE SKY COVER 0.1


WEATHER CONDITIONS
 THE FOLLOWING WEATHER WAS RECORDED YESTERDAY.
  LIGHT RAIN


RELATIVE HUMIDITY (PERCENT)
 HIGHEST    93           200 AM
 LOWEST     54           400 PM
 AVERAGE    74

..........................................................


THE EAU CLAIRE WI CLIMATE NORMALS FOR TODAY
                         NORMAL    RECORD    YEAR
 MAXIMUM TEMPERATURE (F)   77        97      1898
 MINIMUM TEMPERATURE (F)   56        38      1967


SUNRISE AND SUNSET
AUGUST 31 2016........SUNRISE   628 AM CDT   SUNSET   744 PM CDT
SEPTEMBER  1 2016.....SUNRISE   629 AM CDT   SUNSET   742 PM CDT


-  INDICATES NEGATIVE NUMBERS.
R  INDICATES RECORD WAS SET OR TIED.
MM INDICATES DATA IS MISSING.
T  INDICATES TRACE AMOUNT.




$$
