404
CDUS43 KMPX 270859
CLIEAU


CLIMATE REPORT
NATIONAL WEATHER SERVICE CHANHASSEN MN
358 AM CDT THU JUL 27 2017


...................................

...THE EAU CLAIRE WI CLIMATE SUMMARY FOR JULY 26 2017...

CLIMATE NORMAL PERIOD 1981 TO 2010
CLIMATE RECORD PERIOD 1893 TO 2017


WEATHER ITEM   OBSERVED TIME   RECORD YEAR NORMAL DEPARTURE LAST
                VALUE   (LST)  VALUE       VALUE  FROM      YEAR
                                                  NORMAL
..................................................................
TEMPERATURE (F)
 YESTERDAY
  MAXIMUM         80    603 PM 100    1955  83     -3       90
  MINIMUM         63   1159 PM  45    1962  60      3       64
  AVERAGE         72                        71      1       77

PRECIPITATION (IN)
  YESTERDAY        1.07          3.17 1947   0.13   0.94     0.00
  MONTH TO DATE    4.19                      3.23   0.96     3.04
  SINCE JUN 1      9.50                      7.36   2.14     9.33
  SINCE JAN 1     24.00                     17.00   7.00    21.52

SNOWFALL (IN)
  YESTERDAY        0.0           0.0    MM   0.0    0.0      0.0
  MONTH TO DATE    0.0                       0.0    0.0      0.0
  SINCE JUN 1      0.0                       0.0    0.0      0.0
  SINCE JUL 1      0.0                       0.0    0.0      0.0
  SNOW DEPTH       0

DEGREE DAYS
 HEATING
  YESTERDAY        0                         1     -1        0
  MONTH TO DATE    2                         6     -4        4
  SINCE JUN 1     39                        68    -29       36
  SINCE JUL 1      2                         6     -4        4

 COOLING
  YESTERDAY        7                         7      0       12
  MONTH TO DATE  160                       181    -21      191
  SINCE JUN 1    267                       301    -34      317
  SINCE JAN 1    275                       333    -58      357
..................................................................


WIND (MPH)
  HIGHEST WIND SPEED    21   HIGHEST WIND DIRECTION    SW (220)
  HIGHEST GUST SPEED    28   HIGHEST GUST DIRECTION    SW (230)
  AVERAGE WIND SPEED     3.4


SKY COVER
  POSSIBLE SUNSHINE  MM
  AVERAGE SKY COVER 0.4


WEATHER CONDITIONS
 THE FOLLOWING WEATHER WAS RECORDED YESTERDAY.
  THUNDERSTORM
  HEAVY RAIN
  RAIN
  LIGHT RAIN
  FOG


RELATIVE HUMIDITY (PERCENT)
 HIGHEST   100           300 AM
 LOWEST     58           600 PM
 AVERAGE    79

..........................................................


THE EAU CLAIRE WI CLIMATE NORMALS FOR TODAY
                         NORMAL    RECORD    YEAR
 MAXIMUM TEMPERATURE (F)   83       102      1931
 MINIMUM TEMPERATURE (F)   60        46      2013
                                             1981


SUNRISE AND SUNSET
JULY 27 2017..........SUNRISE   546 AM CDT   SUNSET   838 PM CDT
JULY 28 2017..........SUNRISE   548 AM CDT   SUNSET   837 PM CDT


-  INDICATES NEGATIVE NUMBERS.
R  INDICATES RECORD WAS SET OR TIED.
MM INDICATES DATA IS MISSING.
T  INDICATES TRACE AMOUNT.




$$
