909
CDUS43 KMPX 280625
CLIEAU


CLIMATE REPORT
NATIONAL WEATHER SERVICE CHANHASSEN MN
125 AM CDT TUE MAR 28 2017


...................................

...THE EAU CLAIRE WI CLIMATE SUMMARY FOR MARCH 27 2017...

CLIMATE NORMAL PERIOD 1981 TO 2010
CLIMATE RECORD PERIOD 1893 TO 2017


WEATHER ITEM   OBSERVED TIME   RECORD YEAR NORMAL DEPARTURE LAST
                VALUE   (LST)  VALUE       VALUE  FROM      YEAR
                                                  NORMAL
..................................................................
TEMPERATURE (F)
 YESTERDAY
  MAXIMUM         47    547 PM  75    1946  47      0       46
  MINIMUM         30   1159 PM  -4    1965  26      4       33
  AVERAGE         39                        36      3       40

PRECIPITATION (IN)
  YESTERDAY        0.00          0.99 1995   0.07  -0.07     0.05
  MONTH TO DATE    1.07                      1.43  -0.36     3.30
  SINCE MAR 1      1.07                      1.43  -0.36     3.30
  SINCE JAN 1      5.15                      3.13   2.02     4.46

SNOWFALL (IN)
  YESTERDAY        0.0           5.4  1956   0.2   -0.2      0.0
  MONTH TO DATE    4.8                       7.8   -3.0     12.1
  SINCE MAR 1      4.8                       7.8   -3.0     12.1
  SINCE JUL 1     53.7                      44.1    9.6     36.2
  SNOW DEPTH       0

DEGREE DAYS
 HEATING
  YESTERDAY       26                        29     -3       25
  MONTH TO DATE  963                       934     29      719
  SINCE MAR 1    963                       934     29      719
  SINCE JUL 1   6073                      6954   -881     5897

 COOLING
  YESTERDAY        0                         0      0        0
  MONTH TO DATE    0                         0      0        0
  SINCE MAR 1      0                         0      0        0
  SINCE JAN 1      0                         0      0        0
..................................................................


WIND (MPH)
  HIGHEST WIND SPEED     8   HIGHEST WIND DIRECTION    NE (50)
  HIGHEST GUST SPEED    12   HIGHEST GUST DIRECTION    NE (40)
  AVERAGE WIND SPEED     2.9


SKY COVER
  POSSIBLE SUNSHINE  MM
  AVERAGE SKY COVER 0.8


WEATHER CONDITIONS
 THE FOLLOWING WEATHER WAS RECORDED YESTERDAY.
  FOG


RELATIVE HUMIDITY (PERCENT)
 HIGHEST   100           200 AM
 LOWEST     70           200 PM
 AVERAGE    85

..........................................................


THE EAU CLAIRE WI CLIMATE NORMALS FOR TODAY
                         NORMAL    RECORD    YEAR
 MAXIMUM TEMPERATURE (F)   47        80      1946
 MINIMUM TEMPERATURE (F)   27        -4      1923


SUNRISE AND SUNSET
MARCH 28 2017.........SUNRISE   654 AM CDT   SUNSET   729 PM CDT
MARCH 29 2017.........SUNRISE   652 AM CDT   SUNSET   730 PM CDT


-  INDICATES NEGATIVE NUMBERS.
R  INDICATES RECORD WAS SET OR TIED.
MM INDICATES DATA IS MISSING.
T  INDICATES TRACE AMOUNT.




$$
