346
CDUS42 KAKQ 270545
CLIECG


CLIMATE REPORT
NATIONAL WEATHER SERVICE WAKEFIELD, VA
145 AM EDT THU APR 27 2017


...................................

...THE ELIZABETH CITY NC CLIMATE SUMMARY FOR APRIL 26 2017...

CLIMATE NORMAL PERIOD 1981 TO 2010
CLIMATE RECORD PERIOD 1934 TO 2017


WEATHER ITEM   OBSERVED TIME   RECORD YEAR NORMAL DEPARTURE LAST
                VALUE   (LST)  VALUE       VALUE  FROM      YEAR
                                                  NORMAL
..................................................................
TEMPERATURE (F)
 YESTERDAY
  MAXIMUM         75    443 PM  93    1990  72      3       82
  MINIMUM         61    753 AM  38    2001  51     10       60
  AVERAGE         68                        61      7       71

PRECIPITATION (IN)
  YESTERDAY        T             2.50 1937   0.10  -0.10     0.00
  MONTH TO DATE    2.52                      2.76  -0.24     3.18
  SINCE MAR 1      6.31                      6.74  -0.43     5.40
  SINCE JAN 1     10.92                     13.18  -2.26    12.99

SNOWFALL (IN)
  YESTERDAY        0.0           0.0  2002  MM     MM
  MONTH TO DATE    0.0                      MM     MM
  SINCE NOV 1      1.2                      MM     MM
  SINCE JUL 1      1.2                      MM     MM
  SNOW DEPTH       0

DEGREE DAYS
 HEATING
  YESTERDAY        0                         5     -5        0
  MONTH TO DATE   83                       204   -121      224
  SINCE MAR 1    558                       669   -111      501
  SINCE JUL 1   2653                      3141   -488     2412

 COOLING
  YESTERDAY        3                         2      1        6
  MONTH TO DATE   72                        29     43       24
  SINCE MAR 1     79                        34     45       50
  SINCE JAN 1     82                        36     46       50
..................................................................


WIND (MPH)
  HIGHEST WIND SPEED    14   HIGHEST WIND DIRECTION     W (280)
  HIGHEST GUST SPEED    18   HIGHEST GUST DIRECTION     W (270)
  AVERAGE WIND SPEED     7.3


SKY COVER
  POSSIBLE SUNSHINE  MM
  AVERAGE SKY COVER 0.6


WEATHER CONDITIONS
 THE FOLLOWING WEATHER WAS RECORDED YESTERDAY.
  LIGHT RAIN
  FOG


RELATIVE HUMIDITY (PERCENT)
 HIGHEST   100           200 AM
 LOWEST     68           200 PM
 AVERAGE    84

..........................................................


THE ELIZABETH CITY NC CLIMATE NORMALS FOR TODAY
                         NORMAL    RECORD    YEAR
 MAXIMUM TEMPERATURE (F)   72        93      1990
 MINIMUM TEMPERATURE (F)   51        35      1972


SUNRISE AND SUNSET
APRIL 27 2017.........SUNRISE   616 AM EDT   SUNSET   749 PM EDT
APRIL 28 2017.........SUNRISE   615 AM EDT   SUNSET   750 PM EDT


-  INDICATES NEGATIVE NUMBERS.
R  INDICATES RECORD WAS SET OR TIED.
MM INDICATES DATA IS MISSING.
T  INDICATES TRACE AMOUNT.




$$
