000
CDUS42 KAKQ 092127
CLIECG


CLIMATE REPORT
NATIONAL WEATHER SERVICE WAKEFIELD, VA
527 PM EDT WED JUL 9 2014


...................................

...THE ELIZABETH CITY NC CLIMATE SUMMARY FOR JULY 9 2014...
VALID TODAY AS OF 0500 PM LOCAL TIME.

CLIMATE NORMAL PERIOD 1981 TO 2010
CLIMATE RECORD PERIOD 1934 TO 2014


WEATHER ITEM   OBSERVED TIME   RECORD YEAR NORMAL DEPARTURE LAST
                VALUE   (LST)  VALUE       VALUE  FROM      YEAR
                                                  NORMAL
..................................................................
TEMPERATURE (F)
 TODAY
  MAXIMUM         92    359 PM 101    1957  88      4       86
  MINIMUM         77    553 AM  57    1984  70      7       74
  AVERAGE         85

PRECIPITATION (IN)
  TODAY            0.00          3.27 1950   0.18  -0.18     0.11
  MONTH TO DATE    1.35                      1.49  -0.14     1.01
  SINCE JUN 1      5.18                      5.98  -0.80     7.63
  SINCE JAN 1     20.14                     23.15  -3.01    18.30

SNOWFALL (IN)
  TODAY            0.0
  MONTH TO DATE    0.0
  SINCE NOV 1     10.2
  SINCE JUL 1      0.0
  SNOW DEPTH       0

DEGREE DAYS
 HEATING
  TODAY            0
  MONTH TO DATE    0
  SINCE JUN 1      5
  SINCE JUL 1      0

 COOLING
  TODAY           20
  MONTH TO DATE  124
  SINCE JUN 1    435
  SINCE JAN 1    644
..................................................................


WIND (MPH)
  RESULTANT WIND SPEED  13   RESULTANT WIND DIRECTION  SW (210)
  HIGHEST WIND SPEED    20   HIGHEST WIND DIRECTION    SW (210)
  HIGHEST GUST SPEED    28   HIGHEST GUST DIRECTION     S (190)


SKY COVER
  POSSIBLE SUNSHINE  MM
  AVERAGE SKY COVER 0.0


WEATHER CONDITIONS
 THE FOLLOWING WEATHER WAS RECORDED TODAY.
  NO SIGNIFICANT WEATHER WAS OBSERVED.


RELATIVE HUMIDITY (PERCENT)
 HIGHEST    85
 LOWEST     52
 AVERAGE    69

..........................................................


THE ELIZABETH CITY NC CLIMATE NORMALS FOR TOMORROW
                         NORMAL    RECORD    YEAR
 MAXIMUM TEMPERATURE (F)   88       100      1993
 MINIMUM TEMPERATURE (F)   70        60      1973


SUNRISE AND SUNSET
JULY  9 2014..........SUNRISE   555 AM EDT   SUNSET   825 PM EDT
JULY 10 2014..........SUNRISE   556 AM EDT   SUNSET   824 PM EDT


-  INDICATES NEGATIVE NUMBERS.
R  INDICATES RECORD WAS SET OR TIED.
MM INDICATES DATA IS MISSING.
T  INDICATES TRACE AMOUNT.




$$
