000
CDUS42 KAKQ 250827
CLIECG


CLIMATE REPORT
NATIONAL WEATHER SERVICE WAKEFIELD, VA
326 AM EST SUN JAN 25 2015


...................................

...THE ELIZABETH CITY NC CLIMATE SUMMARY FOR JANUARY 24 2015...

CLIMATE NORMAL PERIOD 1981 TO 2010
CLIMATE RECORD PERIOD 1934 TO 2015


WEATHER ITEM   OBSERVED TIME   RECORD YEAR NORMAL DEPARTURE LAST
                VALUE   (LST)  VALUE       VALUE  FROM      YEAR
                                                  NORMAL
..................................................................
TEMPERATURE (F)
 YESTERDAY
  MAXIMUM         62    422 AM  74    1950  51     11       26
  MINIMUM         39   1159 PM  12    2003  32      7       14
                                      1936
  AVERAGE         51                        42      9       20

PRECIPITATION (IN)
  YESTERDAY        0.89          1.09 1999   0.12   0.77     0.00
  MONTH TO DATE    3.94                      2.44   1.50     1.80
  SINCE DEC 1      7.08                      5.00   2.08     6.95
  SINCE JAN 1      3.94                      2.44   1.50     1.80

SNOWFALL (IN)
  YESTERDAY        0.0           2.0  1940  MM     MM
  MONTH TO DATE    0.0                      MM     MM
  SINCE NOV 1      0.0                      MM     MM
  SINCE JUL 1      0.0                      MM     MM
  SNOW DEPTH       0

DEGREE DAYS
 HEATING
  YESTERDAY       14                        23     -9       45
  MONTH TO DATE  453                       573   -120      611
  SINCE DEC 1    920                      1213   -293     1167
  SINCE JUL 1   1435                      1728   -293     1730

 COOLING
  YESTERDAY        0                         0      0        0
  MONTH TO DATE    2                         0      2        0
  SINCE DEC 1      2                         2      0       14
  SINCE JAN 1      2                         0      2        0
..................................................................


WIND (MPH)
  HIGHEST WIND SPEED    24   HIGHEST WIND DIRECTION     W (280)
  HIGHEST GUST SPEED    32   HIGHEST GUST DIRECTION     W (270)
  AVERAGE WIND SPEED    12.2


SKY COVER
  POSSIBLE SUNSHINE  MM
  AVERAGE SKY COVER 0.8


WEATHER CONDITIONS
 THE FOLLOWING WEATHER WAS RECORDED YESTERDAY.
  HEAVY RAIN
  RAIN
  LIGHT RAIN
  FOG


RELATIVE HUMIDITY (PERCENT)
 HIGHEST   100          1200 AM
 LOWEST     76          1100 PM
 AVERAGE    88

..........................................................


THE ELIZABETH CITY NC CLIMATE NORMALS FOR TODAY
                         NORMAL    RECORD    YEAR
 MAXIMUM TEMPERATURE (F)   51        79      1950
 MINIMUM TEMPERATURE (F)   32        14      1963


SUNRISE AND SUNSET
JANUARY 25 2015.......SUNRISE   711 AM EST   SUNSET   524 PM EST
JANUARY 26 2015.......SUNRISE   710 AM EST   SUNSET   525 PM EST


-  INDICATES NEGATIVE NUMBERS.
R  INDICATES RECORD WAS SET OR TIED.
MM INDICATES DATA IS MISSING.
T  INDICATES TRACE AMOUNT.




$$
