000
CDUS42 KAKQ 230550
CLIECG


CLIMATE REPORT
NATIONAL WEATHER SERVICE WAKEFIELD, VA
150 AM EDT SAT MAY 23 2015


...................................

...THE ELIZABETH CITY NC CLIMATE SUMMARY FOR MAY 22 2015...

CLIMATE NORMAL PERIOD 1981 TO 2010
CLIMATE RECORD PERIOD 1934 TO 2015


WEATHER ITEM   OBSERVED TIME   RECORD YEAR NORMAL DEPARTURE LAST
                VALUE   (LST)  VALUE       VALUE  FROM      YEAR
                                                  NORMAL
..................................................................
TEMPERATURE (F)
 YESTERDAY
  MAXIMUM         74    356 PM  96    1941  78     -4       88
  MINIMUM         54    554 AM  44    1981  59     -5       66
  AVERAGE         64                        68     -4       77

PRECIPITATION (IN)
  YESTERDAY        0.00          1.95 1955   0.12  -0.12     0.00
  MONTH TO DATE    3.42                      2.42   1.00     2.14
  SINCE MAR 1     10.50                      9.54   0.96    10.63
  SINCE JAN 1     17.30                     15.98   1.32    14.77

SNOWFALL (IN)
  YESTERDAY        0.0           0.0  2002  MM     MM
  MONTH TO DATE    0.0                      MM     MM
  SINCE NOV 1      T                        MM     MM
  SINCE JUL 1      T                        MM     MM
  SNOW DEPTH       0

DEGREE DAYS
 HEATING
  YESTERDAY        1                         1      0        0
  MONTH TO DATE   27                        60    -33       22
  SINCE MAR 1    699                       749    -50      760
  SINCE JUL 1   3233                      3221     12     3335

 COOLING
  YESTERDAY        0                         5     -5       12
  MONTH TO DATE  106                        69     37      130
  SINCE MAR 1    139                       109     30      159
  SINCE JAN 1    141                       111     30      159
..................................................................


WIND (MPH)
  HIGHEST WIND SPEED    23   HIGHEST WIND DIRECTION    NW (330)
  HIGHEST GUST SPEED    29   HIGHEST GUST DIRECTION     N (340)
  AVERAGE WIND SPEED     7.7


SKY COVER
  POSSIBLE SUNSHINE  MM
  AVERAGE SKY COVER 0.2


WEATHER CONDITIONS
 THE FOLLOWING WEATHER WAS RECORDED YESTERDAY.
  NO SIGNIFICANT WEATHER WAS OBSERVED.


RELATIVE HUMIDITY (PERCENT)
 HIGHEST    93           600 AM
 LOWEST     38           400 PM
 AVERAGE    66

..........................................................


THE ELIZABETH CITY NC CLIMATE NORMALS FOR TODAY
                         NORMAL    RECORD    YEAR
 MAXIMUM TEMPERATURE (F)   79       101      1941
 MINIMUM TEMPERATURE (F)   59        44      2002


SUNRISE AND SUNSET
MAY 23 2015...........SUNRISE   553 AM EDT   SUNSET   810 PM EDT
MAY 24 2015...........SUNRISE   552 AM EDT   SUNSET   811 PM EDT


-  INDICATES NEGATIVE NUMBERS.
R  INDICATES RECORD WAS SET OR TIED.
MM INDICATES DATA IS MISSING.
T  INDICATES TRACE AMOUNT.




$$
