000
CDUS42 KAKQ 190545
CLIECG


CLIMATE REPORT
NATIONAL WEATHER SERVICE WAKEFIELD, VA
145 AM EDT THU OCT 19 2017


...................................

...THE ELIZABETH CITY NC CLIMATE SUMMARY FOR OCTOBER 18 2017...

CLIMATE NORMAL PERIOD 1981 TO 2010
CLIMATE RECORD PERIOD 1934 TO 2017


WEATHER ITEM   OBSERVED TIME   RECORD YEAR NORMAL DEPARTURE LAST
                VALUE   (LST)  VALUE       VALUE  FROM      YEAR
                                                  NORMAL
..................................................................
TEMPERATURE (F)
 YESTERDAY
  MAXIMUM         70    203 PM  87    1938  72     -2       81
  MINIMUM         52    642 AM  33    1977  51      1       61
  AVERAGE         61                        62     -1       71

PRECIPITATION (IN)
  YESTERDAY        0.00          1.13 1957   0.09  -0.09     0.00
  MONTH TO DATE    0.83                      1.84  -1.01    10.01
  SINCE SEP 1      3.25                      5.77  -2.52    22.04
  SINCE JAN 1     38.39                     39.73  -1.34    49.55

SNOWFALL (IN)
  YESTERDAY        0.0           0.0  2002  MM     MM
  MONTH TO DATE    0.0                      MM     MM
  SINCE NOV 1      1.2                      MM     MM
  SINCE JUL 1      0.0                      MM     MM
  SNOW DEPTH       0

DEGREE DAYS
 HEATING
  YESTERDAY        4                         5     -1        0
  MONTH TO DATE   14                        54    -40       27
  SINCE SEP 1     14                        66    -52       27
  SINCE JUL 1     14                        66    -52       27

 COOLING
  YESTERDAY        0                         1     -1        6
  MONTH TO DATE  121                        44     77       80
  SINCE SEP 1    392                       270    122      408
  SINCE JAN 1   1938                      1566    372     1915
..................................................................


WIND (MPH)
  HIGHEST WIND SPEED    16   HIGHEST WIND DIRECTION    NE (60)
  HIGHEST GUST SPEED    20   HIGHEST GUST DIRECTION    NE (40)
  AVERAGE WIND SPEED     8.7


SKY COVER
  POSSIBLE SUNSHINE  MM
  AVERAGE SKY COVER 0.0


WEATHER CONDITIONS
 THE FOLLOWING WEATHER WAS RECORDED YESTERDAY.
  NO SIGNIFICANT WEATHER WAS OBSERVED.


RELATIVE HUMIDITY (PERCENT)
 HIGHEST    89           300 AM
 LOWEST     57           100 PM
 AVERAGE    73

..........................................................


THE ELIZABETH CITY NC CLIMATE NORMALS FOR TODAY
                         NORMAL    RECORD    YEAR
 MAXIMUM TEMPERATURE (F)   72        87      2007
                                             1947
 MINIMUM TEMPERATURE (F)   51        33      1996


SUNRISE AND SUNSET
OCTOBER 19 2017.......SUNRISE   716 AM EDT   SUNSET   623 PM EDT
OCTOBER 20 2017.......SUNRISE   716 AM EDT   SUNSET   622 PM EDT


-  INDICATES NEGATIVE NUMBERS.
R  INDICATES RECORD WAS SET OR TIED.
MM INDICATES DATA IS MISSING.
T  INDICATES TRACE AMOUNT.




$$
