000
CDUS44 KBMX 270746
CLIEET


CLIMATE REPORT
NATIONAL WEATHER SERVICE BIRMINGHAM, AL
246 AM CDT SAT MAY 27 2017


...................................

...THE SHELBY COUNTY AIRPORT CLIMATE SUMMARY FOR MAY 26 2017...

CLIMATE NORMAL PERIOD 1981 TO 2010
CLIMATE RECORD PERIOD 9999 TO 9999


WEATHER ITEM   OBSERVED TIME   RECORD YEAR NORMAL DEPARTURE LAST
                VALUE   (LST)  VALUE       VALUE  FROM      YEAR
                                                  NORMAL
..................................................................
TEMPERATURE (F)
 YESTERDAY
  MAXIMUM         86    349 PM  MM      MM  83      3       91
  MINIMUM         55    352 AM  MM      MM  63     -8       63
  AVERAGE         71                        73     -2       77

PRECIPITATION (IN)
  YESTERDAY        0.00                      0.15  -0.15     0.00
  MONTH TO DATE    4.80                      3.69   1.11     1.51
  SINCE MAR 1     15.37                     12.06   3.31    11.88
  SINCE JAN 1     26.47                     23.14   3.33    22.52

DEGREE DAYS
 COOLING
  YESTERDAY        6                         8     -2       12
  MONTH TO DATE  154                       149      5      134
  SINCE MAR 1    363                       220    143      229
  SINCE JAN 1    373                       224    149      236
..................................................................


WIND (MPH)
  HIGHEST WIND SPEED    14   HIGHEST WIND DIRECTION     S (190)
  HIGHEST GUST SPEED    21   HIGHEST GUST DIRECTION     S (180)
  AVERAGE WIND SPEED     4.4


SKY COVER
  POSSIBLE SUNSHINE  MM
  AVERAGE SKY COVER 0.0


WEATHER CONDITIONS
 THE FOLLOWING WEATHER WAS RECORDED YESTERDAY.
  NO SIGNIFICANT WEATHER WAS OBSERVED.


RELATIVE HUMIDITY (PERCENT)
 HIGHEST   100           400 AM
 LOWEST     48           400 PM
 AVERAGE    74

..........................................................


THE SHELBY COUNTY AIRPORT CLIMATE NORMALS FOR TODAY
                         NORMAL    RECORD    YEAR
 MAXIMUM TEMPERATURE (F)   84        MM        MM
 MINIMUM TEMPERATURE (F)   63        MM        MM


SUNRISE AND SUNSET
MAY 27 2017...........SUNRISE   541 AM CDT   SUNSET   748 PM CDT
MAY 28 2017...........SUNRISE   540 AM CDT   SUNSET   749 PM CDT


-  INDICATES NEGATIVE NUMBERS.
R  INDICATES RECORD WAS SET OR TIED.
MM INDICATES DATA IS MISSING.
T  INDICATES TRACE AMOUNT.




$$
