000
CDUS44 KBMX 242129
CLIEET


CLIMATE REPORT
NATIONAL WEATHER SERVICE BIRMINGHAM, AL
429 PM CDT THU APR 24 2014


...................................

...THE SHELBY COUNTY AIRPORT CLIMATE SUMMARY FOR APRIL 24 2014...
VALID AS OF 0400 PM LOCAL TIME.

CLIMATE NORMAL PERIOD 1981 TO 2010
CLIMATE RECORD PERIOD 9999 TO 9999


WEATHER ITEM   OBSERVED TIME   RECORD YEAR NORMAL DEPARTURE LAST
                VALUE   (LST)  VALUE       VALUE  FROM      YEAR
                                                  NORMAL
..................................................................
TEMPERATURE (F)
 TODAY
  MAXIMUM         83    228 PM  MM      MM  76      7       70
  MINIMUM         54    336 AM  MM      MM  53      1       52
  AVERAGE         69                        65      4       61

PRECIPITATION (IN)
  TODAY            0.00                      0.12  -0.12     0.03
  MONTH TO DATE    7.66                      3.14   4.52     3.56
  SINCE MAR 1     14.56                      7.62   6.94     6.94
  SINCE JAN 1     23.09                     18.70   4.39    22.43

SNOWFALL (IN)
  TODAY            0.0                      MM     MM        0.0
  MONTH TO DATE    0.0                      MM     MM        0.0
  SINCE MAR 1      0.0                      MM     MM         T
  SINCE JUL 1      1.3                      MM     MM        0.9
  SNOW DEPTH       0

DEGREE DAYS
 HEATING
  TODAY            0                         3     -3        4
  MONTH TO DATE   88                       116    -28      103
  SINCE MAR 1    431                       425      6      552
  SINCE JUL 1   2710                      2554    156     2374

 COOLING
  TODAY            4                         3      1        0
  MONTH TO DATE   27                        40    -13       55
  SINCE MAR 1     27                        53    -26       57
  SINCE JAN 1     31                        57    -26       64
..................................................................


WIND (MPH)
  HIGHEST WIND SPEED    15   HIGHEST WIND DIRECTION     S (190)
  HIGHEST GUST SPEED    20   HIGHEST GUST DIRECTION     S (190)
  AVERAGE WIND SPEED     4.0


SKY COVER
  POSSIBLE SUNSHINE  MM
  AVERAGE SKY COVER 0.3


WEATHER CONDITIONS
 THE FOLLOWING WEATHER WAS RECORDED TODAY.
  NO SIGNIFICANT WEATHER WAS OBSERVED.


RELATIVE HUMIDITY (PERCENT)
 HIGHEST    83           100 AM
 LOWEST     36          1200 PM
 AVERAGE    60

..........................................................


THE SHELBY COUNTY AIRPORT CLIMATE NORMALS FOR TOMORROW
                         NORMAL    RECORD    YEAR
 MAXIMUM TEMPERATURE (F)   77        MM        MM
 MINIMUM TEMPERATURE (F)   53        MM        MM


SUNRISE AND SUNSET
APRIL 24 2014.........SUNRISE   607 AM CDT   SUNSET   724 PM CDT
APRIL 25 2014.........SUNRISE   606 AM CDT   SUNSET   725 PM CDT


-  INDICATES NEGATIVE NUMBERS.
R  INDICATES RECORD WAS SET OR TIED.
MM INDICATES DATA IS MISSING.
T  INDICATES TRACE AMOUNT.




$$
