000
CDUS44 KBMX 230942
CLIEET


CLIMATE REPORT
NATIONAL WEATHER SERVICE BIRMINGHAM, AL
442 AM CDT WED JUL 23 2014


...................................

...THE SHELBY COUNTY AIRPORT CLIMATE SUMMARY FOR JULY 22 2014...

CLIMATE NORMAL PERIOD 1981 TO 2010
CLIMATE RECORD PERIOD 9999 TO 9999


WEATHER ITEM   OBSERVED TIME   RECORD YEAR NORMAL DEPARTURE LAST
                VALUE   (LST)  VALUE       VALUE  FROM      YEAR
                                                  NORMAL
..................................................................
TEMPERATURE (F)
 YESTERDAY
  MAXIMUM         88    322 PM  MM      MM  91     -3       84
  MINIMUM         74   1159 PM  MM      MM  71      3       71
  AVERAGE         81                        81      0       78

PRECIPITATION (IN)
  YESTERDAY        0.01                      0.14  -0.13     0.59
  MONTH TO DATE    1.20                      3.38  -2.18     6.00
  SINCE JUN 1      6.51                      8.01  -1.50    10.70
  SINCE JAN 1     34.01                     31.94   2.07    39.70

DEGREE DAYS
 COOLING
  YESTERDAY       16                        16      0       13
  MONTH TO DATE  320                       344    -24      296
  SINCE JUN 1    735                       718     17      708
  SINCE JAN 1   1029                       987     42      960
..................................................................


WIND (MPH)
  HIGHEST WIND SPEED     8   HIGHEST WIND DIRECTION    SE (150)
  HIGHEST GUST SPEED    12   HIGHEST GUST DIRECTION    SE (140)
  AVERAGE WIND SPEED     2.4


SKY COVER
  POSSIBLE SUNSHINE  MM
  AVERAGE SKY COVER 0.8


WEATHER CONDITIONS
 THE FOLLOWING WEATHER WAS RECORDED YESTERDAY.
  THUNDERSTORM
  LIGHT RAIN
  FOG


RELATIVE HUMIDITY (PERCENT)
 HIGHEST   100           500 AM
 LOWEST     61           300 PM
 AVERAGE    81

..........................................................


THE SHELBY COUNTY AIRPORT CLIMATE NORMALS FOR TODAY
                         NORMAL    RECORD    YEAR
 MAXIMUM TEMPERATURE (F)   91        MM        MM
 MINIMUM TEMPERATURE (F)   71        MM        MM


SUNRISE AND SUNSET
JULY 23 2014..........SUNRISE   554 AM CDT   SUNSET   753 PM CDT
JULY 24 2014..........SUNRISE   555 AM CDT   SUNSET   752 PM CDT


-  INDICATES NEGATIVE NUMBERS.
R  INDICATES RECORD WAS SET OR TIED.
MM INDICATES DATA IS MISSING.
T  INDICATES TRACE AMOUNT.




$$
