000
CDUS44 KBMX 312135
CLIEET


CLIMATE REPORT
NATIONAL WEATHER SERVICE BIRMINGHAM, AL
430 PM CDT FRI OCT 31 2014


...................................

...THE SHELBY COUNTY AIRPORT CLIMATE SUMMARY FOR OCTOBER 31 2014...
VALID AS OF 0400 PM LOCAL TIME.

CLIMATE NORMAL PERIOD 1981 TO 2010
CLIMATE RECORD PERIOD 9999 TO 9999


WEATHER ITEM   OBSERVED TIME   RECORD YEAR NORMAL DEPARTURE LAST
                VALUE   (LST)  VALUE       VALUE  FROM      YEAR
                                                  NORMAL
..................................................................
TEMPERATURE (F)
 TODAY
  MAXIMUM         67    220 PM  MM      MM  71     -4       76
  MINIMUM         44    626 AM  MM      MM  48     -4       61
  AVERAGE         56                        59     -3       69

PRECIPITATION (IN)
  TODAY            0.00                      0.11  -0.11     0.27
  MONTH TO DATE    5.48                      3.02   2.46     2.11
  SINCE SEP 1      8.32                      6.85   1.47     3.94
  SINCE JAN 1     47.14                     44.93   2.21    52.23

SNOWFALL (IN)
  TODAY            0.0                      MM     MM        0.0
  MONTH TO DATE    0.0                      MM     MM        0.0
  SINCE SEP 1      0.0                      MM     MM        0.0
  SINCE JUL 1      0.0                      MM     MM        0.0
  SNOW DEPTH       0

DEGREE DAYS
 HEATING
  TODAY            9                         7      2        0
  MONTH TO DATE   68                       116    -48       74
  SINCE SEP 1     68                       123    -55       74
  SINCE JUL 1     68                       123    -55       74

 COOLING
  TODAY            0                         1     -1        4
  MONTH TO DATE  124                        79     45      129
  SINCE SEP 1    506                       365    141      491
  SINCE JAN 1   2174                      1963    211     1980
..................................................................


WIND (MPH)
  HIGHEST WIND SPEED    15   HIGHEST WIND DIRECTION    NW (330)
  HIGHEST GUST SPEED    22   HIGHEST GUST DIRECTION    NW (330)
  AVERAGE WIND SPEED     2.6


SKY COVER
  POSSIBLE SUNSHINE  MM
  AVERAGE SKY COVER 0.4


WEATHER CONDITIONS
 THE FOLLOWING WEATHER WAS RECORDED TODAY.
  NO SIGNIFICANT WEATHER WAS OBSERVED.


RELATIVE HUMIDITY (PERCENT)
 HIGHEST    93           100 AM
 LOWEST     44          1100 AM
 AVERAGE    69

..........................................................


THE SHELBY COUNTY AIRPORT CLIMATE NORMALS FOR TOMORROW
                         NORMAL    RECORD    YEAR
 MAXIMUM TEMPERATURE (F)   71        MM        MM
 MINIMUM TEMPERATURE (F)   47        MM        MM


SUNRISE AND SUNSET
OCTOBER 31 2014.......SUNRISE   705 AM CDT   SUNSET   556 PM CDT
NOVEMBER  1 2014......SUNRISE   705 AM CDT   SUNSET   556 PM CDT


-  INDICATES NEGATIVE NUMBERS.
R  INDICATES RECORD WAS SET OR TIED.
MM INDICATES DATA IS MISSING.
T  INDICATES TRACE AMOUNT.




$$
