000
CDUS44 KBMX 302116
CLIEET


CLIMATE REPORT
NATIONAL WEATHER SERVICE BIRMINGHAM, AL
413 PM CDT SAT AUG 30 2014


...................................

...THE SHELBY COUNTY AIRPORT CLIMATE SUMMARY FOR AUGUST 30 2014...
VALID AS OF 0400 PM LOCAL TIME.

CLIMATE NORMAL PERIOD 1981 TO 2010
CLIMATE RECORD PERIOD 9999 TO 9999


WEATHER ITEM   OBSERVED TIME   RECORD YEAR NORMAL DEPARTURE LAST
                VALUE   (LST)  VALUE       VALUE  FROM      YEAR
                                                  NORMAL
..................................................................
TEMPERATURE (F)
 TODAY
  MAXIMUM         91    240 PM  MM      MM  89      2       93
  MINIMUM         76    645 AM  MM      MM  69      7       72
  AVERAGE         84                        79      5       83

PRECIPITATION (IN)
  TODAY            T                         0.15  -0.15     0.07
  MONTH TO DATE    2.87                      4.61  -1.74     6.46
  SINCE JUN 1     11.24                     14.00  -2.76    18.04
  SINCE JAN 1     38.74                     37.93   0.81    47.04

DEGREE DAYS
 COOLING
  TODAY           19                        14      5       18
  MONTH TO DATE  499                       456     43      410
  SINCE JUN 1   1360                      1317     43     1237
  SINCE JAN 1   1654                      1586     68     1489
..................................................................


WIND (MPH)
  HIGHEST WIND SPEED    13   HIGHEST WIND DIRECTION     S (180)
  HIGHEST GUST SPEED    16   HIGHEST GUST DIRECTION     S (180)
  AVERAGE WIND SPEED     3.8


SKY COVER
  POSSIBLE SUNSHINE  MM
  AVERAGE SKY COVER 0.3


WEATHER CONDITIONS
 THE FOLLOWING WEATHER WAS RECORDED TODAY.
  THUNDERSTORM


RELATIVE HUMIDITY (PERCENT)
 HIGHEST    88           700 AM
 LOWEST     49          1200 PM
 AVERAGE    69

..........................................................


THE SHELBY COUNTY AIRPORT CLIMATE NORMALS FOR TOMORROW
                         NORMAL    RECORD    YEAR
 MAXIMUM TEMPERATURE (F)   89        MM        MM
 MINIMUM TEMPERATURE (F)   68        MM        MM


SUNRISE AND SUNSET
AUGUST 30 2014........SUNRISE   620 AM CDT   SUNSET   715 PM CDT
AUGUST 31 2014........SUNRISE   621 AM CDT   SUNSET   713 PM CDT


-  INDICATES NEGATIVE NUMBERS.
R  INDICATES RECORD WAS SET OR TIED.
MM INDICATES DATA IS MISSING.
T  INDICATES TRACE AMOUNT.




$$
