000
CDUS46 KEKA 291214
CLIEKA


CLIMATE REPORT
NATIONAL WEATHER SERVICE EUREKA CA
513 AM PDT MON MAY 29 2017


...................................

...THE EUREKA CA CLIMATE SUMMARY FOR MAY 28 2017...

CLIMATE NORMAL PERIOD 1981 TO 2010
CLIMATE RECORD PERIOD 1886 TO 2017


WEATHER ITEM   OBSERVED RECORD YEAR NORMAL DEPARTURE LAST
                VALUE   VALUE       VALUE  FROM      YEAR
                                           NORMAL
...........................................................
TEMPERATURE (F)
 YESTERDAY
  MAXIMUM         57     75    1887  61     -4       60
  MINIMUM         51     41    1977  49      2       45
  AVERAGE         54                 55     -1       53

PRECIPITATION (IN)
  YESTERDAY        T      0.74 1895   0.05  -0.05     0.00
  MONTH TO DATE    1.29               1.64  -0.35     0.76
  SINCE OCT 1     62.10              38.36  23.74    47.47
  SINCE JAN 1     36.33              22.39  13.94    26.75

SNOWFALL (IN)
  YESTERDAY        0.0    0.0  2002   0.0    0.0      0.0
                               2001
  MONTH TO DATE    0.0                0.0    0.0      0.0
  SINCE MAR 1      T                  T      0.0      0.0
  SINCE JUL 1      T                  0.2   -0.2       T
  SNOW DEPTH       0

DEGREE DAYS
 HEATING
  YESTERDAY       11                 10      1       12
  MONTH TO DATE  331                318     13      265
  SINCE MAR 1   1142               1217    -75      964
  SINCE JUL 1   4031               4139   -108     3374

 COOLING
  YESTERDAY        0                  0      0        0
  MONTH TO DATE    0                  0      0        0
  SINCE MAR 1      0                  0      0        0
  SINCE JAN 1      0                  0      0        0
...........................................................


WIND (MPH)
  HIGHEST WIND SPEED    10   HIGHEST WIND DIRECTION    NE (50)
  HIGHEST GUST SPEED    15   HIGHEST GUST DIRECTION    NW (330)
  AVERAGE WIND SPEED     5.2


SKY COVER
  AVERAGE SKY COVER 1.0


WEATHER CONDITIONS
 THE FOLLOWING WEATHER WAS RECORDED YESTERDAY.
  NO SIGNIFICANT WEATHER WAS OBSERVED.


..........................................................


THE EUREKA CA CLIMATE NORMALS FOR TODAY
                         NORMAL    RECORD    YEAR
 MAXIMUM TEMPERATURE (F)   61        77      1993
 MINIMUM TEMPERATURE (F)   49        42      1979


SUNRISE AND SUNSET
MAY 29 2017...........SUNRISE   549 AM PDT   SUNSET   840 PM PDT
MAY 30 2017...........SUNRISE   548 AM PDT   SUNSET   841 PM PDT


-  INDICATES NEGATIVE NUMBERS.
R  INDICATES RECORD WAS SET OR TIED.
MM INDICATES DATA IS MISSING.
T  INDICATES TRACE AMOUNT.




&&

..........................................................

TOTAL SEASON     NORMAL   % OF NORMAL     LAST SEASON

    62.10         38.36        162            47.47


$$
