000
CDUS46 KEKA 010029
CLIEKA


CLIMATE REPORT
NATIONAL WEATHER SERVICE EUREKA CA
526 PM PDT WED AUG 31 2016


...................................

...THE EUREKA CA CLIMATE SUMMARY FOR AUGUST 31 2016...
VALID TODAY AS OF 0500 PM LOCAL TIME.

CLIMATE NORMAL PERIOD 1981 TO 2010
CLIMATE RECORD PERIOD 1886 TO 2016


WEATHER ITEM   OBSERVED RECORD YEAR NORMAL DEPARTURE LAST
                VALUE   VALUE       VALUE  FROM      YEAR
                                           NORMAL
...........................................................
TEMPERATURE (F)
 TODAY
  MAXIMUM         69     72    1997  64      5       69
                               1896
  MINIMUM         53     45    1999  52      1       57
                               1890
  AVERAGE         61                 58      3       63

PRECIPITATION (IN)
  TODAY            0.00   0.37 1896   0.02  -0.02     0.00
  MONTH TO DATE    0.04               0.31  -0.27     0.41
  SINCE OCT 1     48.07              39.74   8.33    31.23
  SINCE JAN 1     27.35              23.77   3.58    12.85

SNOWFALL (IN)
  TODAY            0.0    0.0  2002   0.0    0.0      0.0
                               2001
  MONTH TO DATE    0.0                0.0    0.0      0.0
  SINCE JUN 1      0.0                0.0    0.0      0.0
  SINCE JUL 1      0.0                0.0    0.0      0.0
  SNOW DEPTH      MM

...........................................................


WIND (MPH)
  HIGHEST WIND SPEED    12   HIGHEST WIND DIRECTION     N (360)
  HIGHEST GUST SPEED    13   HIGHEST GUST DIRECTION    MM
  AVERAGE WIND SPEED     4.3


SKY COVER
  AVERAGE SKY COVER 0.9


WEATHER CONDITIONS
 THE FOLLOWING WEATHER WAS RECORDED TODAY.
  FOG


..........................................................


THE EUREKA CA CLIMATE NORMALS FOR TOMORROW
                         NORMAL    RECORD    YEAR
 MAXIMUM TEMPERATURE (F)   64        75      1979
 MINIMUM TEMPERATURE (F)   52        44      2008


SUNRISE AND SUNSET
AUGUST 31 2016........SUNRISE   643 AM PDT   SUNSET   750 PM PDT
SEPTEMBER  1 2016.....SUNRISE   644 AM PDT   SUNSET   748 PM PDT


-  INDICATES NEGATIVE NUMBERS.
R  INDICATES RECORD WAS SET OR TIED.
MM INDICATES DATA IS MISSING.
T  INDICATES TRACE AMOUNT.




&&

..........................................................

TOTAL SEASON     NORMAL   % OF NORMAL     LAST SEASON

    48.07         39.74        121            31.23


$$
