000
CDUS46 KEKA 201222
CLIEKA


CLIMATE REPORT
NATIONAL WEATHER SERVICE EUREKA CA
522 AM PDT WED AUG 20 2014


...................................

...THE EUREKA CA CLIMATE SUMMARY FOR AUGUST 19 2014...

CLIMATE NORMAL PERIOD 1981 TO 2010
CLIMATE RECORD PERIOD 1886 TO 2014


WEATHER ITEM   OBSERVED RECORD YEAR NORMAL DEPARTURE LAST
                VALUE   VALUE       VALUE  FROM      YEAR
                                           NORMAL
...........................................................
TEMPERATURE (F)
 YESTERDAY
  MAXIMUM         65     74    2007  64      1       68
  MINIMUM         54     46    1947  53      1       54
  AVERAGE         60                 59      1       61

PRECIPITATION (IN)
  YESTERDAY        T      0.41 1968   0.02  -0.02     0.00
  MONTH TO DATE    0.01               0.15  -0.14     0.03
  SINCE JUL 1      0.03               0.33  -0.30     0.03
  SINCE JAN 1     16.02              23.61  -7.59    11.51

SNOWFALL (IN)
  YESTERDAY        0.0   MM      MM   0.0    0.0      0.0
  MONTH TO DATE    0.0                0.0    0.0      0.0
  SINCE JUN 1      0.0                0.0    0.0      0.0
  SINCE JUL 1      0.0                0.0    0.0      0.0
  SNOW DEPTH       0

DEGREE DAYS
 HEATING
  YESTERDAY        5                  6     -1        4
  MONTH TO DATE  116                120     -4      110
  SINCE JUN 1    556                612    -56      593
  SINCE JUL 1    304                346    -42      370

 COOLING
  YESTERDAY        0                  0      0        0
  MONTH TO DATE    0                  0      0        2
  SINCE JUN 1      0                  0      0        2
  SINCE JAN 1      1                  0      1        2
...........................................................


WIND (MPH)
  HIGHEST WIND SPEED    16   HIGHEST WIND DIRECTION     W (250)
  HIGHEST GUST SPEED    21   HIGHEST GUST DIRECTION     W (250)
  AVERAGE WIND SPEED     3.6


SKY COVER
  AVERAGE SKY COVER 0.0


WEATHER CONDITIONS
 THE FOLLOWING WEATHER WAS RECORDED YESTERDAY.
  LIGHT RAIN
  FOG


..........................................................


THE EUREKA CA CLIMATE NORMALS FOR TODAY
                         NORMAL    RECORD    YEAR
 MAXIMUM TEMPERATURE (F)   64        75      1964
 MINIMUM TEMPERATURE (F)   53        47      1996


SUNRISE AND SUNSET
AUGUST 20 2014........SUNRISE   632 AM PDT   SUNSET   807 PM PDT
AUGUST 21 2014........SUNRISE   633 AM PDT   SUNSET   806 PM PDT


-  INDICATES NEGATIVE NUMBERS.
R  INDICATES RECORD WAS SET OR TIED.
MM INDICATES DATA IS MISSING.
T  INDICATES TRACE AMOUNT.




&&

..........................................................

TOTAL SEASON     NORMAL   % OF NORMAL     LAST SEASON

     0.03          0.33        9             0.03

$$
