000
CDUS46 KEKA 191211
CLIEKA


CLIMATE REPORT
NATIONAL WEATHER SERVICE EUREKA CA
409 AM PST THU JAN 19 2017


...................................

...THE EUREKA CA CLIMATE SUMMARY FOR JANUARY 18 2017...

CLIMATE NORMAL PERIOD 1981 TO 2010
CLIMATE RECORD PERIOD 1886 TO 2017


WEATHER ITEM   OBSERVED RECORD YEAR NORMAL DEPARTURE LAST
                VALUE   VALUE       VALUE  FROM      YEAR
                                           NORMAL
...........................................................
TEMPERATURE (F)
 YESTERDAY
  MAXIMUM         57     73    1981  56      1       59
  MINIMUM         49     26    1943  41      8       41
  AVERAGE         53                 49      4       50

PRECIPITATION (IN)
  YESTERDAY        1.60   1.87 1998   0.20   1.40     0.17
  MONTH TO DATE    7.30               3.95   3.35     7.65
  SINCE OCT 1     33.07              19.92  13.15    28.37
  SINCE JAN 1      7.30               3.95   3.35     7.65

SNOWFALL (IN)
  YESTERDAY       MM      0.0  2002   0.0   MM       MM
  MONTH TO DATE    0.0                0.0    0.0      0.0
  SINCE DEC 1      0.0                T      0.0       T
  SINCE JUL 1      T                  T      0.0       T
  SNOW DEPTH       0

DEGREE DAYS
 HEATING
  YESTERDAY       12                 17     -5       15
  MONTH TO DATE  362                306     56      273
  SINCE DEC 1    975                839    136      772
  SINCE JUL 1   2209               2261    -52     1854

 COOLING
  YESTERDAY        0                  0      0        0
  MONTH TO DATE    0                  0      0        0
  SINCE DEC 1      0                  0      0        0
  SINCE JAN 1      0                  0      0        0
...........................................................


WIND (MPH)
  HIGHEST WIND SPEED    25   HIGHEST WIND DIRECTION    SE (150)
  HIGHEST GUST SPEED    45   HIGHEST GUST DIRECTION    SE (150)
  AVERAGE WIND SPEED    13.7


SKY COVER
  AVERAGE SKY COVER 1.0


WEATHER CONDITIONS
 THE FOLLOWING WEATHER WAS RECORDED YESTERDAY.
  RAIN
  LIGHT RAIN


..........................................................


THE EUREKA CA CLIMATE NORMALS FOR TODAY
                         NORMAL    RECORD    YEAR
 MAXIMUM TEMPERATURE (F)   56        70      1981
 MINIMUM TEMPERATURE (F)   41        25      1922


SUNRISE AND SUNSET
JANUARY 19 2017.......SUNRISE   737 AM PST   SUNSET   519 PM PST
JANUARY 20 2017.......SUNRISE   736 AM PST   SUNSET   520 PM PST


-  INDICATES NEGATIVE NUMBERS.
R  INDICATES RECORD WAS SET OR TIED.
MM INDICATES DATA IS MISSING.
T  INDICATES TRACE AMOUNT.




&&

..........................................................

TOTAL SEASON     NORMAL   % OF NORMAL     LAST SEASON

    33.07         19.92        166            28.37


$$
