000
CDUS46 KEKA 221435 CCA
CLIEKA

CLIMATE REPORT...CORRECTED LOW TEMP. AND WX OBS.
NATIONAL WEATHER SERVICE EUREKA CA
510 AM PDT WED MAR 22 2017


...................................

...THE EUREKA CA CLIMATE SUMMARY FOR MARCH 21 2017...

CLIMATE NORMAL PERIOD 1981 TO 2010
CLIMATE RECORD PERIOD 1886 TO 2017


WEATHER ITEM   OBSERVED RECORD YEAR NORMAL DEPARTURE LAST
                VALUE   VALUE       VALUE  FROM      YEAR
                                           NORMAL
...........................................................
TEMPERATURE (F)
 YESTERDAY
  MAXIMUM         63     72    1968  57      6       58
  MINIMUM         50     30    1897  43      8       46
  AVERAGE         57                 50      7       52

PRECIPITATION (IN)
  YESTERDAY        0.92   1.70 1893   0.16   0.76     0.93
  MONTH TO DATE    5.45               3.74   1.71     7.65
  SINCE OCT 1     52.83              31.84  20.99    43.41
  SINCE JAN 1     27.06              15.87  11.19    22.69

SNOWFALL (IN)
  YESTERDAY        0.0   MM      MM   0.0    0.0      0.0
  MONTH TO DATE    T                  0.0    0.0      0.0
  SINCE MAR 1      T                  0.0    0.0      0.0
  SINCE JUL 1      T                  0.2   -0.2       T
  SNOW DEPTH       0

DEGREE DAYS
 HEATING
  YESTERDAY        8                 15     -7       13
  MONTH TO DATE  293                323    -30      249
  SINCE MAR 1    293                323    -30      249
  SINCE JUL 1   3182               3245    -63     2659

 COOLING
  YESTERDAY        0                  0      0        0
  MONTH TO DATE    0                  0      0        0
  SINCE MAR 1      0                  0      0        0
  SINCE JAN 1      0                  0      0        0
...........................................................


WIND (MPH)
  HIGHEST WIND SPEED    20   HIGHEST WIND DIRECTION     S (180)
  HIGHEST GUST SPEED    23   HIGHEST GUST DIRECTION    MM
  AVERAGE WIND SPEED     8.3


SKY COVER
  AVERAGE SKY COVER 1.0


WEATHER CONDITIONS
 THE FOLLOWING WEATHER WAS RECORDED YESTERDAY.
  RAIN
  LIGHT RAIN
  FOG


..........................................................


THE EUREKA CA CLIMATE NORMALS FOR TODAY
                         NORMAL    RECORD    YEAR
 MAXIMUM TEMPERATURE (F)   57        69      1915
                                             1896
 MINIMUM TEMPERATURE (F)   43        30      1898


SUNRISE AND SUNSET
MARCH 22 2017.........SUNRISE   716 AM PDT   SUNSET   731 PM PDT
MARCH 23 2017.........SUNRISE   714 AM PDT   SUNSET   732 PM PDT


-  INDICATES NEGATIVE NUMBERS.
R  INDICATES RECORD WAS SET OR TIED.
MM INDICATES DATA IS MISSING.
T  INDICATES TRACE AMOUNT.




&&

..........................................................

TOTAL SEASON     NORMAL   % OF NORMAL     LAST SEASON

    52.83         31.84        166            43.41


$$
