000
CDUS46 KEKA 200010
CLIEKA


CLIMATE REPORT
NATIONAL WEATHER SERVICE EUREKA CA
409 PM PST MON FEB 19 2018


...................................

...THE EUREKA CA CLIMATE SUMMARY FOR FEBRUARY 19 2018...
VALID TODAY AS OF 0400 PM LOCAL TIME.

CLIMATE NORMAL PERIOD 1981 TO 2010
CLIMATE RECORD PERIOD 1886 TO 2018


WEATHER ITEM   OBSERVED RECORD YEAR NORMAL DEPARTURE LAST
                VALUE   VALUE       VALUE  FROM      YEAR
                                           NORMAL
...........................................................
TEMPERATURE (F)
 TODAY
  MAXIMUM         46     72    1902  56    -10       59
  MINIMUM         33     29    2006  42     -9       47
  AVERAGE         40                 49     -9       53

PRECIPITATION (IN)
  TODAY            0.23   2.47 1998   0.20   0.03     0.52
  MONTH TO DATE    1.23               3.82  -2.59     7.95
  SINCE OCT 1     20.07              26.29  -6.22    44.23
  SINCE JAN 1      9.09              10.32  -1.23    18.46

SNOWFALL (IN)
  TODAY           MM     MM      MM   0.0   MM       MM
  MONTH TO DATE    0.0                0.2   -0.2      0.0
  SINCE DEC 1      T                  0.2   -0.2       T
  SINCE JUL 1      T                  0.2   -0.2       T
  SNOW DEPTH      MM

...........................................................


WIND (MPH)
  HIGHEST WIND SPEED    17   HIGHEST WIND DIRECTION     N (360)
  HIGHEST GUST SPEED    30   HIGHEST GUST DIRECTION     N (360)
  AVERAGE WIND SPEED     5.8


SKY COVER
  AVERAGE SKY COVER 0.5


WEATHER CONDITIONS
 THE FOLLOWING WEATHER WAS RECORDED TODAY.
  LIGHT RAIN
  LIGHT SNOW


..........................................................


THE EUREKA CA CLIMATE NORMALS FOR TOMORROW
                         NORMAL    RECORD    YEAR
 MAXIMUM TEMPERATURE (F)   56        72      1964
 MINIMUM TEMPERATURE (F)   42        28      1887


SUNRISE AND SUNSET
FEBRUARY 19 2018......SUNRISE   705 AM PST   SUNSET   556 PM PST
FEBRUARY 20 2018......SUNRISE   704 AM PST   SUNSET   558 PM PST


-  INDICATES NEGATIVE NUMBERS.
R  INDICATES RECORD WAS SET OR TIED.
MM INDICATES DATA IS MISSING.
T  INDICATES TRACE AMOUNT.




&&

..........................................................

TOTAL SEASON     NORMAL   % OF NORMAL     LAST SEASON

    20.07         26.29        76            44.23


$$
