000
CDUS46 KEKA 101212
CLIEKA


CLIMATE REPORT
NATIONAL WEATHER SERVICE EUREKA CA
511 AM PDT THU JUL 10 2014


...................................

...THE EUREKA CA CLIMATE SUMMARY FOR JULY 9 2014...

CLIMATE NORMAL PERIOD 1981 TO 2010
CLIMATE RECORD PERIOD 1886 TO 2014


WEATHER ITEM   OBSERVED RECORD YEAR NORMAL DEPARTURE LAST
                VALUE   VALUE       VALUE  FROM      YEAR
                                           NORMAL
...........................................................
TEMPERATURE (F)
 YESTERDAY
  MAXIMUM         63     76    1985  63      0       61
  MINIMUM         53     46    1894  52      1       49
  AVERAGE         58                 57      1       55

PRECIPITATION (IN)
  YESTERDAY        0.00   0.30 1979   0.01  -0.01     0.00
  MONTH TO DATE    T                  0.07  -0.07     0.00
  SINCE JUL 1      T                  0.07  -0.07     0.00
  SINCE JAN 1     15.99              23.35  -7.36    11.48

SNOWFALL (IN)
  YESTERDAY        0.0    0.0  2002   0.0    0.0      0.0
                               2001
  MONTH TO DATE    0.0                0.0    0.0      0.0
  SINCE JUN 1      0.0                0.0    0.0      0.0
  SINCE JUL 1      0.0                0.0    0.0      0.0
  SNOW DEPTH       0

DEGREE DAYS
 HEATING
  YESTERDAY        7                  8     -1       10
  MONTH TO DATE   54                 72    -18       58
  SINCE JUN 1    306                338    -32      281
  SINCE JUL 1     54                 72    -18       58

 COOLING
  YESTERDAY        0                  0      0        0
  MONTH TO DATE    0                  0      0        0
  SINCE JUN 1      0                  0      0        0
  SINCE JAN 1      1                  0      1        0
...........................................................


WIND (MPH)
  HIGHEST WIND SPEED    17   HIGHEST WIND DIRECTION    SW (240)
  HIGHEST GUST SPEED    24   HIGHEST GUST DIRECTION    MM
  AVERAGE WIND SPEED     7.3


SKY COVER
  AVERAGE SKY COVER 0.4


WEATHER CONDITIONS
 THE FOLLOWING WEATHER WAS RECORDED YESTERDAY.
  FOG


..........................................................


THE EUREKA CA CLIMATE NORMALS FOR TODAY
                         NORMAL    RECORD    YEAR
 MAXIMUM TEMPERATURE (F)   63        70      2005
 MINIMUM TEMPERATURE (F)   52        45      1887


SUNRISE AND SUNSET
JULY 10 2014..........SUNRISE   554 AM PDT   SUNSET   849 PM PDT
JULY 11 2014..........SUNRISE   555 AM PDT   SUNSET   849 PM PDT


-  INDICATES NEGATIVE NUMBERS.
R  INDICATES RECORD WAS SET OR TIED.
MM INDICATES DATA IS MISSING.
T  INDICATES TRACE AMOUNT.




&&

..........................................................

TOTAL SEASON     NORMAL   % OF NORMAL     LAST SEASON

     0.00          0.07        0             0.00

$$
