000
CDUS46 KEKA 201211
CLIEKA


CLIMATE REPORT
NATIONAL WEATHER SERVICE EUREKA CA
510 AM PDT THU JUL 20 2017


...................................

...THE EUREKA CA CLIMATE SUMMARY FOR JULY 19 2017...

CLIMATE NORMAL PERIOD 1981 TO 2010
CLIMATE RECORD PERIOD 1886 TO 2017


WEATHER ITEM   OBSERVED RECORD YEAR NORMAL DEPARTURE LAST
                VALUE   VALUE       VALUE  FROM      YEAR
                                           NORMAL
...........................................................
TEMPERATURE (F)
 YESTERDAY
  MAXIMUM         66     73    2004  64      2       66
                               1990
  MINIMUM         50     46    1984  52     -2       55
  AVERAGE         58                 58      0       61

PRECIPITATION (IN)
  YESTERDAY        0.00   0.05 1903   0.00   0.00     0.00
  MONTH TO DATE    0.07               0.12  -0.05     0.51
  SINCE OCT 1     62.78              39.37  23.41    48.00
  SINCE JAN 1     37.01              23.40  13.61    27.28

SNOWFALL (IN)
  YESTERDAY        0.0    0.0  2002   0.0    0.0      0.0
                               2001
  MONTH TO DATE    0.0                0.0    0.0      0.0
  SINCE JUN 1      0.0                0.0    0.0      0.0
  SINCE JUL 1      0.0                0.0    0.0      0.0
  SNOW DEPTH       0

DEGREE DAYS
 HEATING
  YESTERDAY        7                  7      0        4
  MONTH TO DATE  142                144     -2      129
  SINCE JUN 1    372                410    -38      353
  SINCE JUL 1    142                144     -2      129

 COOLING
  YESTERDAY        0                  0      0        0
  MONTH TO DATE    0                  0      0        0
  SINCE JUN 1      0                  0      0        0
  SINCE JAN 1      0                  0      0        0
...........................................................


WIND (MPH)
  HIGHEST WIND SPEED    13   HIGHEST WIND DIRECTION     N (360)
  HIGHEST GUST SPEED    17   HIGHEST GUST DIRECTION     N (360)
  AVERAGE WIND SPEED     4.8


SKY COVER
  AVERAGE SKY COVER 0.4


WEATHER CONDITIONS
 THE FOLLOWING WEATHER WAS RECORDED YESTERDAY.
  NO SIGNIFICANT WEATHER WAS OBSERVED.


..........................................................


THE EUREKA CA CLIMATE NORMALS FOR TODAY
                         NORMAL    RECORD    YEAR
 MAXIMUM TEMPERATURE (F)   64        71      2007
                                             2004
 MINIMUM TEMPERATURE (F)   52        46      1897


SUNRISE AND SUNSET
JULY 20 2017..........SUNRISE   603 AM PDT   SUNSET   843 PM PDT
JULY 21 2017..........SUNRISE   603 AM PDT   SUNSET   842 PM PDT


-  INDICATES NEGATIVE NUMBERS.
R  INDICATES RECORD WAS SET OR TIED.
MM INDICATES DATA IS MISSING.
T  INDICATES TRACE AMOUNT.




&&

..........................................................

TOTAL SEASON     NORMAL   % OF NORMAL     LAST SEASON

    62.78         39.37        159            48.00


$$
