000
CDUS46 KEKA 281217
CLIEKA


CLIMATE REPORT
NATIONAL WEATHER SERVICE EUREKA CA
514 AM PDT TUE JUL 28 2015


...................................

...THE EUREKA CA CLIMATE SUMMARY FOR JULY 27 2015...

CLIMATE NORMAL PERIOD 1981 TO 2010
CLIMATE RECORD PERIOD 1886 TO 2015


WEATHER ITEM   OBSERVED RECORD YEAR NORMAL DEPARTURE LAST
                VALUE   VALUE       VALUE  FROM      YEAR
                                           NORMAL
...........................................................
TEMPERATURE (F)
 YESTERDAY
  MAXIMUM         68     70    1983  64      4       67
  MINIMUM         55     46    1914  53      2       53
  AVERAGE         62                 58      4       60

PRECIPITATION (IN)
  YESTERDAY        0.00   0.23 1947   0.00   0.00     0.00
  MONTH TO DATE    0.15               0.16  -0.01     0.02
  SINCE OCT 1     30.82              39.41  -8.59    17.91
  SINCE JAN 1     12.44              23.44 -11.00    16.01

SNOWFALL (IN)
  YESTERDAY        0.0    0.0  2002   0.0    0.0      0.0
                               2001
  MONTH TO DATE    0.0                0.0    0.0      0.0
  SINCE JUN 1      0.0                0.0    0.0      0.0
  SINCE JUL 1      0.0                0.0    0.0      0.0
  SNOW DEPTH       0

DEGREE DAYS
 HEATING
  YESTERDAY        3                  7     -4        5
  MONTH TO DATE  107                200    -93      158
  SINCE JUN 1    348                466   -118      410
  SINCE JUL 1    107                200    -93      158

 COOLING
  YESTERDAY        0                  0      0        0
  MONTH TO DATE    1                  0      1        0
  SINCE JUN 1      1                  0      1        0
  SINCE JAN 1      1                  0      1        1
...........................................................


WIND (MPH)
  HIGHEST WIND SPEED    15   HIGHEST WIND DIRECTION     N (340)
  HIGHEST GUST SPEED    28   HIGHEST GUST DIRECTION     N (360)
  AVERAGE WIND SPEED     6.3


SKY COVER
  AVERAGE SKY COVER 0.4


WEATHER CONDITIONS
 THE FOLLOWING WEATHER WAS RECORDED YESTERDAY.
  NO SIGNIFICANT WEATHER WAS OBSERVED.


..........................................................


THE EUREKA CA CLIMATE NORMALS FOR TODAY
                         NORMAL    RECORD    YEAR
 MAXIMUM TEMPERATURE (F)   64        69      2000
                                             1987
 MINIMUM TEMPERATURE (F)   53        48      1986
                                             1959
                                             1954


SUNRISE AND SUNSET
JULY 28 2015..........SUNRISE   609 AM PDT   SUNSET   837 PM PDT
JULY 29 2015..........SUNRISE   610 AM PDT   SUNSET   836 PM PDT


-  INDICATES NEGATIVE NUMBERS.
R  INDICATES RECORD WAS SET OR TIED.
MM INDICATES DATA IS MISSING.
T  INDICATES TRACE AMOUNT.




&&

..........................................................

TOTAL SEASON     NORMAL   % OF NORMAL     LAST SEASON

    30.82         39.41        78            17.91


$$
