000
CDUS46 KEKA 261215
CLIEKA


CLIMATE REPORT
NATIONAL WEATHER SERVICE EUREKA CA
414 AM PST FRI DEC 26 2014


...................................

...THE EUREKA CA CLIMATE SUMMARY FOR DECEMBER 25 2014...

CLIMATE NORMAL PERIOD 1981 TO 2010
CLIMATE RECORD PERIOD 1886 TO 2014


WEATHER ITEM   OBSERVED RECORD YEAR NORMAL DEPARTURE LAST
                VALUE   VALUE       VALUE  FROM      YEAR
                                           NORMAL
...........................................................
TEMPERATURE (F)
 YESTERDAY
  MAXIMUM         53     68    1980  55     -2       53
  MINIMUM         38     30    2007  41     -3       33
                               1997
                               1924
  AVERAGE         46                 48     -2       43

PRECIPITATION (IN)
  YESTERDAY        0.00   1.31 1907   0.26  -0.26     0.00
  MONTH TO DATE    9.64               6.63   3.01     0.56
  SINCE JUL 1     21.40              15.56   5.84     5.12
  SINCE JAN 1     37.39              38.84  -1.45    16.60

SNOWFALL (IN)
  YESTERDAY        0.0    0.0  2001   0.0    0.0      0.0
  MONTH TO DATE    0.0                0.0    0.0       T
  SINCE DEC 1      0.0                0.0    0.0       T
  SINCE JUL 1      0.0                0.0    0.0       T
  SNOW DEPTH       0

DEGREE DAYS
 HEATING
  YESTERDAY       19                 17      2       22
  MONTH TO DATE  247                424   -177      577
  SINCE DEC 1    247                424   -177      577
  SINCE JUL 1   1267               1846   -579     2028

 COOLING
  YESTERDAY        0                  0      0        0
  MONTH TO DATE    0                  0      0        0
  SINCE DEC 1      0                  0      0        0
  SINCE JAN 1      4                  0      4        6
...........................................................


WIND (MPH)
  HIGHEST WIND SPEED    17   HIGHEST WIND DIRECTION     N (360)
  HIGHEST GUST SPEED    29   HIGHEST GUST DIRECTION     N (10)
  AVERAGE WIND SPEED     6.5


SKY COVER
  AVERAGE SKY COVER 0.3


WEATHER CONDITIONS
 THE FOLLOWING WEATHER WAS RECORDED YESTERDAY.
  NO SIGNIFICANT WEATHER WAS OBSERVED.


..........................................................


THE EUREKA CA CLIMATE NORMALS FOR TODAY
                         NORMAL    RECORD    YEAR
 MAXIMUM TEMPERATURE (F)   55        75      1980
 MINIMUM TEMPERATURE (F)   41        30      1988


SUNRISE AND SUNSET
DECEMBER 26 2014......SUNRISE   740 AM PST   SUNSET   455 PM PST
DECEMBER 27 2014......SUNRISE   740 AM PST   SUNSET   456 PM PST


-  INDICATES NEGATIVE NUMBERS.
R  INDICATES RECORD WAS SET OR TIED.
MM INDICATES DATA IS MISSING.
T  INDICATES TRACE AMOUNT.




&&

..........................................................

TOTAL SEASON     NORMAL   % OF NORMAL     LAST SEASON

    21.40         15.56        138             5.12


$$
