140
CDUS46 KEKA 110011
CLIEKA


CLIMATE REPORT
NATIONAL WEATHER SERVICE EUREKA CA
410 PM PST WED FEB 10 2016


...................................

...THE EUREKA CA CLIMATE SUMMARY FOR FEBRUARY 10 2016...
VALID TODAY AS OF 0400 PM LOCAL TIME.

CLIMATE NORMAL PERIOD 1981 TO 2010
CLIMATE RECORD PERIOD 1886 TO 2016


WEATHER ITEM   OBSERVED RECORD YEAR NORMAL DEPARTURE LAST
                VALUE   VALUE       VALUE  FROM      YEAR
                                           NORMAL
...........................................................
TEMPERATURE (F)
 TODAY
  MAXIMUM         66     68    1987  56     10       56
  MINIMUM         46     30    1894  42      4       41
  AVERAGE         56                 49      7       49

PRECIPITATION (IN)
  TODAY            0.00   2.01 1961   0.20  -0.20     0.00
  MONTH TO DATE    0.38               2.03  -1.65     4.56
  SINCE OCT 1     33.16              24.50   8.66    24.30
  SINCE JAN 1     12.44               8.53   3.91     5.92

SNOWFALL (IN)
  TODAY            0.0    0.0  2002   0.0    0.0      0.0
  MONTH TO DATE    0.0                0.1   -0.1      0.0
  SINCE DEC 1      T                  0.1   -0.1      0.0
  SINCE JUL 1      T                  0.1   -0.1      0.0
  SNOW DEPTH      MM

...........................................................


WIND (MPH)
  HIGHEST WIND SPEED     6   HIGHEST WIND DIRECTION    NW (310)
  HIGHEST GUST SPEED    MM   HIGHEST GUST DIRECTION    MM
  AVERAGE WIND SPEED     2.7


SKY COVER
  AVERAGE SKY COVER 1.0


WEATHER CONDITIONS
 THE FOLLOWING WEATHER WAS RECORDED TODAY.
  NO SIGNIFICANT WEATHER WAS OBSERVED.


..........................................................


THE EUREKA CA CLIMATE NORMALS FOR TOMORROW
                         NORMAL    RECORD    YEAR
 MAXIMUM TEMPERATURE (F)   56        72      1934
 MINIMUM TEMPERATURE (F)   42        30      1999


SUNRISE AND SUNSET
FEBRUARY 10 2016......SUNRISE   717 AM PST   SUNSET   545 PM PST
FEBRUARY 11 2016......SUNRISE   716 AM PST   SUNSET   546 PM PST


-  INDICATES NEGATIVE NUMBERS.
R  INDICATES RECORD WAS SET OR TIED.
MM INDICATES DATA IS MISSING.
T  INDICATES TRACE AMOUNT.




&&

..........................................................

TOTAL SEASON     NORMAL   % OF NORMAL     LAST SEASON

    33.16         24.50        135            24.30


$$
