000
CDUS41 KRLX 300750
CLIEKN


CLIMATE REPORT
NATIONAL WEATHER SERVICE CHARLESTON WV
349 AM EDT THU JUL 30 2015


...................................

...THE ELKINS WV CLIMATE SUMMARY FOR JULY 29 2015...

CLIMATE NORMAL PERIOD 1981 TO 2010
CLIMATE RECORD PERIOD 1899 TO 2015


WEATHER ITEM   OBSERVED TIME   RECORD YEAR NORMAL DEPARTURE LAST
                VALUE   (LST)  VALUE       VALUE  FROM      YEAR
                                                  NORMAL
..................................................................
TEMPERATURE (F)
 YESTERDAY
  MAXIMUM         87    446 PM  91    1940  81      6       67
  MINIMUM         65    309 AM  44    1925  59      6       49
                                      1920
  AVERAGE         76                        70      6       58

PRECIPITATION (IN)
  YESTERDAY        T             1.39 1939   0.17  -0.17      T
  MONTH TO DATE    4.54                      5.04  -0.50     5.28
  SINCE JAN 1     34.91                     28.65   6.26    25.14

SNOWFALL (IN)
  YESTERDAY        0.0
  MONTH TO DATE    0.0
  SINCE SEP 1     70.3
  SNOW DEPTH       0

DEGREE DAYS
 HEATING
  YESTERDAY        0                         0      0        7
  MONTH TO DATE    0                         8     -8       29
  SINCE JUN 1     21                        63    -42       43
  SINCE JUL 1      0                         8     -8       29

 COOLING
  YESTERDAY       11                         5      6        0
  MONTH TO DATE  191                       147     44      142
  SINCE JUN 1    344                       239    105      287
  SINCE JAN 1    409                       262    147      323
..................................................................


WIND (MPH)
  HIGHEST WIND SPEED    10   HIGHEST WIND DIRECTION     W (290)
  HIGHEST GUST SPEED    14   HIGHEST GUST DIRECTION    SW (210)
  AVERAGE WIND SPEED     2.9


SKY COVER
  POSSIBLE SUNSHINE  MM
  AVERAGE SKY COVER 0.3


WEATHER CONDITIONS
 THE FOLLOWING WEATHER WAS RECORDED YESTERDAY.
  FOG


RELATIVE HUMIDITY (PERCENT)
 HIGHEST   100           500 AM
 LOWEST     50           200 PM
 AVERAGE    75

..........................................................


THE ELKINS WV CLIMATE NORMALS FOR TODAY
                         NORMAL    RECORD    YEAR
 MAXIMUM TEMPERATURE (F)   81        92      1913
 MINIMUM TEMPERATURE (F)   59        44      1981


SUNRISE AND SUNSET
JULY 30 2015..........SUNRISE   618 AM EDT   SUNSET   833 PM EDT
JULY 31 2015..........SUNRISE   619 AM EDT   SUNSET   832 PM EDT


-  INDICATES NEGATIVE NUMBERS.
R  INDICATES RECORD WAS SET OR TIED.
MM INDICATES DATA IS MISSING.
T  INDICATES TRACE AMOUNT.




$$
