448
CDUS41 KRLX 270716
CLIEKN


CLIMATE REPORT
NATIONAL WEATHER SERVICE CHARLESTON WV
315 AM EDT THU APR 27 2017


...................................

...THE ELKINS WV CLIMATE SUMMARY FOR APRIL 26 2017...

CLIMATE NORMAL PERIOD 1981 TO 2010
CLIMATE RECORD PERIOD 1899 TO 2017


WEATHER ITEM   OBSERVED TIME   RECORD YEAR NORMAL DEPARTURE LAST
                VALUE   (LST)  VALUE       VALUE  FROM      YEAR
                                                  NORMAL
..................................................................
TEMPERATURE (F)
 YESTERDAY
  MAXIMUM         81    614 PM  88    1915  66     15       68
  MINIMUM         43    329 AM  22    1972  39      4       51
  AVERAGE         62                        53      9       60

PRECIPITATION (IN)
  YESTERDAY        0.00          1.19 1906   0.13  -0.13     0.68
  MONTH TO DATE    4.57                      3.28   1.29     2.80
  SINCE JAN 1     15.96                     13.57   2.39    10.55

SNOWFALL (IN)
  YESTERDAY        0.0
  MONTH TO DATE    3.2
  SINCE SEP 1     44.5
  SNOW DEPTH       0

DEGREE DAYS
 HEATING
  YESTERDAY        3                        12     -9        5
  MONTH TO DATE  273                       416   -143      414
  SINCE MAR 1    990                      1196   -206      976
  SINCE JUL 1   4393                      5517  -1124     4718

 COOLING
  YESTERDAY        0                         0      0        0
  MONTH TO DATE    0                         0      0        2
  SINCE MAR 1      0                         0      0        2
  SINCE JAN 1      0                         0      0        2
..................................................................


WIND (MPH)
  HIGHEST WIND SPEED    10   HIGHEST WIND DIRECTION    NW (330)
  HIGHEST GUST SPEED    13   HIGHEST GUST DIRECTION     W (290)
  AVERAGE WIND SPEED     0.6


SKY COVER
  POSSIBLE SUNSHINE  MM
  AVERAGE SKY COVER 0.3


WEATHER CONDITIONS
 THE FOLLOWING WEATHER WAS RECORDED YESTERDAY.
  FOG


RELATIVE HUMIDITY (PERCENT)
 HIGHEST    93           500 AM
 LOWEST     36           400 PM
 AVERAGE    65

..........................................................


THE ELKINS WV CLIMATE NORMALS FOR TODAY
                         NORMAL    RECORD    YEAR
 MAXIMUM TEMPERATURE (F)   66        88      2009
 MINIMUM TEMPERATURE (F)   40        18      1971


SUNRISE AND SUNSET
APRIL 27 2017.........SUNRISE   626 AM EDT   SUNSET   808 PM EDT
APRIL 28 2017.........SUNRISE   625 AM EDT   SUNSET   809 PM EDT


-  INDICATES NEGATIVE NUMBERS.
R  INDICATES RECORD WAS SET OR TIED.
MM INDICATES DATA IS MISSING.
T  INDICATES TRACE AMOUNT.




$$
