000
CDUS41 KRLX 292133
CLIEKN


CLIMATE REPORT
NATIONAL WEATHER SERVICE CHARLESTON WV
530 PM EDT SUN MAR 29 2015


...................................

...THE ELKINS WV CLIMATE SUMMARY FOR MARCH 29 2015...
VALID TODAY AS OF 0500 PM LOCAL TIME.

CLIMATE NORMAL PERIOD 1981 TO 2010
CLIMATE RECORD PERIOD 1899 TO 2015


WEATHER ITEM   OBSERVED TIME   RECORD YEAR NORMAL DEPARTURE LAST
                VALUE   (LST)  VALUE       VALUE  FROM      YEAR
                                                  NORMAL
..................................................................
TEMPERATURE (F)
 TODAY
  MAXIMUM         46    320 PM  83    1907  57    -11       59
  MINIMUM          7R   631 AM  10    1923  32    -25       37
  AVERAGE         27                        44    -17       48

PRECIPITATION (IN)
  TODAY            0.00          1.16 1924   0.13  -0.13     0.49
  MONTH TO DATE    7.23                      3.69   3.54     2.79
  SINCE MAR 1      7.23                      3.69   3.54     2.79
  SINCE JAN 1     12.95                     10.02   2.93     9.05

DEGREE DAYS
 HEATING
  TODAY           38                        21     17       17
  MONTH TO DATE  764                       740     24      842
  SINCE MAR 1    764                       740     24      842
  SINCE JUL 1   5395                      5061    334     5365

 COOLING
  TODAY            0                         0      0        0
  MONTH TO DATE    0                         0      0        0
  SINCE MAR 1      0                         0      0        0
  SINCE JAN 1      0                         0      0        0
..................................................................


WIND (MPH)
  HIGHEST WIND SPEED     8   HIGHEST WIND DIRECTION    SE (150)
  HIGHEST GUST SPEED    11   HIGHEST GUST DIRECTION     S (170)
  AVERAGE WIND SPEED     1.6


SKY COVER
  POSSIBLE SUNSHINE  MM
  AVERAGE SKY COVER 0.0


WEATHER CONDITIONS
 THE FOLLOWING WEATHER WAS RECORDED TODAY.
  NO SIGNIFICANT WEATHER WAS OBSERVED.


RELATIVE HUMIDITY (PERCENT)
 HIGHEST    84           200 AM
 LOWEST     22           200 PM
 AVERAGE    53

..........................................................


THE ELKINS WV CLIMATE NORMALS FOR TOMORROW
                         NORMAL    RECORD    YEAR
 MAXIMUM TEMPERATURE (F)   57        83      1998
 MINIMUM TEMPERATURE (F)   32        10      1941


SUNRISE AND SUNSET
MARCH 29 2015.........SUNRISE   709 AM EDT   SUNSET   740 PM EDT
MARCH 30 2015.........SUNRISE   708 AM EDT   SUNSET   741 PM EDT


-  INDICATES NEGATIVE NUMBERS.
R  INDICATES RECORD WAS SET OR TIED.
MM INDICATES DATA IS MISSING.
T  INDICATES TRACE AMOUNT.




$$
