000
CDUS41 KRLX 280831
CLIEKN


CLIMATE REPORT
NATIONAL WEATHER SERVICE CHARLESTON WV
327 AM EST SUN DEC 28 2014


...................................

...THE ELKINS WV CLIMATE SUMMARY FOR DECEMBER 27 2014...

CLIMATE NORMAL PERIOD 1981 TO 2010
CLIMATE RECORD PERIOD 1899 TO 2014


WEATHER ITEM   OBSERVED TIME   RECORD YEAR NORMAL DEPARTURE LAST
                VALUE   (LST)  VALUE       VALUE  FROM      YEAR
                                                  NORMAL
..................................................................
TEMPERATURE (F)
 YESTERDAY
  MAXIMUM         61    340 PM  71    2008  40     21       44
  MINIMUM         26    800 AM -13    1989  20      6       16
  AVERAGE         44                        30     14       30

PRECIPITATION (IN)
  YESTERDAY        T             0.91 1944   0.10  -0.10     0.00
  MONTH TO DATE    3.48                      2.87   0.61     5.17
  SINCE JAN 1     41.86                     45.54  -3.68    44.91

SNOWFALL (IN)
  YESTERDAY        0.0
  MONTH TO DATE    T
  SINCE SEP 1      7.6
  SNOW DEPTH       0

DEGREE DAYS
 HEATING
  YESTERDAY       21                        35    -14       35
  MONTH TO DATE  736                       868   -132      787
  SINCE DEC 1    736                       868   -132      787
  SINCE JUL 1   2092                      2152    -60     2082

 COOLING
  YESTERDAY        0                         0      0        0
  MONTH TO DATE    0                         0      0        0
  SINCE DEC 1      0                         0      0        0
  SINCE JAN 1    505                       475     30      533
..................................................................


WIND (MPH)
  HIGHEST WIND SPEED    10   HIGHEST WIND DIRECTION     S (180)
  HIGHEST GUST SPEED    15   HIGHEST GUST DIRECTION     S (190)
  AVERAGE WIND SPEED     0.8


SKY COVER
  POSSIBLE SUNSHINE  MM
  AVERAGE SKY COVER 0.2


WEATHER CONDITIONS
 THE FOLLOWING WEATHER WAS RECORDED YESTERDAY.
  LIGHT RAIN


RELATIVE HUMIDITY (PERCENT)
 HIGHEST   100           300 AM
 LOWEST     15           400 PM
 AVERAGE    58

..........................................................


THE ELKINS WV CLIMATE NORMALS FOR TODAY
                         NORMAL    RECORD    YEAR
 MAXIMUM TEMPERATURE (F)   40        67      1984
 MINIMUM TEMPERATURE (F)   20        -2      2000


SUNRISE AND SUNSET
DECEMBER 28 2014......SUNRISE   737 AM EST   SUNSET   505 PM EST
DECEMBER 29 2014......SUNRISE   737 AM EST   SUNSET   506 PM EST


-  INDICATES NEGATIVE NUMBERS.
R  INDICATES RECORD WAS SET OR TIED.
MM INDICATES DATA IS MISSING.
T  INDICATES TRACE AMOUNT.




$$
