000
CDUS41 KRLX 212219
CLIEKN


CLIMATE REPORT
NATIONAL WEATHER SERVICE CHARLESTON WV
519 PM EST TUE FEB 21 2017


...................................

...THE ELKINS WV CLIMATE SUMMARY FOR FEBRUARY 21 2017...
VALID TODAY AS OF 0500 PM LOCAL TIME.

CLIMATE NORMAL PERIOD 1981 TO 2010
CLIMATE RECORD PERIOD 1899 TO 2017


WEATHER ITEM   OBSERVED TIME   RECORD YEAR NORMAL DEPARTURE LAST
                VALUE   (LST)  VALUE       VALUE  FROM      YEAR
                                                  NORMAL
..................................................................
TEMPERATURE (F)
 TODAY
  MAXIMUM         68R   325 PM  68    1997  44     24       58
  MINIMUM         34    141 AM  -7    1958  22     12       44
  AVERAGE         51                        33     18       51

PRECIPITATION (IN)
  TODAY            0.00          1.07 1993   0.11  -0.11     0.65
  MONTH TO DATE    1.52                      2.29  -0.77     2.15
  SINCE DEC 1     11.51                      8.78   2.73     9.22
  SINCE JAN 1      6.61                      5.52   1.09     4.52

DEGREE DAYS
 HEATING
  TODAY           14                        32    -18       14
  MONTH TO DATE  553                       705   -152      708
  SINCE DEC 1   2333                      2822   -489     2535
  SINCE JUL 1   3278                      4106   -828     3538

 COOLING
  TODAY            0                         0      0        0
  MONTH TO DATE    0                         0      0        0
  SINCE DEC 1      0                         0      0        0
  SINCE JAN 1      0                         0      0        0
..................................................................


WIND (MPH)
  HIGHEST WIND SPEED    12   HIGHEST WIND DIRECTION     S (170)
  HIGHEST GUST SPEED    15   HIGHEST GUST DIRECTION    SE (150)
  AVERAGE WIND SPEED     5.2


SKY COVER
  POSSIBLE SUNSHINE  MM
  AVERAGE SKY COVER 0.0


WEATHER CONDITIONS
 THE FOLLOWING WEATHER WAS RECORDED TODAY.
  NO SIGNIFICANT WEATHER WAS OBSERVED.


RELATIVE HUMIDITY (PERCENT)
 HIGHEST    89           100 AM
 LOWEST     29           300 PM
 AVERAGE    59

..........................................................


THE ELKINS WV CLIMATE NORMALS FOR TOMORROW
                         NORMAL    RECORD    YEAR
 MAXIMUM TEMPERATURE (F)   45        70      1930
                                             1922
 MINIMUM TEMPERATURE (F)   23        -8      1963


SUNRISE AND SUNSET
FEBRUARY 21 2017......SUNRISE   703 AM EST   SUNSET   604 PM EST
FEBRUARY 22 2017......SUNRISE   701 AM EST   SUNSET   605 PM EST


-  INDICATES NEGATIVE NUMBERS.
R  INDICATES RECORD WAS SET OR TIED.
MM INDICATES DATA IS MISSING.
T  INDICATES TRACE AMOUNT.




$$
