000
CDUS41 KRLX 172227
CLIEKN


CLIMATE REPORT
NATIONAL WEATHER SERVICE CHARLESTON WV
526 PM EST WED JAN 17 2018


...................................

...THE ELKINS WV CLIMATE SUMMARY FOR JANUARY 17 2018...
VALID TODAY AS OF 0500 PM LOCAL TIME.

CLIMATE NORMAL PERIOD 1981 TO 2010
CLIMATE RECORD PERIOD 1899 TO 2018


WEATHER ITEM   OBSERVED TIME   RECORD YEAR NORMAL DEPARTURE LAST
                VALUE   (LST)  VALUE       VALUE  FROM      YEAR
                                                  NORMAL
..................................................................
TEMPERATURE (F)
 TODAY
  MAXIMUM         15    238 PM  67    1932  39    -24       61
  MINIMUM          7    923 AM -18    2009  19    -12       43
                                      1957
  AVERAGE         11                        29    -18       52

PRECIPITATION (IN)
  TODAY            0.02          0.88 1907   0.11  -0.09     0.35
  MONTH TO DATE    1.50                      1.77  -0.27     3.98
  SINCE DEC 1      3.74                      5.03  -1.29     8.88
  SINCE JAN 1      1.50                      1.77  -0.27     3.98

DEGREE DAYS
 HEATING
  TODAY           54                        36     18       13
  MONTH TO DATE  771                       612    159      499
  SINCE DEC 1   1816                      1619    197     1417
  SINCE JUL 1   2901                      2903     -2     2362

 COOLING
  TODAY            0                         0      0        0
  MONTH TO DATE    0                         0      0        0
  SINCE DEC 1      0                         0      0        0
  SINCE JAN 1      0                         0      0        0
..................................................................


WIND (MPH)
  HIGHEST WIND SPEED    13   HIGHEST WIND DIRECTION    NW (320)
  HIGHEST GUST SPEED    17   HIGHEST GUST DIRECTION    NW (330)
  AVERAGE WIND SPEED     6.0


SKY COVER
  POSSIBLE SUNSHINE  MM
  AVERAGE SKY COVER 0.8


WEATHER CONDITIONS
 THE FOLLOWING WEATHER WAS RECORDED TODAY.
  LIGHT SNOW
  FOG
  HAZE


RELATIVE HUMIDITY (PERCENT)
 HIGHEST    88           800 AM
 LOWEST     66          1100 AM
 AVERAGE    77

..........................................................


THE ELKINS WV CLIMATE NORMALS FOR TOMORROW
                         NORMAL    RECORD    YEAR
 MAXIMUM TEMPERATURE (F)   39        67      1929
 MINIMUM TEMPERATURE (F)   19       -14      2003
                                             1994


SUNRISE AND SUNSET
JANUARY 17 2018.......SUNRISE   736 AM EST   SUNSET   524 PM EST
JANUARY 18 2018.......SUNRISE   735 AM EST   SUNSET   525 PM EST


-  INDICATES NEGATIVE NUMBERS.
R  INDICATES RECORD WAS SET OR TIED.
MM INDICATES DATA IS MISSING.
T  INDICATES TRACE AMOUNT.




$$
