000
CDUS41 KRLX 260719
CLIEKN


CLIMATE REPORT
NATIONAL WEATHER SERVICE CHARLESTON WV
318 AM EDT MON JUN 26 2017


...................................

...THE ELKINS WV CLIMATE SUMMARY FOR JUNE 25 2017...

CLIMATE NORMAL PERIOD 1981 TO 2010
CLIMATE RECORD PERIOD 1899 TO 2017


WEATHER ITEM   OBSERVED TIME   RECORD YEAR NORMAL DEPARTURE LAST
                VALUE   (LST)  VALUE       VALUE  FROM      YEAR
                                                  NORMAL
..................................................................
TEMPERATURE (F)
 YESTERDAY
  MAXIMUM         73    338 PM  92    1914  80     -7       85
  MINIMUM         55   1155 PM  40    1915  57     -2       61
  AVERAGE         64                        68     -4       73

PRECIPITATION (IN)
  YESTERDAY        T             2.01 1945   0.16  -0.16     0.00
  MONTH TO DATE    3.69                      3.59   0.10     4.92
  SINCE JAN 1     24.39                     22.80   1.59    22.36

SNOWFALL (IN)
  YESTERDAY        0.0
  MONTH TO DATE    0.0
  SINCE SEP 1     44.5
  SNOW DEPTH       0

DEGREE DAYS
 HEATING
  YESTERDAY        1                         1      0        0
  MONTH TO DATE   43                        51     -8       25
  SINCE JUN 1     43                        51     -8       25
  SINCE JUL 1   4632                      5848  -1216     4985

 COOLING
  YESTERDAY        0                         4     -4        8
  MONTH TO DATE   95                        69     26      100
  SINCE JUN 1     95                        69     26      100
  SINCE JAN 1    139                        92     47      129
..................................................................


WIND (MPH)
  HIGHEST WIND SPEED    16   HIGHEST WIND DIRECTION     W (270)
  HIGHEST GUST SPEED    23   HIGHEST GUST DIRECTION     W (280)
  AVERAGE WIND SPEED     4.7


SKY COVER
  POSSIBLE SUNSHINE  MM
  AVERAGE SKY COVER 0.4


WEATHER CONDITIONS
 THE FOLLOWING WEATHER WAS RECORDED YESTERDAY.
  LIGHT RAIN
  FOG


RELATIVE HUMIDITY (PERCENT)
 HIGHEST    93          1200 AM
 LOWEST     35           300 PM
 AVERAGE    64

..........................................................


THE ELKINS WV CLIMATE NORMALS FOR TODAY
                         NORMAL    RECORD    YEAR
 MAXIMUM TEMPERATURE (F)   80        90      2005
                                             1969
                                             1952
 MINIMUM TEMPERATURE (F)   57        38      1986
                                             1979


SUNRISE AND SUNSET
JUNE 26 2017..........SUNRISE   556 AM EDT   SUNSET   849 PM EDT
JUNE 27 2017..........SUNRISE   556 AM EDT   SUNSET   849 PM EDT


-  INDICATES NEGATIVE NUMBERS.
R  INDICATES RECORD WAS SET OR TIED.
MM INDICATES DATA IS MISSING.
T  INDICATES TRACE AMOUNT.




$$
