000
CDUS45 KLKN 230211
CLIEKO


CLIMATE REPORT
NATIONAL WEATHER SERVICE ELKO NV
710 PM PDT WED MAR 22 2017


...................................

...THE ELKO AIRPORT NV CLIMATE SUMMARY FOR MARCH 22 2017...
VALID TODAY AS OF 0500 PM LOCAL TIME.

CLIMATE NORMAL PERIOD 1981 TO 2010
CLIMATE RECORD PERIOD 1888 TO 2017


WEATHER ITEM   OBSERVED TIME   RECORD YEAR NORMAL DEPARTURE LAST
                VALUE   (LST)  VALUE       VALUE  FROM      YEAR
                                                  NORMAL
..................................................................
TEMPERATURE (F)
 TODAY
  MAXIMUM         51   1250 PM  72    1960  53     -2       41
                                      1928
  MINIMUM         38    358 PM  -1    1952  28     10       31
  AVERAGE         45                        40      5       36

PRECIPITATION (IN)
  TODAY            0.39          0.44 1945   0.03   0.36     0.03
  MONTH TO DATE    0.54                      0.71  -0.17     0.41
  SINCE OCT 1     10.22                      5.73   4.49     7.23
  SINCE JAN 1      4.59                      2.67   1.92     2.69

SNOWFALL (IN)
  TODAY            T             2.0  2009   0.2   -0.2      0.1
                                      1929
                                      1895
  MONTH TO DATE    1.1                       3.7   -2.6      0.1
  SINCE MAR 1      1.1                       3.7   -2.6      0.1
  SINCE JUL 1     52.5                      36.2   16.3     56.4
  SNOW DEPTH       0

DEGREE DAYS
 HEATING
  TODAY           20                        25     -5       29
  MONTH TO DATE  426                       598   -172      445
  SINCE MAR 1    426                       598   -172      445
  SINCE JUL 1   5162                      5766   -604     5470

 COOLING
  TODAY            0                         0      0        0
  MONTH TO DATE    0                         0      0        0
  SINCE MAR 1      0                         0      0        0
  SINCE JAN 1      0                         0      0        0
..................................................................


WIND (MPH)
  HIGHEST WIND SPEED    23   HIGHEST WIND DIRECTION    SW (240)
  HIGHEST GUST SPEED    31   HIGHEST GUST DIRECTION     W (260)



WEATHER CONDITIONS
 THE FOLLOWING WEATHER WAS RECORDED TODAY.
  HEAVY RAIN
  RAIN
  LIGHT RAIN
  LIGHT SNOW
  FOG


RELATIVE HUMIDITY (PERCENT)
 HIGHEST    92           300 PM
 LOWEST     52           100 PM
 AVERAGE    72

..........................................................


THE ELKO AIRPORT NV CLIMATE NORMALS FOR TOMORROW
                         NORMAL    RECORD    YEAR
 MAXIMUM TEMPERATURE (F)   54        72      1998
                                             1960
 MINIMUM TEMPERATURE (F)   28         5      1952


SUNRISE AND SUNSET
MARCH 22 2017.........SUNRISE   643 AM PDT   SUNSET   658 PM PDT
MARCH 23 2017.........SUNRISE   641 AM PDT   SUNSET   659 PM PDT


-  INDICATES NEGATIVE NUMBERS.
R  INDICATES RECORD WAS SET OR TIED.
MM INDICATES DATA IS MISSING.
T  INDICATES TRACE AMOUNT.




$$
