000
CDUS45 KLKN 240030
CLIEKO


CLIMATE REPORT
NATIONAL WEATHER SERVICE ELKO NV
529 PM PDT MON OCT 3  2017


...................................

...THE ELKO AIRPORT NV CLIMATE SUMMARY FOR OCTOBER 23 2017...
VALID TODAY AS OF 0500 PM LOCAL TIME.

CLIMATE NORMAL PERIOD 1981 TO 2010
CLIMATE RECORD PERIOD 1888 TO 2017


WEATHER ITEM   OBSERVED TIME   RECORD YEAR NORMAL DEPARTURE LAST
                VALUE   (LST)  VALUE       VALUE  FROM      YEAR
                                                  NORMAL
..................................................................
TEMPERATURE (F)
 TODAY
  MAXIMUM         70    157 PM  77    1937  61      9       69
  MINIMUM         32    520 AM   8    1895  27      5       36
  AVERAGE         51                        44      7       53

PRECIPITATION (IN)
  TODAY            0.00          0.50 1897   0.02  -0.02     0.00
  MONTH TO DATE    0.13                      0.51  -0.38     1.14
  SINCE OCT 1      0.13                      0.51  -0.38     1.14
  SINCE JAN 1     10.06                      7.36   2.70     9.86

SNOWFALL (IN)
  TODAY            0.0           0.2  1956   0.0    0.0      0.0
  MONTH TO DATE    T                         0.3   -0.3      0.0
  SINCE SEP 1      T                         0.4   -0.4      0.0
  SINCE JUL 1      T                         0.4   -0.4      0.0
  SNOW DEPTH       0

DEGREE DAYS
 HEATING
  TODAY           14                        21     -7       12
  MONTH TO DATE  473                       389     84      350
  SINCE SEP 1    724                       596    128      512
  SINCE JUL 1    728                       647     81      525

 COOLING
  TODAY            0                         0      0        0
  MONTH TO DATE    0                         0      0        0
  SINCE SEP 1     89                        21     68       16
  SINCE JAN 1    785                       383    402      560
..................................................................


WIND (MPH)
  HIGHEST WIND SPEED     9   HIGHEST WIND DIRECTION    NW (320)
  HIGHEST GUST SPEED    11   HIGHEST GUST DIRECTION    NW (330)



WEATHER CONDITIONS
 THE FOLLOWING WEATHER WAS RECORDED TODAY.
  NO SIGNIFICANT WEATHER WAS OBSERVED.


RELATIVE HUMIDITY (PERCENT)
 HIGHEST    82           600 AM
 LOWEST     26           200 PM
 AVERAGE    54

..........................................................


THE ELKO AIRPORT NV CLIMATE NORMALS FOR TOMORROW
                         NORMAL    RECORD    YEAR
 MAXIMUM TEMPERATURE (F)   61        80      1959
 MINIMUM TEMPERATURE (F)   27         9      1991
                                             1935


SUNRISE AND SUNSET
OCTOBER 23 2017.......SUNRISE   704 AM PDT   SUNSET   551 PM PDT
OCTOBER 24 2017.......SUNRISE   705 AM PDT   SUNSET   549 PM PDT


-  INDICATES NEGATIVE NUMBERS.
R  INDICATES RECORD WAS SET OR TIED.
MM INDICATES DATA IS MISSING.
T  INDICATES TRACE AMOUNT.




$$
