000
CDUS45 KLKN 270926
CLIEKO


CLIMATE REPORT
NATIONAL WEATHER SERVICE ELKO NV
226 AM PDT FRI MAY 27 2016


...................................

...THE ELKO AIRPORT NV CLIMATE SUMMARY FOR MAY 26 2016...

CLIMATE NORMAL PERIOD 1981 TO 2010
CLIMATE RECORD PERIOD 1888 TO 2016


WEATHER ITEM   OBSERVED TIME   RECORD YEAR NORMAL DEPARTURE LAST
                VALUE   (LST)  VALUE       VALUE  FROM      YEAR
                                                  NORMAL
..................................................................
TEMPERATURE (F)
 YESTERDAY
  MAXIMUM         65    323 PM  94    1919  72     -7       72
  MINIMUM         35    407 AM  20    1895  40     -5       45
  AVERAGE         50                        56     -6       59

PRECIPITATION (IN)
  YESTERDAY        0.09          0.75 1941   0.03   0.06      T
  MONTH TO DATE    1.53                      0.81   0.72     3.32
  SINCE OCT 1     11.35                      7.80   3.55     6.94
  SINCE JAN 1      6.81                      4.74   2.07     4.70

SNOWFALL (IN)
  YESTERDAY        0.0           0.2  1998   0.0    0.0      0.0
  MONTH TO DATE    0.0                       0.5   -0.5      2.0
  SINCE MAR 1      7.5                       8.8   -1.3      4.9
  SINCE JUL 1     63.8                      41.3   22.5     14.3
  SNOW DEPTH       0

DEGREE DAYS
 HEATING
  YESTERDAY       15                         9      6        6
  MONTH TO DATE  293                       322    -29      297
  SINCE MAR 1   1439                      1725   -286     1505
  SINCE JUL 1   6464                      6893   -429     5513

 COOLING
  YESTERDAY        0                         0      0        0
  MONTH TO DATE    0                         0      0        0
  SINCE MAR 1      0                         0      0        0
  SINCE JAN 1      0                         0      0        0
..................................................................


WIND (MPH)
  HIGHEST WIND SPEED    22   HIGHEST WIND DIRECTION    NW (310)
  HIGHEST GUST SPEED    25   HIGHEST GUST DIRECTION    NW (320)
  AVERAGE WIND SPEED     4.8



WEATHER CONDITIONS
 THE FOLLOWING WEATHER WAS RECORDED YESTERDAY.
  RAIN
  FOG
  FOG W/VISIBILITY <= 1/4 MILE


RELATIVE HUMIDITY (PERCENT)
 HIGHEST    93           100 AM
 LOWEST     40           300 PM
 AVERAGE    67

..........................................................


THE ELKO AIRPORT NV CLIMATE NORMALS FOR TODAY
                         NORMAL    RECORD    YEAR
 MAXIMUM TEMPERATURE (F)   73        90      1986
                                             1919
 MINIMUM TEMPERATURE (F)   40        22      1911


SUNRISE AND SUNSET
MAY 27 2016...........SUNRISE   516 AM PDT   SUNSET   805 PM PDT
MAY 28 2016...........SUNRISE   516 AM PDT   SUNSET   806 PM PDT


-  INDICATES NEGATIVE NUMBERS.
R  INDICATES RECORD WAS SET OR TIED.
MM INDICATES DATA IS MISSING.
T  INDICATES TRACE AMOUNT.




$$
