000
CDUS45 KLKN 070027
CLIEKO


CLIMATE REPORT
NATIONAL WEATHER SERVICE ELKO NV
426 PM PST FRI MAR 6 2015


...................................

...THE ELKO AIRPORT NV CLIMATE SUMMARY FOR MARCH 6 2015...
VALID TODAY AS OF 0400 PM LOCAL TIME.

CLIMATE NORMAL PERIOD 1981 TO 2010
CLIMATE RECORD PERIOD 1888 TO 2015


WEATHER ITEM   OBSERVED TIME   RECORD YEAR NORMAL DEPARTURE LAST
                VALUE   (LST)  VALUE       VALUE  FROM      YEAR
                                                  NORMAL
..................................................................
TEMPERATURE (F)
 TODAY
  MAXIMUM         62    318 PM  69    1937  49     13       56
  MINIMUM         16    624 AM  -4    1922  24     -8       36
  AVERAGE         39                        36      3       46

PRECIPITATION (IN)
  TODAY            0.00          0.38 1989   0.04  -0.04     0.08
  MONTH TO DATE    0.05                      0.20  -0.15     0.67
  SINCE OCT 1      2.78                      5.22  -2.44     4.62
  SINCE JAN 1      0.54                      2.16  -1.62     3.01

SNOWFALL (IN)
  TODAY            0.0           2.7  1958   0.2   -0.2      0.0
  MONTH TO DATE    0.7                       1.1   -0.4      1.0
  SINCE MAR 1      0.7                       1.1   -0.4      1.0
  SINCE JUL 1     10.1                      33.6  -23.5     13.3
  SNOW DEPTH       0

DEGREE DAYS
 HEATING
  TODAY           26                        29     -3       19
  MONTH TO DATE  189                       177     12      134
  SINCE MAR 1    189                       177     12      134
  SINCE JUL 1   4197                      5345  -1148     4865

 COOLING
  TODAY            0                         0      0        0
  MONTH TO DATE    0                         0      0        0
  SINCE MAR 1      0                         0      0        0
  SINCE JAN 1      0                         0      0        0
..................................................................


WIND (MPH)
  HIGHEST WIND SPEED     9   HIGHEST WIND DIRECTION    NE (60)
  HIGHEST GUST SPEED    12   HIGHEST GUST DIRECTION    NE (50)



WEATHER CONDITIONS
 THE FOLLOWING WEATHER WAS RECORDED TODAY.
  NO SIGNIFICANT WEATHER WAS OBSERVED.


RELATIVE HUMIDITY (PERCENT)
 HIGHEST    80           500 AM
 LOWEST     14           300 PM
 AVERAGE    47

..........................................................


THE ELKO AIRPORT NV CLIMATE NORMALS FOR TOMORROW
                         NORMAL    RECORD    YEAR
 MAXIMUM TEMPERATURE (F)   49        68      1905
 MINIMUM TEMPERATURE (F)   24         0      1956


SUNRISE AND SUNSET
MARCH  6 2015.........SUNRISE   610 AM PST   SUNSET   540 PM PST
MARCH  7 2015.........SUNRISE   608 AM PST   SUNSET   541 PM PST


-  INDICATES NEGATIVE NUMBERS.
R  INDICATES RECORD WAS SET OR TIED.
MM INDICATES DATA IS MISSING.
T  INDICATES TRACE AMOUNT.




$$
