000
CDUS45 KLKN 220927
CLIEKO


CLIMATE REPORT
NATIONAL WEATHER SERVICE ELKO NV
226 AM PDT FRI AUG 22 2014


...................................

...THE ELKO AIRPORT NV CLIMATE SUMMARY FOR AUGUST 21 2014...

CLIMATE NORMAL PERIOD 1981 TO 2010
CLIMATE RECORD PERIOD 1888 TO 2014


WEATHER ITEM   OBSERVED TIME   RECORD YEAR NORMAL DEPARTURE LAST
                VALUE   (LST)  VALUE       VALUE  FROM      YEAR
                                                  NORMAL
..................................................................
TEMPERATURE (F)
 YESTERDAY
  MAXIMUM         87    200 PM 102    1917  88     -1       88
                                      1913
  MINIMUM         57   1146 PM  32    1916  47     10       59
                                      1911
  AVERAGE         72                        67      5       74

PRECIPITATION (IN)
  YESTERDAY        T             0.69 2003   0.01  -0.01      T
  MONTH TO DATE    1.14                      0.25   0.89     0.14
  SINCE OCT 1      9.15                      9.22  -0.07     6.28
  SINCE JAN 1      7.54                      6.16   1.38     3.45

SNOWFALL (IN)
  YESTERDAY        0.0           0.0  1888   0.0    0.0      0.0
  MONTH TO DATE    0.0                       0.0    0.0      0.0
  SINCE JUN 1      0.0                       0.0    0.0      0.0
  SINCE JUL 1      0.0                       0.0    0.0      0.0
  SNOW DEPTH       0

DEGREE DAYS
 HEATING
  YESTERDAY        0                         1     -1        0
  MONTH TO DATE    1                        13    -12        0
  SINCE JUN 1     93                       163    -70       63
  SINCE JUL 1      1                        32    -31        0

 COOLING
  YESTERDAY        7                         4      3        9
  MONTH TO DATE  117                       105     12      148
  SINCE JUN 1    490                       332    158      644
  SINCE JAN 1    493                       336    157      648
..................................................................


WIND (MPH)
  HIGHEST WIND SPEED    26   HIGHEST WIND DIRECTION     W (270)
  HIGHEST GUST SPEED    34   HIGHEST GUST DIRECTION     W (260)
  AVERAGE WIND SPEED     7.5



WEATHER CONDITIONS
 THE FOLLOWING WEATHER WAS RECORDED YESTERDAY.
  NO SIGNIFICANT WEATHER WAS OBSERVED.


RELATIVE HUMIDITY (PERCENT)
 HIGHEST    60           600 AM
 LOWEST     13           500 PM
 AVERAGE    37

..........................................................


THE ELKO AIRPORT NV CLIMATE NORMALS FOR TODAY
                         NORMAL    RECORD    YEAR
 MAXIMUM TEMPERATURE (F)   87       101      1919
 MINIMUM TEMPERATURE (F)   47        30      1899
                                             1898


SUNRISE AND SUNSET
AUGUST 22 2014........SUNRISE   600 AM PDT   SUNSET   731 PM PDT
AUGUST 23 2014........SUNRISE   601 AM PDT   SUNSET   729 PM PDT


-  INDICATES NEGATIVE NUMBERS.
R  INDICATES RECORD WAS SET OR TIED.
MM INDICATES DATA IS MISSING.
T  INDICATES TRACE AMOUNT.




$$
