000
CDUS45 KLKN 260929
CLIEKO


CLIMATE REPORT
NATIONAL WEATHER SERVICE ELKO NV
129 AM PST FRI DEC 26 2014


...................................

...THE ELKO AIRPORT NV CLIMATE SUMMARY FOR DECEMBER 25 2014...

CLIMATE NORMAL PERIOD 1981 TO 2010
CLIMATE RECORD PERIOD 1888 TO 2014


WEATHER ITEM   OBSERVED TIME   RECORD YEAR NORMAL DEPARTURE LAST
                VALUE   (LST)  VALUE       VALUE  FROM      YEAR
                                                  NORMAL
..................................................................
TEMPERATURE (F)
 YESTERDAY
  MAXIMUM         29   1220 AM  53    1946  36     -7       40
  MINIMUM         23    640 AM -41    1924  14      9       15
  AVERAGE         26                        25      1       28

PRECIPITATION (IN)
  YESTERDAY        T             0.93 1889   0.04  -0.04     0.00
  MONTH TO DATE    0.93                      0.95  -0.02     0.65
  SINCE OCT 1      2.08                      2.81  -0.73     1.61
  SINCE JAN 1     10.13                      9.66   0.47     6.46

SNOWFALL (IN)
  YESTERDAY        0.4           6.4  1945   0.4    0.0      0.0
  MONTH TO DATE    2.4                       7.7   -5.3      4.4
  SINCE DEC 1      2.4                       7.7   -5.3      4.4
  SINCE JUL 1      4.3                      13.4   -9.1     10.1
  SNOW DEPTH       T

DEGREE DAYS
 HEATING
  YESTERDAY       39                        40     -1       37
  MONTH TO DATE  716                       969   -253     1144
  SINCE DEC 1    716                       969   -253     1144
  SINCE JUL 1   2076                      2707   -631     2704

 COOLING
  YESTERDAY        0                         0      0        0
  MONTH TO DATE    0                         0      0        0
  SINCE DEC 1      0                         0      0        0
  SINCE JAN 1    549                       383    166      776
..................................................................


WIND (MPH)
  HIGHEST WIND SPEED    26   HIGHEST WIND DIRECTION     W (290)
  HIGHEST GUST SPEED    36   HIGHEST GUST DIRECTION     W (290)
  AVERAGE WIND SPEED     8.2



WEATHER CONDITIONS
 THE FOLLOWING WEATHER WAS RECORDED YESTERDAY.
  LIGHT SNOW
  FOG


RELATIVE HUMIDITY (PERCENT)
 HIGHEST    81           500 AM
 LOWEST     58          1200 PM
 AVERAGE    70

..........................................................


THE ELKO AIRPORT NV CLIMATE NORMALS FOR TODAY
                         NORMAL    RECORD    YEAR
 MAXIMUM TEMPERATURE (F)   36        57      1933
 MINIMUM TEMPERATURE (F)   14       -40      1924


SUNRISE AND SUNSET
DECEMBER 26 2014......SUNRISE   706 AM PST   SUNSET   422 PM PST
DECEMBER 27 2014......SUNRISE   706 AM PST   SUNSET   422 PM PST


-  INDICATES NEGATIVE NUMBERS.
R  INDICATES RECORD WAS SET OR TIED.
MM INDICATES DATA IS MISSING.
T  INDICATES TRACE AMOUNT.




$$
