000
CDUS45 KLKN 020930
CLIEKO


CLIMATE REPORT
NATIONAL WEATHER SERVICE ELKO NV
230 AM PDT MON MAY 2 2016


...................................

...THE ELKO AIRPORT NV CLIMATE SUMMARY FOR MAY 1 2016...

CLIMATE NORMAL PERIOD 1981 TO 2010
CLIMATE RECORD PERIOD 1888 TO 2016


WEATHER ITEM   OBSERVED TIME   RECORD YEAR NORMAL DEPARTURE LAST
                VALUE   (LST)  VALUE       VALUE  FROM      YEAR
                                                  NORMAL
..................................................................
TEMPERATURE (F)
 YESTERDAY
  MAXIMUM         61    256 PM  88    1981  64     -3       79
  MINIMUM         41   1159 PM  13    1913  34      7       37
  AVERAGE         51                        49      2       58

PRECIPITATION (IN)
  YESTERDAY        0.00          0.29 2002   0.03  -0.03     0.00
                                      1992
  MONTH TO DATE    0.00                      0.03  -0.03     0.00
  SINCE OCT 1      9.82                      7.02   2.80     3.62
  SINCE JAN 1      5.28                      3.96   1.32     1.38

SNOWFALL (IN)
  YESTERDAY        0.0           1.5  2002   0.0    0.0      0.0
  MONTH TO DATE    0.0                       0.0    0.0      0.0
  SINCE MAR 1      7.5                       8.3   -0.8      2.9
  SINCE JUL 1     63.8                      40.8   23.0     12.3
  SNOW DEPTH       0

DEGREE DAYS
 HEATING
  YESTERDAY       14                        16     -2        7
  MONTH TO DATE   14                        16     -2        7
  SINCE MAR 1   1160                      1419   -259     1215
  SINCE JUL 1   6185                      6587   -402     5223

 COOLING
  YESTERDAY        0                         0      0        0
  MONTH TO DATE    0                         0      0        0
  SINCE MAR 1      0                         0      0        0
  SINCE JAN 1      0                         0      0        0
..................................................................


WIND (MPH)
  HIGHEST WIND SPEED    26   HIGHEST WIND DIRECTION    NE (30)
  HIGHEST GUST SPEED    34   HIGHEST GUST DIRECTION     N (20)
  AVERAGE WIND SPEED    12.0



WEATHER CONDITIONS
 THE FOLLOWING WEATHER WAS RECORDED YESTERDAY.
  NO SIGNIFICANT WEATHER WAS OBSERVED.


RELATIVE HUMIDITY (PERCENT)
 HIGHEST    76           300 AM
 LOWEST     32           300 PM
 AVERAGE    54

..........................................................


THE ELKO AIRPORT NV CLIMATE NORMALS FOR TODAY
                         NORMAL    RECORD    YEAR
 MAXIMUM TEMPERATURE (F)   65        89      1947
 MINIMUM TEMPERATURE (F)   34         8      1913


SUNRISE AND SUNSET
MAY  2 2016...........SUNRISE   540 AM PDT   SUNSET   741 PM PDT
MAY  3 2016...........SUNRISE   538 AM PDT   SUNSET   742 PM PDT


-  INDICATES NEGATIVE NUMBERS.
R  INDICATES RECORD WAS SET OR TIED.
MM INDICATES DATA IS MISSING.
T  INDICATES TRACE AMOUNT.




$$
