000
CDUS45 KLKN 300932
CLIEKO


CLIMATE REPORT
NATIONAL WEATHER SERVICE ELKO NV
228 AM PDT FRI SEP 30 2016


...................................

...THE ELKO AIRPORT NV CLIMATE SUMMARY FOR SEPTEMBER 29 2016...

CLIMATE NORMAL PERIOD 1981 TO 2010
CLIMATE RECORD PERIOD 1888 TO 2016


WEATHER ITEM   OBSERVED TIME   RECORD YEAR NORMAL DEPARTURE LAST
                VALUE   (LST)  VALUE       VALUE  FROM      YEAR
                                                  NORMAL
..................................................................
TEMPERATURE (F)
 YESTERDAY
  MAXIMUM         81    206 PM  90    2010  73      8       81
  MINIMUM         58   1159 PM  16    1902  34     24       39
  AVERAGE         70                        53     17       60

PRECIPITATION (IN)
  YESTERDAY        0.00          0.60 1893   0.02  -0.02     0.00
  MONTH TO DATE    1.08                      0.55   0.53     0.23
  SINCE OCT 1     13.26                      9.89   3.37     9.23
  SINCE JAN 1      8.72                      6.83   1.89     6.99

SNOWFALL (IN)
  YESTERDAY        0.0           T    2007   0.0    0.0      0.0
                                      1950
  MONTH TO DATE    0.0                       0.1   -0.1      0.0
  SINCE SEP 1      0.0                       0.1   -0.1      0.0
  SINCE JUL 1      0.0                       0.1   -0.1      0.0
  SNOW DEPTH       0

DEGREE DAYS
 HEATING
  YESTERDAY        0                        12    -12        5
  MONTH TO DATE  161                       195    -34      108
  SINCE SEP 1    161                       195    -34      108
  SINCE JUL 1    174                       246    -72      119

 COOLING
  YESTERDAY        5                         0      5        0
  MONTH TO DATE   16                        20     -4       36
  SINCE SEP 1     16                        20     -4       36
  SINCE JAN 1    560                       382    178      621
..................................................................


WIND (MPH)
  HIGHEST WIND SPEED    30   HIGHEST WIND DIRECTION     W (260)
  HIGHEST GUST SPEED    35   HIGHEST GUST DIRECTION     W (260)
  AVERAGE WIND SPEED     8.4



WEATHER CONDITIONS
 THE FOLLOWING WEATHER WAS RECORDED YESTERDAY.
  HAZE


RELATIVE HUMIDITY (PERCENT)
 HIGHEST    60          1100 PM
 LOWEST     20           100 PM
 AVERAGE    40

..........................................................


THE ELKO AIRPORT NV CLIMATE NORMALS FOR TODAY
                         NORMAL    RECORD    YEAR
 MAXIMUM TEMPERATURE (F)   72        91      2010
 MINIMUM TEMPERATURE (F)   34        17      1954
                                             1889


SUNRISE AND SUNSET
SEPTEMBER 30 2016.....SUNRISE   639 AM PDT   SUNSET   626 PM PDT
OCTOBER  1 2016.......SUNRISE   640 AM PDT   SUNSET   624 PM PDT


-  INDICATES NEGATIVE NUMBERS.
R  INDICATES RECORD WAS SET OR TIED.
MM INDICATES DATA IS MISSING.
T  INDICATES TRACE AMOUNT.




$$
