484
CDUS45 KLKN 260935
CLIEKO


CLIMATE REPORT
NATIONAL WEATHER SERVICE ELKO NV
231 AM PDT WED APR 26 2017


...................................

...THE ELKO AIRPORT NV CLIMATE SUMMARY FOR APRIL 25 2017...

CLIMATE NORMAL PERIOD 1981 TO 2010
CLIMATE RECORD PERIOD 1888 TO 2017


WEATHER ITEM   OBSERVED TIME   RECORD YEAR NORMAL DEPARTURE LAST
                VALUE   (LST)  VALUE       VALUE  FROM      YEAR
                                                  NORMAL
..................................................................
TEMPERATURE (F)
 YESTERDAY
  MAXIMUM         52    459 PM  84    1910  62    -10       41
  MINIMUM         35    529 AM  14    1899  33      2       35
  AVERAGE         44                        47     -3       38

PRECIPITATION (IN)
  YESTERDAY        T             0.70 1888   0.03  -0.03     0.21
  MONTH TO DATE    1.16                      0.80   0.36     1.35
  SINCE OCT 1     12.13                      6.82   5.31     9.18
  SINCE JAN 1      6.50                      3.76   2.74     4.64

SNOWFALL (IN)
  YESTERDAY        0.0           1.4  1983   0.1   -0.1       T
  MONTH TO DATE    T                         2.9   -2.9      1.0
  SINCE MAR 1      1.9                       8.0   -6.1      7.5
  SINCE JUL 1     53.3                      40.5   12.8     63.8
  SNOW DEPTH       0

DEGREE DAYS
 HEATING
  YESTERDAY       21                        18      3       27
  MONTH TO DATE  481                       511    -30      370
  SINCE MAR 1   1116                      1320   -204     1046
  SINCE JUL 1   5852                      6488   -636     6071

 COOLING
  YESTERDAY        0                         0      0        0
  MONTH TO DATE    0                         0      0        0
  SINCE MAR 1      0                         0      0        0
  SINCE JAN 1      0                         0      0        0
..................................................................


WIND (MPH)
  HIGHEST WIND SPEED    23   HIGHEST WIND DIRECTION     W (260)
  HIGHEST GUST SPEED    27   HIGHEST GUST DIRECTION     W (260)
  AVERAGE WIND SPEED     7.9



WEATHER CONDITIONS
 THE FOLLOWING WEATHER WAS RECORDED YESTERDAY.
  LIGHT RAIN


RELATIVE HUMIDITY (PERCENT)
 HIGHEST    85          1200 AM
 LOWEST     33           200 PM
 AVERAGE    59

..........................................................


THE ELKO AIRPORT NV CLIMATE NORMALS FOR TODAY
                         NORMAL    RECORD    YEAR
 MAXIMUM TEMPERATURE (F)   63        84      1987
                                             1927
 MINIMUM TEMPERATURE (F)   33        13      1899


SUNRISE AND SUNSET
APRIL 26 2017.........SUNRISE   548 AM PDT   SUNSET   735 PM PDT
APRIL 27 2017.........SUNRISE   546 AM PDT   SUNSET   736 PM PDT


-  INDICATES NEGATIVE NUMBERS.
R  INDICATES RECORD WAS SET OR TIED.
MM INDICATES DATA IS MISSING.
T  INDICATES TRACE AMOUNT.




$$
