000
CDUS45 KLKN 170932
CLIEKO


CLIMATE REPORT
NATIONAL WEATHER SERVICE ELKO NV
229 AM PDT THU APR 17 2014


...................................

...THE ELKO AIRPORT NV CLIMATE SUMMARY FOR APRIL 16 2014...

CLIMATE NORMAL PERIOD 1981 TO 2010
CLIMATE RECORD PERIOD 1888 TO 2014


WEATHER ITEM   OBSERVED TIME   RECORD YEAR NORMAL DEPARTURE LAST
                VALUE   (LST)  VALUE       VALUE  FROM      YEAR
                                                  NORMAL
..................................................................
TEMPERATURE (F)
 YESTERDAY
  MAXIMUM         60    353 PM  80    1987  59      1       40
                                      1936
  MINIMUM         37   1113 PM  12    1924  31      6       22
  AVERAGE         49                        45      4       31

PRECIPITATION (IN)
  YESTERDAY        0.00          0.50 1920   0.03  -0.03     0.01
  MONTH TO DATE    0.30                      0.51  -0.21     0.45
  SINCE OCT 1      5.54                      6.53  -0.99     5.00
  SINCE JAN 1      3.93                      3.47   0.46     2.17

SNOWFALL (IN)
  YESTERDAY        0.0           1.0  1968   0.1   -0.1      0.1
  MONTH TO DATE    2.6                       2.2    0.4      1.3
  SINCE MAR 1      7.9                       7.3    0.6      3.9
  SINCE JUL 1     20.2                      39.8  -19.6     42.2
  SNOW DEPTH       0

DEGREE DAYS
 HEATING
  YESTERDAY       16                        20     -4       34
  MONTH TO DATE  322                       343    -21      337
  SINCE MAR 1   1080                      1152    -72     1065
  SINCE JUL 1   5811                      6320   -509     6126

 COOLING
  YESTERDAY        0                         0      0        0
  MONTH TO DATE    0                         0      0        0
  SINCE MAR 1      0                         0      0        0
  SINCE JAN 1      0                         0      0        0
..................................................................


WIND (MPH)
  HIGHEST WIND SPEED    16   HIGHEST WIND DIRECTION    SW (220)
  HIGHEST GUST SPEED    19   HIGHEST GUST DIRECTION    SW (230)
  AVERAGE WIND SPEED     4.5



WEATHER CONDITIONS
 THE FOLLOWING WEATHER WAS RECORDED YESTERDAY.
  NO SIGNIFICANT WEATHER WAS OBSERVED.


RELATIVE HUMIDITY (PERCENT)
 HIGHEST    70           700 AM
 LOWEST     28           400 PM
 AVERAGE    49

..........................................................


THE ELKO AIRPORT NV CLIMATE NORMALS FOR TODAY
                         NORMAL    RECORD    YEAR
 MAXIMUM TEMPERATURE (F)   60        81      1936
 MINIMUM TEMPERATURE (F)   31        10      1914


SUNRISE AND SUNSET
APRIL 17 2014.........SUNRISE   601 AM PDT   SUNSET   725 PM PDT
APRIL 18 2014.........SUNRISE   600 AM PDT   SUNSET   726 PM PDT


-  INDICATES NEGATIVE NUMBERS.
R  INDICATES RECORD WAS SET OR TIED.
MM INDICATES DATA IS MISSING.
T  INDICATES TRACE AMOUNT.




$$
