000
CDUS45 KLKN 190028
CLIEKO


CLIMATE REPORT
NATIONAL WEATHER SERVICE ELKO NV
528 PM PDT FRI AUG 18 2017


...................................

...THE ELKO AIRPORT NV CLIMATE SUMMARY FOR AUGUST 18 2017...
VALID TODAY AS OF 0500 PM LOCAL TIME.

CLIMATE NORMAL PERIOD 1981 TO 2010
CLIMATE RECORD PERIOD 1888 TO 2017


WEATHER ITEM   OBSERVED TIME   RECORD YEAR NORMAL DEPARTURE LAST
                VALUE   (LST)  VALUE       VALUE  FROM      YEAR
                                                  NORMAL
..................................................................
TEMPERATURE (F)
 TODAY
  MAXIMUM         92    344 PM  99    1917  88      4       94
                                      1895
  MINIMUM         47    534 AM  29    1910  48     -1       51
  AVERAGE         70                        68      2       73

PRECIPITATION (IN)
  TODAY            0.00          0.17 1977   0.01  -0.01     0.00
                                      1945
  MONTH TO DATE    0.15                      0.22  -0.07      T
  SINCE OCT 1     13.63                      9.19   4.44    12.18
  SINCE JAN 1      8.00                      6.13   1.87     7.64

SNOWFALL (IN)
  TODAY            0.0           0.0  1888   0.0    0.0      0.0
  MONTH TO DATE    0.0                       0.0    0.0      0.0
  SINCE JUN 1      T                         0.0    0.0       T
  SINCE JUL 1      0.0                       0.0    0.0      0.0
  SNOW DEPTH       0

DEGREE DAYS
 HEATING
  TODAY            0                         1     -1        0
  MONTH TO DATE    4                        10     -6        0
  SINCE JUN 1     66                       160    -94       39
  SINCE JUL 1      4                        29    -25        9

 COOLING
  TODAY            5                         4      1        8
  MONTH TO DATE  127                        93     34      123
  SINCE JUN 1    583                       320    263      488
  SINCE JAN 1    587                       324    263      488
..................................................................


WIND (MPH)
  HIGHEST WIND SPEED    20   HIGHEST WIND DIRECTION     W (250)
  HIGHEST GUST SPEED    23   HIGHEST GUST DIRECTION     W (260)



WEATHER CONDITIONS
 THE FOLLOWING WEATHER WAS RECORDED TODAY.
  NO SIGNIFICANT WEATHER WAS OBSERVED.


RELATIVE HUMIDITY (PERCENT)
 HIGHEST    56           300 AM
 LOWEST      7           200 PM
 AVERAGE    32

..........................................................


THE ELKO AIRPORT NV CLIMATE NORMALS FOR TOMORROW
                         NORMAL    RECORD    YEAR
 MAXIMUM TEMPERATURE (F)   88       100      1967
 MINIMUM TEMPERATURE (F)   48        30      1916


SUNRISE AND SUNSET
AUGUST 18 2017........SUNRISE   557 AM PDT   SUNSET   737 PM PDT
AUGUST 19 2017........SUNRISE   558 AM PDT   SUNSET   735 PM PDT


-  INDICATES NEGATIVE NUMBERS.
R  INDICATES RECORD WAS SET OR TIED.
MM INDICATES DATA IS MISSING.
T  INDICATES TRACE AMOUNT.




$$
