000
CDUS45 KLKN 300929
CLIEKO


CLIMATE REPORT
NATIONAL WEATHER SERVICE ELKO NV
226 AM PDT TUE AUG 30 2016


...................................

...THE ELKO AIRPORT NV CLIMATE SUMMARY FOR AUGUST 29 2016...

CLIMATE NORMAL PERIOD 1981 TO 2010
CLIMATE RECORD PERIOD 1888 TO 2016


WEATHER ITEM   OBSERVED TIME   RECORD YEAR NORMAL DEPARTURE LAST
                VALUE   (LST)  VALUE       VALUE  FROM      YEAR
                                                  NORMAL
..................................................................
TEMPERATURE (F)
 YESTERDAY
  MAXIMUM         95    214 PM 100    1913  85     10       92
  MINIMUM         48    225 AM  28    1964  45      3       58
  AVERAGE         72                        65      7       75

PRECIPITATION (IN)
  YESTERDAY        0.00          0.50 1898   0.02  -0.02     0.00
  MONTH TO DATE    T                         0.35  -0.35     0.63
  SINCE OCT 1     12.18                      9.32   2.86     9.00
  SINCE JAN 1      7.64                      6.26   1.38     6.76

SNOWFALL (IN)
  YESTERDAY        0.0           0.0  1888   0.0    0.0      0.0
  MONTH TO DATE    0.0                       0.0    0.0      0.0
  SINCE JUN 1      T                         0.0    0.0      0.0
  SINCE JUL 1      0.0                       0.0    0.0      0.0
  SNOW DEPTH       0

DEGREE DAYS
 HEATING
  YESTERDAY        0                         2     -2        0
  MONTH TO DATE    4                        26    -22        1
  SINCE JUN 1     43                       176   -133       34
  SINCE JUL 1     13                        45    -32       10

 COOLING
  YESTERDAY        7                         2      5       10
  MONTH TO DATE  165                       127     38      209
  SINCE JUN 1    530                       354    176      575
  SINCE JAN 1    530                       358    172      582
..................................................................


WIND (MPH)
  HIGHEST WIND SPEED    15   HIGHEST WIND DIRECTION     W (270)
  HIGHEST GUST SPEED    20   HIGHEST GUST DIRECTION    SW (240)
  AVERAGE WIND SPEED     4.4



WEATHER CONDITIONS
 THE FOLLOWING WEATHER WAS RECORDED YESTERDAY.
  NO SIGNIFICANT WEATHER WAS OBSERVED.


RELATIVE HUMIDITY (PERCENT)
 HIGHEST    46           500 AM
 LOWEST      7           100 PM
 AVERAGE    27

..........................................................


THE ELKO AIRPORT NV CLIMATE NORMALS FOR TODAY
                         NORMAL    RECORD    YEAR
 MAXIMUM TEMPERATURE (F)   85        98      1967
 MINIMUM TEMPERATURE (F)   45        24      1932


SUNRISE AND SUNSET
AUGUST 30 2016........SUNRISE   609 AM PDT   SUNSET   718 PM PDT
AUGUST 31 2016........SUNRISE   610 AM PDT   SUNSET   716 PM PDT


-  INDICATES NEGATIVE NUMBERS.
R  INDICATES RECORD WAS SET OR TIED.
MM INDICATES DATA IS MISSING.
T  INDICATES TRACE AMOUNT.




$$
