000
CDUS45 KLKN 010928
CLIEKO


CLIMATE REPORT
NATIONAL WEATHER SERVICE ELKO NV
128 AM PST SUN FEB 1 2015


...................................

...THE ELKO AIRPORT NV CLIMATE SUMMARY FOR JANUARY 31 2015...

CLIMATE NORMAL PERIOD 1981 TO 2010
CLIMATE RECORD PERIOD 1888 TO 2015


WEATHER ITEM   OBSERVED TIME   RECORD YEAR NORMAL DEPARTURE LAST
                VALUE   (LST)  VALUE       VALUE  FROM      YEAR
                                                  NORMAL
..................................................................
TEMPERATURE (F)
 YESTERDAY
  MAXIMUM         47    312 PM  65    2003  37     10       33
  MINIMUM         21    720 AM -23    1917  15      6       20
  AVERAGE         34                        26      8       27

PRECIPITATION (IN)
  YESTERDAY        0.00          0.37 2008   0.03  -0.03     0.03
  MONTH TO DATE    0.20                      1.12  -0.92     0.42
  SINCE OCT 1      2.44                      4.18  -1.74     2.03
  SINCE JAN 1      0.20                      1.12  -0.92     0.42

SNOWFALL (IN)
  YESTERDAY        0.0           6.2  2008   0.3   -0.3      0.3
  MONTH TO DATE    T                        10.5  -10.5      0.6
  SINCE DEC 1      5.6                      20.4  -14.8      5.0
  SINCE JUL 1      7.5                      26.1  -18.6     10.7
  SNOW DEPTH       0

DEGREE DAYS
 HEATING
  YESTERDAY       31                        39     -8       38
  MONTH TO DATE  961                      1234   -273     1017
  SINCE DEC 1   1960                      2447   -487     2388
  SINCE JUL 1   3320                      4185   -865     3948

 COOLING
  YESTERDAY        0                         0      0        0
  MONTH TO DATE    0                         0      0        0
  SINCE DEC 1      0                         0      0        0
  SINCE JAN 1      0                         0      0        0
..................................................................


WIND (MPH)
  HIGHEST WIND SPEED    17   HIGHEST WIND DIRECTION    SW (210)
  HIGHEST GUST SPEED    21   HIGHEST GUST DIRECTION    SW (230)
  AVERAGE WIND SPEED     6.8



WEATHER CONDITIONS
 THE FOLLOWING WEATHER WAS RECORDED YESTERDAY.
  NO SIGNIFICANT WEATHER WAS OBSERVED.


RELATIVE HUMIDITY (PERCENT)
 HIGHEST    92          1200 AM
 LOWEST     45           200 PM
 AVERAGE    69

..........................................................


THE ELKO AIRPORT NV CLIMATE NORMALS FOR TODAY
                         NORMAL    RECORD    YEAR
 MAXIMUM TEMPERATURE (F)   38        59      1934
 MINIMUM TEMPERATURE (F)   15       -30      1917


SUNRISE AND SUNSET
FEBRUARY  1 2015......SUNRISE   653 AM PST   SUNSET   500 PM PST
FEBRUARY  2 2015......SUNRISE   653 AM PST   SUNSET   502 PM PST


-  INDICATES NEGATIVE NUMBERS.
R  INDICATES RECORD WAS SET OR TIED.
MM INDICATES DATA IS MISSING.
T  INDICATES TRACE AMOUNT.




$$
