000
CDUS44 KSHV 240839
CLIELD


CLIMATE REPORT
NATIONAL WEATHER SERVICE SHREVEPORT, LA
239 AM CST SAT FEB 24 2018


...................................

...THE EL DORADO CLIMATE SUMMARY FOR FEBRUARY 23 2018...

CLIMATE NORMAL PERIOD 1981 TO 2010
CLIMATE RECORD PERIOD 1907 TO 2018


WEATHER ITEM   OBSERVED TIME   RECORD YEAR NORMAL DEPARTURE LAST
                VALUE   (LST)  VALUE       VALUE  FROM      YEAR
                                                  NORMAL
..................................................................
TEMPERATURE (F)
 YESTERDAY
  MAXIMUM         66    506 PM  84    1996  61      5       80
  MINIMUM         49    549 AM  19    1964  38     11       50
  AVERAGE         58                        50      8       65

PRECIPITATION (IN)
  YESTERDAY        0.04          1.63 1979   0.18  -0.14     0.00
  MONTH TO DATE    9.59                      3.92   5.67     2.57
  SINCE DEC 1     18.29                     13.40   4.89    13.05
  SINCE JAN 1     12.66                      8.22   4.44     6.76

SNOWFALL (IN)
  YESTERDAY       MM
  MONTH TO DATE    0.0
  SINCE DEC 1      2.8
  SINCE JUL 1      2.8
  SNOW DEPTH       0

DEGREE DAYS
 HEATING
  YESTERDAY        7                        15     -8        0
  MONTH TO DATE  323                       413    -90      215
  SINCE DEC 1   1670                      1677     -7     1133
  SINCE JUL 1   2072                      2156    -84     1406

 COOLING
  YESTERDAY        0                         0      0        0
  MONTH TO DATE   20                         0     20       12
  SINCE DEC 1     20                         6     14       35
  SINCE JAN 1     20                         2     18       21
..................................................................


WIND (MPH)
  HIGHEST WIND SPEED    12   HIGHEST WIND DIRECTION    SE (150)
  HIGHEST GUST SPEED    16   HIGHEST GUST DIRECTION     S (160)
  AVERAGE WIND SPEED     5.4


SKY COVER
  POSSIBLE SUNSHINE  MM
  AVERAGE SKY COVER 1.0


WEATHER CONDITIONS
 THE FOLLOWING WEATHER WAS RECORDED YESTERDAY.
  LIGHT RAIN
  FOG


RELATIVE HUMIDITY (PERCENT)
 HIGHEST   100           100 AM
 LOWEST     93           400 PM
 AVERAGE    97

..........................................................


THE EL DORADO CLIMATE NORMALS FOR TODAY
                         NORMAL    RECORD    YEAR
 MAXIMUM TEMPERATURE (F)   62        83      1918
 MINIMUM TEMPERATURE (F)   39        18      1968


SUNRISE AND SUNSET
FEBRUARY 24 2018......SUNRISE   645 AM CST   SUNSET   604 PM CST
FEBRUARY 25 2018......SUNRISE   644 AM CST   SUNSET   605 PM CST


-  INDICATES NEGATIVE NUMBERS.
R  INDICATES RECORD WAS SET OR TIED.
MM INDICATES DATA IS MISSING.
T  INDICATES TRACE AMOUNT.




$$
