295
CDUS44 KSHV 102247
CLIELD


CLIMATE REPORT
NATIONAL WEATHER SERVICE SHREVEPORT, LA
446 PM CST WED FEB 10 2016


...................................

...THE EL DORADO CLIMATE SUMMARY FOR FEBRUARY 10 2016...
VALID TODAY AS OF 0400 PM LOCAL TIME.

CLIMATE NORMAL PERIOD 1981 TO 2010
CLIMATE RECORD PERIOD 1907 TO 2016


WEATHER ITEM   OBSERVED TIME   RECORD YEAR NORMAL DEPARTURE LAST
                VALUE   (LST)  VALUE       VALUE  FROM      YEAR
                                                  NORMAL
..................................................................
TEMPERATURE (F)
 TODAY
  MAXIMUM         59    359 PM  82    1932  58      1       58
  MINIMUM         26    602 AM  14    1971  35     -9       32
  AVERAGE         43                        47     -4       45

PRECIPITATION (IN)
  TODAY            0.00          2.62 1981   0.16  -0.16     0.00
  MONTH TO DATE    0.00                      1.64  -1.64     0.35
  SINCE DEC 1     10.81                     11.12  -0.31     8.57
  SINCE JAN 1      2.75                      5.94  -3.19     5.24

SNOWFALL (IN)
  TODAY            0.0
  MONTH TO DATE    0.0
  SINCE DEC 1      1.5
  SINCE JUL 1      1.5
  SNOW DEPTH       0

DEGREE DAYS
 HEATING
  TODAY           22                        19      3       20
  MONTH TO DATE  178                       194    -16      201
  SINCE DEC 1   1220                      1458   -238     1451
  SINCE JUL 1   1514                      1937   -423     2002

 COOLING
  TODAY            0                         0      0        0
  MONTH TO DATE    0                         0      0        0
  SINCE DEC 1     19                         6     13        0
  SINCE JAN 1      4                         2      2        0
..................................................................


WIND (MPH)
  HIGHEST WIND SPEED    16   HIGHEST WIND DIRECTION     S (200)
  HIGHEST GUST SPEED    22   HIGHEST GUST DIRECTION    SW (220)
  AVERAGE WIND SPEED     4.1


SKY COVER
  POSSIBLE SUNSHINE  MM
  AVERAGE SKY COVER 0.0


WEATHER CONDITIONS
 THE FOLLOWING WEATHER WAS RECORDED TODAY.
  NO SIGNIFICANT WEATHER WAS OBSERVED.


RELATIVE HUMIDITY (PERCENT)
 HIGHEST    75           300 AM
 LOWEST     24           200 PM
 AVERAGE    50

..........................................................


THE EL DORADO CLIMATE NORMALS FOR TOMORROW
                         NORMAL    RECORD    YEAR
 MAXIMUM TEMPERATURE (F)   58        84      1922
 MINIMUM TEMPERATURE (F)   36        12      1981


SUNRISE AND SUNSET
FEBRUARY 10 2016......SUNRISE   700 AM CST   SUNSET   551 PM CST
FEBRUARY 11 2016......SUNRISE   659 AM CST   SUNSET   552 PM CST


-  INDICATES NEGATIVE NUMBERS.
R  INDICATES RECORD WAS SET OR TIED.
MM INDICATES DATA IS MISSING.
T  INDICATES TRACE AMOUNT.




$$
