000
CDUS44 KSHV 250741
CLIELD


CLIMATE REPORT
NATIONAL WEATHER SERVICE SHREVEPORT, LA
237 AM CDT MON JUL 25 2016


...................................

...THE EL DORADO CLIMATE SUMMARY FOR JULY 24 2016...

CLIMATE NORMAL PERIOD 1981 TO 2010
CLIMATE RECORD PERIOD 1907 TO 2016


WEATHER ITEM   OBSERVED TIME   RECORD YEAR NORMAL DEPARTURE LAST
                VALUE   (LST)  VALUE       VALUE  FROM      YEAR
                                                  NORMAL
..................................................................
TEMPERATURE (F)
 YESTERDAY
  MAXIMUM         99    315 PM 105    1954  93      6       97
  MINIMUM         72    131 AM  56    1947  71      1       76
  AVERAGE         86                        82      4       87

PRECIPITATION (IN)
  YESTERDAY        0.00          4.03 1939   0.10  -0.10     0.00
  MONTH TO DATE    1.67                      2.82  -1.15     2.01
  SINCE DEC 1     42.36                     35.88   6.48    34.48
  SINCE JAN 1     34.30                     30.70   3.60    31.15

SNOWFALL (IN)
  YESTERDAY        0.0
  MONTH TO DATE    0.0
  SINCE JUN 1      0.0
  SINCE JUL 1      0.0
  SNOW DEPTH       0

DEGREE DAYS
 HEATING
  YESTERDAY        0                         0      0        0
  MONTH TO DATE    0                         0      0        0
  SINCE JUN 1      0                         0      0        0
  SINCE JUL 1      0                         0      0        0

 COOLING
  YESTERDAY       21                        17      4       22
  MONTH TO DATE  464                       399     65      434
  SINCE JUN 1    927                       795    132      864
  SINCE JAN 1   1208                      1106    102     1204
..................................................................


WIND (MPH)
  HIGHEST WIND SPEED    30   HIGHEST WIND DIRECTION     E (110)
  HIGHEST GUST SPEED    39   HIGHEST GUST DIRECTION     E (100)
  AVERAGE WIND SPEED     5.1


SKY COVER
  POSSIBLE SUNSHINE  MM
  AVERAGE SKY COVER 0.1


WEATHER CONDITIONS
 THE FOLLOWING WEATHER WAS RECORDED YESTERDAY.
  THUNDERSTORM


RELATIVE HUMIDITY (PERCENT)
 HIGHEST    93          1200 AM
 LOWEST     45           300 PM
 AVERAGE    69

..........................................................


THE EL DORADO CLIMATE NORMALS FOR TODAY
                         NORMAL    RECORD    YEAR
 MAXIMUM TEMPERATURE (F)   93       105      1918
 MINIMUM TEMPERATURE (F)   71        59      2000


SUNRISE AND SUNSET
JULY 25 2016..........SUNRISE   620 AM CDT   SUNSET   815 PM CDT
JULY 26 2016..........SUNRISE   620 AM CDT   SUNSET   815 PM CDT


-  INDICATES NEGATIVE NUMBERS.
R  INDICATES RECORD WAS SET OR TIED.
MM INDICATES DATA IS MISSING.
T  INDICATES TRACE AMOUNT.




$$
