403
CDUS44 KSHV 260749
CLIELD


CLIMATE REPORT
NATIONAL WEATHER SERVICE SHREVEPORT, LA
249 AM CDT WED APR 26 2017


...................................

...THE EL DORADO CLIMATE SUMMARY FOR APRIL 25 2017...

CLIMATE NORMAL PERIOD 1981 TO 2010
CLIMATE RECORD PERIOD 1907 TO 2017


WEATHER ITEM   OBSERVED TIME   RECORD YEAR NORMAL DEPARTURE LAST
                VALUE   (LST)  VALUE       VALUE  FROM      YEAR
                                                  NORMAL
..................................................................
TEMPERATURE (F)
 YESTERDAY
  MAXIMUM         MM        MM  90    1984  78     MM       83
  MINIMUM         50        MM  33    1910  54     -4       59
  AVERAGE         MM                        66     MM       71

PRECIPITATION (IN)
  YESTERDAY        0.00          3.19 1958   0.15  -0.15     0.00
  MONTH TO DATE    7.44                      3.39   4.05     6.40
  SINCE DEC 1     23.85                     22.41   1.44    33.78
  SINCE JAN 1     17.56                     17.23   0.33    25.72

SNOWFALL (IN)
  YESTERDAY        0.0
  MONTH TO DATE    0.0
  SINCE MAR 1      0.0
  SINCE JUL 1      T
  SNOW DEPTH       0

DEGREE DAYS
 HEATING
  YESTERDAY       MM                         2     MM        0
  MONTH TO DATE   37                       108    -71       70
  SINCE MAR 1    249                       416   -167      271
  SINCE JUL 1   1701                      2644   -943     2010

 COOLING
  YESTERDAY       MM                         3     MM        6
  MONTH TO DATE   74                        54     20       28
  SINCE MAR 1    127                        76     51       55
  SINCE JAN 1    154                        82     72       61
..................................................................


WIND (MPH)
  HIGHEST WIND SPEED    18   HIGHEST WIND DIRECTION     S (180)
  HIGHEST GUST SPEED    24   HIGHEST GUST DIRECTION     S (180)
  AVERAGE WIND SPEED     5.8


SKY COVER
  POSSIBLE SUNSHINE  MM
  AVERAGE SKY COVER 0.0


WEATHER CONDITIONS
 THE FOLLOWING WEATHER WAS RECORDED YESTERDAY.
  NO SIGNIFICANT WEATHER WAS OBSERVED.


RELATIVE HUMIDITY (PERCENT)
 HIGHEST    89           200 AM
 LOWEST     50          1200 PM
 AVERAGE    70

..........................................................


THE EL DORADO CLIMATE NORMALS FOR TODAY
                         NORMAL    RECORD    YEAR
 MAXIMUM TEMPERATURE (F)   78        90      1949
 MINIMUM TEMPERATURE (F)   54        36      1949


SUNRISE AND SUNSET
APRIL 26 2017.........SUNRISE   628 AM CDT   SUNSET   750 PM CDT
APRIL 27 2017.........SUNRISE   627 AM CDT   SUNSET   751 PM CDT


-  INDICATES NEGATIVE NUMBERS.
R  INDICATES RECORD WAS SET OR TIED.
MM INDICATES DATA IS MISSING.
T  INDICATES TRACE AMOUNT.




$$
