000
CDUS44 KSHV 182238
CLIELD


CLIMATE REPORT
NATIONAL WEATHER SERVICE SHREVEPORT, LA
437 PM CST THU DEC 18 2014


...................................

...THE EL DORADO CLIMATE SUMMARY FOR DECEMBER 18 2014...
VALID TODAY AS OF 0400 PM LOCAL TIME.

CLIMATE NORMAL PERIOD 1981 TO 2010
CLIMATE RECORD PERIOD 1907 TO 2014


WEATHER ITEM   OBSERVED TIME   RECORD YEAR NORMAL DEPARTURE LAST
                VALUE   (LST)  VALUE       VALUE  FROM      YEAR
                                                  NORMAL
..................................................................
TEMPERATURE (F)
 TODAY
  MAXIMUM         51    359 PM  77    1924  55     -4       67
  MINIMUM         39    234 AM -99    2005  34      5       32
  AVERAGE         45                        45      0       50

PRECIPITATION (IN)
  TODAY            0.19          2.70 1933   0.16   0.03     0.00
  MONTH TO DATE    1.63                      3.22  -1.59     2.52
  SINCE DEC 1      1.63                      3.22  -1.59     2.52
  SINCE JAN 1     39.33                     50.96 -11.63    43.45

SNOWFALL (IN)
  TODAY           MM
  MONTH TO DATE    0.0
  SINCE DEC 1      0.0
  SINCE JUL 1      0.0
  SNOW DEPTH       0

DEGREE DAYS
 HEATING
  TODAY           20                        20      0       15
  MONTH TO DATE  283                       334    -51      384
  SINCE DEC 1    283                       334    -51      384
  SINCE JUL 1    834                       813     21      969

 COOLING
  TODAY            0                         0      0        0
  MONTH TO DATE    0                         0      0        4
  SINCE DEC 1      0                         0      0        4
  SINCE JAN 1   1884                      2126   -242     2157
..................................................................


WIND (MPH)
  HIGHEST WIND SPEED    12   HIGHEST WIND DIRECTION     E (70)
  HIGHEST GUST SPEED    16   HIGHEST GUST DIRECTION    NE (60)
  AVERAGE WIND SPEED     3.7


SKY COVER
  POSSIBLE SUNSHINE  MM
  AVERAGE SKY COVER 0.9


WEATHER CONDITIONS
 THE FOLLOWING WEATHER WAS RECORDED TODAY.
  HEAVY RAIN
  RAIN
  LIGHT RAIN
  FOG


RELATIVE HUMIDITY (PERCENT)
 HIGHEST   100           700 AM
 LOWEST     77           200 PM
 AVERAGE    89

..........................................................


THE EL DORADO CLIMATE NORMALS FOR TOMORROW
                         NORMAL    RECORD    YEAR
 MAXIMUM TEMPERATURE (F)   55        79      1970
 MINIMUM TEMPERATURE (F)   34        13      1981


SUNRISE AND SUNSET
DECEMBER 18 2014......SUNRISE   709 AM CST   SUNSET   507 PM CST
DECEMBER 19 2014......SUNRISE   710 AM CST   SUNSET   507 PM CST


-  INDICATES NEGATIVE NUMBERS.
R  INDICATES RECORD WAS SET OR TIED.
MM INDICATES DATA IS MISSING.
T  INDICATES TRACE AMOUNT.




$$
