000
CDUS44 KSHV 050734
CLIELD


CLIMATE REPORT
NATIONAL WEATHER SERVICE SHREVEPORT, LA
231 AM CDT SAT SEP 5 2015


...................................

...THE EL DORADO CLIMATE SUMMARY FOR SEPTEMBER 4 2015...

CLIMATE NORMAL PERIOD 1981 TO 2010
CLIMATE RECORD PERIOD 1907 TO 2015


WEATHER ITEM   OBSERVED TIME   RECORD YEAR NORMAL DEPARTURE LAST
                VALUE   (LST)  VALUE       VALUE  FROM      YEAR
                                                  NORMAL
..................................................................
TEMPERATURE (F)
 YESTERDAY
  MAXIMUM         96    426 PM 109    2000  90      6       91
  MINIMUM         69    556 AM  51    1974  67      2       71
  AVERAGE         83                        78      5       81

PRECIPITATION (IN)
  YESTERDAY        0.00          1.97 1973   0.10  -0.10     0.00
  MONTH TO DATE    T                         0.40  -0.40     0.33
  SINCE DEC 1     35.05                     40.13  -5.08    37.01
  SINCE JAN 1     31.72                     34.95  -3.23    30.45

SNOWFALL (IN)
  YESTERDAY        0.0
  MONTH TO DATE    0.0
  SINCE SEP 1      0.0
  SINCE JUL 1      0.0
  SNOW DEPTH       0

DEGREE DAYS
 HEATING
  YESTERDAY        0                         0      0        0
  MONTH TO DATE    0                         0      0        0
  SINCE SEP 1      0                         0      0        0
  SINCE JUL 1      0                         0      0        0

 COOLING
  YESTERDAY       18                        13      5       16
  MONTH TO DATE   65                        55     10       61
  SINCE SEP 1     65                        55     10       61
  SINCE JAN 1   1938                      1782    156     1509
..................................................................


WIND (MPH)
  HIGHEST WIND SPEED    12   HIGHEST WIND DIRECTION    NE (40)
  HIGHEST GUST SPEED    16   HIGHEST GUST DIRECTION    NE (50)
  AVERAGE WIND SPEED     2.4


SKY COVER
  POSSIBLE SUNSHINE  MM
  AVERAGE SKY COVER 0.2


WEATHER CONDITIONS
 THE FOLLOWING WEATHER WAS RECORDED YESTERDAY.
  FOG
  HAZE


RELATIVE HUMIDITY (PERCENT)
 HIGHEST    93           100 AM
 LOWEST     39           100 PM
 AVERAGE    66

..........................................................


THE EL DORADO CLIMATE NORMALS FOR TODAY
                         NORMAL    RECORD    YEAR
 MAXIMUM TEMPERATURE (F)   90       104      1936
 MINIMUM TEMPERATURE (F)   67        50      2010


SUNRISE AND SUNSET
SEPTEMBER  5 2015.....SUNRISE   648 AM CDT   SUNSET   731 PM CDT
SEPTEMBER  6 2015.....SUNRISE   649 AM CDT   SUNSET   730 PM CDT


-  INDICATES NEGATIVE NUMBERS.
R  INDICATES RECORD WAS SET OR TIED.
MM INDICATES DATA IS MISSING.
T  INDICATES TRACE AMOUNT.




$$
