000
CDUS44 KEPZ 040937
CLIELP


CLIMATE REPORT
NATIONAL WEATHER SERVICE EL PASO, TX
334 AM MDT SAT JUL 4 2015


...................................

...THE EL PASO CLIMATE SUMMARY FOR JULY 3 2015...

CLIMATE NORMAL PERIOD 1981 TO 2010
CLIMATE RECORD PERIOD 1879 TO 2015


WEATHER ITEM   OBSERVED TIME   RECORD YEAR NORMAL DEPARTURE LAST
                VALUE   (LST)  VALUE       VALUE  FROM      YEAR
                                                  NORMAL
..................................................................
TEMPERATURE (F)
 YESTERDAY
  MAXIMUM         96    305 PM 109    1960  96      0       91
  MINIMUM         74    552 AM  62    1991  71      3       72
                                      1987
  AVERAGE         85                        84      1       82

PRECIPITATION (IN)
  YESTERDAY        T             0.78 1914   0.04  -0.04     0.00
  MONTH TO DATE    T                         0.12  -0.12     0.08
  SINCE JUN 1      0.18                      1.06  -0.88     0.09
  SINCE JAN 1      2.72                      2.88  -0.16     0.73

SNOWFALL (IN)
  YESTERDAY        0.0                                       0.0
  MONTH TO DATE    0.0                                       0.0
  SINCE JUN 1      0.0                                       0.0
  SINCE JUL 1      0.0                                       0.0
  SNOW DEPTH       0

DEGREE DAYS
 HEATING
  YESTERDAY        0                         0      0        0
  MONTH TO DATE    0                         0      0        0
  SINCE JUN 1      0                         0      0        0
  SINCE JUL 1      0                         0      0        0

 COOLING
  YESTERDAY       20                        19      1       17
  MONTH TO DATE   62                        57      5       53
  SINCE JUN 1    654                       559     95      746
  SINCE JAN 1   1025                       936     89     1173
..................................................................


WIND (MPH)
  HIGHEST WIND SPEED    22   HIGHEST WIND DIRECTION    SE (130)
  HIGHEST GUST SPEED    26   HIGHEST GUST DIRECTION    SE (130)
  AVERAGE WIND SPEED    11.2


SKY COVER
  POSSIBLE SUNSHINE  MM
  AVERAGE SKY COVER 0.6


WEATHER CONDITIONS
 THE FOLLOWING WEATHER WAS RECORDED YESTERDAY.
  THUNDERSTORM
  LIGHT RAIN


RELATIVE HUMIDITY (PERCENT)
 HIGHEST    64           600 AM
 LOWEST     23           300 PM
 AVERAGE    44

..........................................................


THE EL PASO CLIMATE NORMALS FOR TODAY
                         NORMAL    RECORD    YEAR
 MAXIMUM TEMPERATURE (F)   96       106      1980
                                             1957
 MINIMUM TEMPERATURE (F)   71        61      1985


SUNRISE AND SUNSET
JULY  4 2015..........SUNRISE   605 AM MDT   SUNSET   815 PM MDT
JULY  5 2015..........SUNRISE   605 AM MDT   SUNSET   815 PM MDT


-  INDICATES NEGATIVE NUMBERS.
R  INDICATES RECORD WAS SET OR TIED.
MM INDICATES DATA IS MISSING.
T  INDICATES TRACE AMOUNT.




$$
