000
CDUS44 KEPZ 192341
CLIELP


CLIMATE REPORT
NATIONAL WEATHER SERVICE EL PASO, TX
440 PM MST SUN NOV 19 2017


...................................

...THE EL PASO CLIMATE SUMMARY FOR NOVEMBER 19 2017...
VALID TODAY AS OF 400 PM LOCAL TIME.

CLIMATE NORMAL PERIOD 1981 TO 2010
CLIMATE RECORD PERIOD 1879 TO 2017


WEATHER ITEM   OBSERVED TIME   RECORD YEAR NORMAL DEPARTURE LAST
                VALUE   (LST)  VALUE       VALUE  FROM      YEAR
                                                  NORMAL
..................................................................
TEMPERATURE (F)
 TODAY
  MAXIMUM         63    359 PM  79    1990  65     -2       64
                                      1942
  MINIMUM         40    553 AM  12    1880  39      1       40

PRECIPITATION (IN)
  TODAY            0.00                      0.01  -0.01     0.00
  MONTH TO DATE    0.28                      0.30  -0.02     0.38
  SINCE SEP 1      1.49                      2.42  -0.93     2.50
  SINCE JAN 1      9.41                      8.74   0.67     8.47

SNOWFALL (IN)
  TODAY            0.0                                       0.0
  MONTH TO DATE    0.0                                       0.0
  SINCE JUL 1      0.0                                        T

..................................................................


WIND (MPH)
  HIGHEST WIND SPEED    10   HIGHEST WIND DIRECTION    SE (130)
  HIGHEST GUST SPEED    14   HIGHEST GUST DIRECTION    SE (120)


SKY COVER
  AVERAGE SKY COVER 0.4


WEATHER CONDITIONS
 THE FOLLOWING WEATHER WAS RECORDED TODAY.
  NO SIGNIFICANT WEATHER WAS OBSERVED.


RELATIVE HUMIDITY (PERCENT)
 HIGHEST    46           500 AM
 LOWEST     13           300 PM

..........................................................


THE EL PASO CLIMATE NORMALS FOR TOMORROW
                         NORMAL    RECORD    YEAR
 MAXIMUM TEMPERATURE (F)   64        79      2007
                                             1897
 MINIMUM TEMPERATURE (F)   38        12      1906


SUNRISE AND SUNSET
NOVEMBER 19 2017......SUNRISE   638 AM MST   SUNSET   504 PM MST
NOVEMBER 20 2017......SUNRISE   639 AM MST   SUNSET   504 PM MST


-  INDICATES NEGATIVE NUMBERS.
R  INDICATES RECORD WAS SET OR TIED.
MM INDICATES DATA IS MISSING.
T  INDICATES TRACE AMOUNT.




$$
