000
CDUS44 KEPZ 232328
CLIELP


CLIMATE REPORT
NATIONAL WEATHER SERVICE EL PASO, TX
426 PM MST TUE JAN 23 2018


...................................

...THE EL PASO CLIMATE SUMMARY FOR JANUARY 23 2018...
VALID TODAY AS OF 0400 PM LOCAL TIME.

CLIMATE NORMAL PERIOD 1981 TO 2010
CLIMATE RECORD PERIOD 1879 TO 2018


WEATHER ITEM   OBSERVED TIME   RECORD YEAR NORMAL DEPARTURE LAST
                VALUE   (LST)  VALUE       VALUE  FROM      YEAR
                                                  NORMAL
..................................................................
TEMPERATURE (F)
 TODAY
  MAXIMUM         57    359 PM  74    1970  59     -2       68
                                      1950
  MINIMUM         27    539 AM   9    1881  33     -6       39

PRECIPITATION (IN)
  TODAY            0.00                      0.02  -0.02     0.00
  MONTH TO DATE    0.10                      0.29  -0.19     1.05
  SINCE DEC 1      0.78                      1.07  -0.29     1.91
  SINCE JAN 1      0.10                      0.29  -0.19     1.05

SNOWFALL (IN)
  TODAY            0.0                                       0.0
  MONTH TO DATE    0.0                                        T
  SINCE JUL 1      0.1                                        T

..................................................................


WIND (MPH)
  HIGHEST WIND SPEED    17   HIGHEST WIND DIRECTION     N (10)
  HIGHEST GUST SPEED    20   HIGHEST GUST DIRECTION     N (10)


SKY COVER
  AVERAGE SKY COVER 0.1


WEATHER CONDITIONS
 THE FOLLOWING WEATHER WAS RECORDED TODAY.
  NO SIGNIFICANT WEATHER WAS OBSERVED.


RELATIVE HUMIDITY (PERCENT)
 HIGHEST    35           300 AM
 LOWEST     10           400 PM

..........................................................


THE EL PASO CLIMATE NORMALS FOR TOMORROW
                         NORMAL    RECORD    YEAR
 MAXIMUM TEMPERATURE (F)   59        80      1970
 MINIMUM TEMPERATURE (F)   33         9      1881


SUNRISE AND SUNSET
JANUARY 23 2018.......SUNRISE   704 AM MST   SUNSET   532 PM MST
JANUARY 24 2018.......SUNRISE   703 AM MST   SUNSET   533 PM MST


-  INDICATES NEGATIVE NUMBERS.
R  INDICATES RECORD WAS SET OR TIED.
MM INDICATES DATA IS MISSING.
T  INDICATES TRACE AMOUNT.




$$
