000
CDUS44 KEPZ 210927
CLIELP


CLIMATE REPORT
NATIONAL WEATHER SERVICE EL PASO, TX
326 AM MDT MON APR 21 2014


...................................

...THE EL PASO CLIMATE SUMMARY FOR APRIL 20 2014...

CLIMATE NORMAL PERIOD 1981 TO 2010
CLIMATE RECORD PERIOD 1879 TO 2014


WEATHER ITEM   OBSERVED TIME   RECORD YEAR NORMAL DEPARTURE LAST
                VALUE   (LST)  VALUE       VALUE  FROM      YEAR
                                                  NORMAL
..................................................................
TEMPERATURE (F)
 YESTERDAY
  MAXIMUM         79    400 PM  96    1989  80     -1       81
  MINIMUM         50    531 AM  36    1975  52     -2       41
                                      1920
  AVERAGE         65                        66     -1       61

PRECIPITATION (IN)
  YESTERDAY        0.00          0.36 1946   0.01  -0.01     0.00
  MONTH TO DATE    0.45                      0.15   0.30      T
  SINCE MAR 1      0.63                      0.41   0.22      T
  SINCE JAN 1      0.63                      1.27  -0.64     0.71

SNOWFALL (IN)
  YESTERDAY        0.0                                       0.0
  MONTH TO DATE    0.0                                       0.0
  SINCE MAR 1      0.0                                       0.0
  SINCE JUL 1      T                                         3.1
  SNOW DEPTH       0

DEGREE DAYS
 HEATING
  YESTERDAY        0                         2     -2        4
  MONTH TO DATE   49                        76    -27       54
  SINCE MAR 1    226                       346   -120      227
  SINCE JUL 1   2014                      2449   -435     2192

 COOLING
  YESTERDAY        0                         3     -3        0
  MONTH TO DATE   49                        39     10       74
  SINCE MAR 1     67                        49     18      107
  SINCE JAN 1     74                        49     25      107
..................................................................


WIND (MPH)
  HIGHEST WIND SPEED    20   HIGHEST WIND DIRECTION    SW (240)
  HIGHEST GUST SPEED    24   HIGHEST GUST DIRECTION    SW (220)
  AVERAGE WIND SPEED     6.1


SKY COVER
  POSSIBLE SUNSHINE  MM
  AVERAGE SKY COVER 0.2


WEATHER CONDITIONS
 THE FOLLOWING WEATHER WAS RECORDED YESTERDAY.
  NO SIGNIFICANT WEATHER WAS OBSERVED.


RELATIVE HUMIDITY (PERCENT)
 HIGHEST    93           400 AM
 LOWEST     19           500 PM
 AVERAGE    56

..........................................................


THE EL PASO CLIMATE NORMALS FOR TODAY
                         NORMAL    RECORD    YEAR
 MAXIMUM TEMPERATURE (F)   80        98      1989
 MINIMUM TEMPERATURE (F)   52        34      1977


SUNRISE AND SUNSET
APRIL 21 2014.........SUNRISE   630 AM MDT   SUNSET   739 PM MDT
APRIL 22 2014.........SUNRISE   629 AM MDT   SUNSET   740 PM MDT


-  INDICATES NEGATIVE NUMBERS.
R  INDICATES RECORD WAS SET OR TIED.
MM INDICATES DATA IS MISSING.
T  INDICATES TRACE AMOUNT.




$$
