000
CDUS44 KEPZ 312327
CLIELP


CLIMATE REPORT
NATIONAL WEATHER SERVICE EL PASO, TX
526 PM MDT FRI JUL 31 2015


...................................

...THE EL PASO CLIMATE SUMMARY FOR JULY 31 2015...
VALID TODAY AS OF 500 PM LOCAL TIME.

CLIMATE NORMAL PERIOD 1981 TO 2010
CLIMATE RECORD PERIOD 1879 TO 2015


WEATHER ITEM   OBSERVED TIME   RECORD YEAR NORMAL DEPARTURE LAST
                VALUE   (LST)  VALUE       VALUE  FROM      YEAR
                                                  NORMAL
..................................................................
TEMPERATURE (F)
 TODAY
  MAXIMUM         93    359 PM 104    1972  93      0       90
                                      1944
  MINIMUM         72    518 AM  60    1925  71      1       71

PRECIPITATION (IN)
  TODAY            0.02                      0.07  -0.05     0.04
  MONTH TO DATE    2.88                      1.55   1.33     0.69
  SINCE JUN 1      3.06                      2.49   0.57     0.70
  SINCE JAN 1      5.60                      4.31   1.29     1.34

..................................................................


WIND (MPH)
  HIGHEST WIND SPEED    14   HIGHEST WIND DIRECTION     N (10)
  HIGHEST GUST SPEED    20   HIGHEST GUST DIRECTION    SE (120)


SKY COVER
  AVERAGE SKY COVER 0.6


WEATHER CONDITIONS
 THE FOLLOWING WEATHER WAS RECORDED TODAY.
  NO SIGNIFICANT WEATHER WAS OBSERVED.


RELATIVE HUMIDITY (PERCENT)
 HIGHEST    79           300 AM
 LOWEST     26           100 PM

..........................................................


THE EL PASO CLIMATE NORMALS FOR TOMORROW
                         NORMAL    RECORD    YEAR
 MAXIMUM TEMPERATURE (F)   93       104      1993
                                             1975
 MINIMUM TEMPERATURE (F)   71        59      1925


SUNRISE AND SUNSET
JULY 31 2015..........SUNRISE   621 AM MDT   SUNSET   803 PM MDT
AUGUST  1 2015........SUNRISE   621 AM MDT   SUNSET   802 PM MDT


-  INDICATES NEGATIVE NUMBERS.
R  INDICATES RECORD WAS SET OR TIED.
MM INDICATES DATA IS MISSING.
T  INDICATES TRACE AMOUNT.




$$
