000
CDUS44 KEPZ 250945
CLIELP


CLIMATE REPORT
NATIONAL WEATHER SERVICE EL PASO, TX
344 AM MDT TUE JUL 25 2017


...................................

...THE EL PASO CLIMATE SUMMARY FOR JULY 24 2017...

CLIMATE NORMAL PERIOD 1981 TO 2010
CLIMATE RECORD PERIOD 1879 TO 2017


WEATHER ITEM   OBSERVED TIME   RECORD YEAR NORMAL DEPARTURE LAST
                VALUE   (LST)  VALUE       VALUE  FROM      YEAR
                                                  NORMAL
..................................................................
TEMPERATURE (F)
 YESTERDAY
  MAXIMUM         93    523 PM 106    2016  94     -1      106
                                      1979
  MINIMUM         71    608 AM  57    1880  71      0       78
  AVERAGE         82                        82      0       92

PRECIPITATION (IN)
  YESTERDAY        0.00          1.20 1927   0.06  -0.06      T
  MONTH TO DATE    2.13                      1.11   1.02     0.13
  SINCE JUN 1      3.29                      2.05   1.24     0.46
  SINCE JAN 1      4.67                      3.87   0.80     1.10

SNOWFALL (IN)
  YESTERDAY        0.0                                       0.0
  MONTH TO DATE    0.0                                       0.0
  SINCE JUN 1      0.0                                       0.0
  SINCE JUL 1      0.0                                       0.0
  SNOW DEPTH       0

DEGREE DAYS
 HEATING
  YESTERDAY        0                         0      0        0
  MONTH TO DATE    0                         0      0        0
  SINCE JUN 1      0                         0      0        0
  SINCE JUL 1      0                         0      0        0

 COOLING
  YESTERDAY       17                        17      0       27
  MONTH TO DATE  463                       431     32      590
  SINCE JUN 1   1089                       933    156     1182
  SINCE JAN 1   1643                      1310    333     1578
..................................................................


WIND (MPH)
  HIGHEST WIND SPEED    23   HIGHEST WIND DIRECTION     S (190)
  HIGHEST GUST SPEED    30   HIGHEST GUST DIRECTION     S (190)
  AVERAGE WIND SPEED     7.8


SKY COVER
  POSSIBLE SUNSHINE  MM
  AVERAGE SKY COVER 0.5


WEATHER CONDITIONS
 THE FOLLOWING WEATHER WAS RECORDED YESTERDAY.
  THUNDERSTORM


RELATIVE HUMIDITY (PERCENT)
 HIGHEST    93           200 AM
 LOWEST     30           600 PM
 AVERAGE    62

..........................................................


THE EL PASO CLIMATE NORMALS FOR TODAY
                         NORMAL    RECORD    YEAR
 MAXIMUM TEMPERATURE (F)   94       105      1995
                                             1994
 MINIMUM TEMPERATURE (F)   71        57      1880


SUNRISE AND SUNSET
JULY 25 2017..........SUNRISE   617 AM MDT   SUNSET   807 PM MDT
JULY 26 2017..........SUNRISE   618 AM MDT   SUNSET   806 PM MDT


-  INDICATES NEGATIVE NUMBERS.
R  INDICATES RECORD WAS SET OR TIED.
MM INDICATES DATA IS MISSING.
T  INDICATES TRACE AMOUNT.




$$
