000
CDUS45 KLKN 200932
CLIELY


CLIMATE REPORT
NATIONAL WEATHER SERVICE ELKO NV
131 AM PST SAT DEC 20 2014


...................................

...THE ELY AIRPORT NV CLIMATE SUMMARY FOR DECEMBER 19 2014...

CLIMATE NORMAL PERIOD 1981 TO 2010
CLIMATE RECORD PERIOD 1893 TO 2014


WEATHER ITEM   OBSERVED TIME   RECORD YEAR NORMAL DEPARTURE LAST
                VALUE   (LST)  VALUE       VALUE  FROM      YEAR
                                                  NORMAL
..................................................................
TEMPERATURE (F)
 YESTERDAY
  MAXIMUM         44    237 PM  67    1910  39      5       38
  MINIMUM         16    520 AM -18    2012  10      6       16
  AVERAGE         30                        25      5       27

PRECIPITATION (IN)
  YESTERDAY        0.00          0.56 2010   0.02  -0.02     0.48
  MONTH TO DATE    0.37                      0.33   0.04     0.97
  SINCE OCT 1      0.81                      2.03  -1.22     2.66
  SINCE JAN 1      8.90                      9.50  -0.60     8.52

SNOWFALL (IN)
  YESTERDAY        0.0           5.2  2013   0.3   -0.3      5.2
  MONTH TO DATE    1.9                       4.5   -2.6     12.7
  SINCE DEC 1      1.9                       4.5   -2.6     12.7
  SINCE JUL 1      2.6                      14.0  -11.4     25.6
  SNOW DEPTH       0

DEGREE DAYS
 HEATING
  YESTERDAY       35                        40     -5       38
  MONTH TO DATE  575                       746   -171      865
  SINCE DEC 1    575                       746   -171      865
  SINCE JUL 1   2022                      2614   -592     2630

 COOLING
  YESTERDAY        0                         0      0        0
  MONTH TO DATE    0                         0      0        0
  SINCE DEC 1      0                         0      0        0
  SINCE JAN 1    286                       218     68      387
..................................................................


WIND (MPH)
  HIGHEST WIND SPEED    14   HIGHEST WIND DIRECTION     S (170)
  HIGHEST GUST SPEED    16   HIGHEST GUST DIRECTION     S (170)
  AVERAGE WIND SPEED     6.0



WEATHER CONDITIONS
 THE FOLLOWING WEATHER WAS RECORDED YESTERDAY.
  NO SIGNIFICANT WEATHER WAS OBSERVED.


RELATIVE HUMIDITY (PERCENT)
 HIGHEST    92           600 AM
 LOWEST     45          1200 PM
 AVERAGE    69

..........................................................


THE ELY AIRPORT NV CLIMATE NORMALS FOR TODAY
                         NORMAL    RECORD    YEAR
 MAXIMUM TEMPERATURE (F)   39        62      1910
 MINIMUM TEMPERATURE (F)   10       -20      1990


SUNRISE AND SUNSET
DECEMBER 20 2014......SUNRISE   655 AM PST   SUNSET   419 PM PST
DECEMBER 21 2014......SUNRISE   656 AM PST   SUNSET   420 PM PST


-  INDICATES NEGATIVE NUMBERS.
R  INDICATES RECORD WAS SET OR TIED.
MM INDICATES DATA IS MISSING.
T  INDICATES TRACE AMOUNT.




$$
