000
CDUS45 KLKN 230945
CLIELY


CLIMATE REPORT
NATIONAL WEATHER SERVICE ELKO NV
245 AM PDT SAT SEP 3  2017


...................................

...THE ELY AIRPORT NV CLIMATE SUMMARY FOR SEPTEMBER 22 2017...

CLIMATE NORMAL PERIOD 1981 TO 2010
CLIMATE RECORD PERIOD 1893 TO 2017


WEATHER ITEM   OBSERVED TIME   RECORD YEAR NORMAL DEPARTURE LAST
                VALUE   (LST)  VALUE       VALUE  FROM      YEAR
                                                  NORMAL
..................................................................
TEMPERATURE (F)
 YESTERDAY
  MAXIMUM         43        MM  85    2015  73    -30       66
                                      2011
                                      1992
  MINIMUM         28        MM  15    1968  35     -7       37
  AVERAGE         36                        54    -18       52

PRECIPITATION (IN)
  YESTERDAY        0.05          0.65 1967   0.03   0.02     0.07
  MONTH TO DATE    1.72                      0.59   1.13     0.56
  SINCE OCT 1     10.88                      9.52   1.36    13.94
  SINCE JAN 1      9.10                      7.23   1.87     9.58

SNOWFALL (IN)
  YESTERDAY       MM             0.0  1893   0.1   MM        0.0
  MONTH TO DATE    0.0                       0.2   -0.2      0.0
  SINCE SEP 1      0.0                       0.2   -0.2      0.0
  SINCE JUL 1      0.0                       0.2   -0.2      0.0
  SNOW DEPTH       0

DEGREE DAYS
 HEATING
  YESTERDAY       29                        11     18       13
  MONTH TO DATE  129                       149    -20      147
  SINCE SEP 1    129                       149    -20      147
  SINCE JUL 1    135                       213    -78      184

 COOLING
  YESTERDAY        0                         0      0        0
  MONTH TO DATE   24                         4     20       12
  SINCE SEP 1     24                         4     20       12
  SINCE JAN 1    433                       216    217      267
..................................................................


WIND (MPH)
  HIGHEST WIND SPEED    14   HIGHEST WIND DIRECTION     N (350)
  HIGHEST GUST SPEED    MM   HIGHEST GUST DIRECTION    MM
  AVERAGE WIND SPEED     7.3



WEATHER CONDITIONS
 THE FOLLOWING WEATHER WAS RECORDED YESTERDAY.
  LIGHT RAIN
  SNOW
  LIGHT SNOW
  FOG
  FOG W/VISIBILITY <= 1/4 MILE


RELATIVE HUMIDITY (PERCENT)
 HIGHEST   100          1200 AM
 LOWEST     70           400 PM
 AVERAGE    85

..........................................................


THE ELY AIRPORT NV CLIMATE NORMALS FOR TODAY
                         NORMAL    RECORD    YEAR
 MAXIMUM TEMPERATURE (F)   73        86      2011
                                             2003
                                             2001
 MINIMUM TEMPERATURE (F)   35        19      1977


SUNRISE AND SUNSET
SEPTEMBER 23 2017.....SUNRISE   628 AM PDT   SUNSET   634 PM PDT
SEPTEMBER 24 2017.....SUNRISE   629 AM PDT   SUNSET   633 PM PDT


-  INDICATES NEGATIVE NUMBERS.
R  INDICATES RECORD WAS SET OR TIED.
MM INDICATES DATA IS MISSING.
T  INDICATES TRACE AMOUNT.




$$
