000
CDUS45 KLKN 220932
CLIELY


CLIMATE REPORT
NATIONAL WEATHER SERVICE ELKO NV
231 AM PDT TUE JUL 22 2014


...................................

...THE ELY AIRPORT NV CLIMATE SUMMARY FOR JULY 21 2014...

CLIMATE NORMAL PERIOD 1981 TO 2010
CLIMATE RECORD PERIOD 1893 TO 2014


WEATHER ITEM   OBSERVED TIME   RECORD YEAR NORMAL DEPARTURE LAST
                VALUE   (LST)  VALUE       VALUE  FROM      YEAR
                                                  NORMAL
..................................................................
TEMPERATURE (F)
 YESTERDAY
  MAXIMUM         88    345 PM  96    1988  89     -1       94
                                      1908
                                      1896
  MINIMUM         54    316 AM  37    1972  49      5       51
                                      1940
  AVERAGE         71                        69      2       73

PRECIPITATION (IN)
  YESTERDAY        0.00          0.89 1987   0.02  -0.02     0.00
  MONTH TO DATE    0.16                      0.37  -0.21     0.08
  SINCE OCT 1      7.19                      7.76  -0.57     6.29
  SINCE JAN 1      4.51                      5.47  -0.96     3.19

SNOWFALL (IN)
  YESTERDAY        0.0           0.0  1893   0.0    0.0      0.0
  MONTH TO DATE    0.0                       0.0    0.0      0.0
  SINCE JUN 1      T                         0.1   -0.1      0.0
  SINCE JUL 1      0.0                       0.0    0.0      0.0
  SNOW DEPTH       0

DEGREE DAYS
 HEATING
  YESTERDAY        0                         0      0        0
  MONTH TO DATE    0                        20    -20        0
  SINCE JUN 1    140                       195    -55       95
  SINCE JUL 1      0                        20    -20        0

 COOLING
  YESTERDAY        6                         4      2        8
  MONTH TO DATE  153                        70     83      159
  SINCE JUN 1    172                        93     79      216
  SINCE JAN 1    174                        94     80      216
..................................................................


WIND (MPH)
  HIGHEST WIND SPEED    24   HIGHEST WIND DIRECTION     S (190)
  HIGHEST GUST SPEED    34   HIGHEST GUST DIRECTION     S (170)
  AVERAGE WIND SPEED    12.9



WEATHER CONDITIONS
 THE FOLLOWING WEATHER WAS RECORDED YESTERDAY.
  NO SIGNIFICANT WEATHER WAS OBSERVED.


RELATIVE HUMIDITY (PERCENT)
 HIGHEST    36           400 AM
 LOWEST      9           600 PM
 AVERAGE    23

..........................................................


THE ELY AIRPORT NV CLIMATE NORMALS FOR TODAY
                         NORMAL    RECORD    YEAR
 MAXIMUM TEMPERATURE (F)   89        96      2013
                                             1988
                                             1942
 MINIMUM TEMPERATURE (F)   49        36      1987
                                             1897


SUNRISE AND SUNSET
JULY 22 2014..........SUNRISE   531 AM PDT   SUNSET   800 PM PDT
JULY 23 2014..........SUNRISE   532 AM PDT   SUNSET   800 PM PDT


-  INDICATES NEGATIVE NUMBERS.
R  INDICATES RECORD WAS SET OR TIED.
MM INDICATES DATA IS MISSING.
T  INDICATES TRACE AMOUNT.




$$
