000
CDUS45 KLKN 240029
CLIELY


CLIMATE REPORT
NATIONAL WEATHER SERVICE ELKO NV
528 PM PDT SAT JUL 23 2016


...................................

...THE ELY AIRPORT NV CLIMATE SUMMARY FOR JULY 23 2016...
VALID TODAY AS OF 0500 PM LOCAL TIME.

CLIMATE NORMAL PERIOD 1981 TO 2010
CLIMATE RECORD PERIOD 1893 TO 2016


WEATHER ITEM   OBSERVED TIME   RECORD YEAR NORMAL DEPARTURE LAST
                VALUE   (LST)  VALUE       VALUE  FROM      YEAR
                                                  NORMAL
..................................................................
TEMPERATURE (F)
 TODAY
  MAXIMUM         94    230 PM  96    2014  89      5       83
  MINIMUM         43    417 AM  36    1957  49     -6       48
  AVERAGE         69                        69      0       66

PRECIPITATION (IN)
  TODAY            0.00          0.53 1946   0.02  -0.02     0.00
  MONTH TO DATE    0.05                      0.42  -0.37     0.66
  SINCE OCT 1     12.93                      7.81   5.12     5.62
  SINCE JAN 1      8.57                      5.52   3.05     4.45

SNOWFALL (IN)
  TODAY            0.0           0.0  1893   0.0    0.0      0.0
  MONTH TO DATE    0.0                       0.0    0.0      0.0
  SINCE JUN 1      0.0                       0.1   -0.1      0.0
  SINCE JUL 1      0.0                       0.0    0.0      0.0
  SNOW DEPTH       0

DEGREE DAYS
 HEATING
  TODAY            0                         0      0        0
  MONTH TO DATE   17                        20     -3       19
  SINCE JUN 1     78                       195   -117       74
  SINCE JUL 1     17                        20     -3       19

 COOLING
  TODAY            4                         4      0        1
  MONTH TO DATE   74                        78     -4       65
  SINCE JUN 1    129                       101     28      172
  SINCE JAN 1    129                       102     27      175
..................................................................


WIND (MPH)
  HIGHEST WIND SPEED    30   HIGHEST WIND DIRECTION    SW (210)
  HIGHEST GUST SPEED    41   HIGHEST GUST DIRECTION    SW (220)



WEATHER CONDITIONS
 THE FOLLOWING WEATHER WAS RECORDED TODAY.
  NO SIGNIFICANT WEATHER WAS OBSERVED.


RELATIVE HUMIDITY (PERCENT)
 HIGHEST    37           400 AM
 LOWEST      5           400 PM
 AVERAGE    21

..........................................................


THE ELY AIRPORT NV CLIMATE NORMALS FOR TOMORROW
                         NORMAL    RECORD    YEAR
 MAXIMUM TEMPERATURE (F)   89        96      1899
 MINIMUM TEMPERATURE (F)   49        32      1993


SUNRISE AND SUNSET
JULY 23 2016..........SUNRISE   532 AM PDT   SUNSET   759 PM PDT
JULY 24 2016..........SUNRISE   533 AM PDT   SUNSET   758 PM PDT


-  INDICATES NEGATIVE NUMBERS.
R  INDICATES RECORD WAS SET OR TIED.
MM INDICATES DATA IS MISSING.
T  INDICATES TRACE AMOUNT.




$$
