000
CDUS45 KLKN 300026
CLIELY


CLIMATE REPORT
NATIONAL WEATHER SERVICE ELKO NV
526 PM PDT FRI APR 29 2016


...................................

...THE ELY AIRPORT NV CLIMATE SUMMARY FOR APRIL 29 2016...
VALID TODAY AS OF 0500 PM LOCAL TIME.

CLIMATE NORMAL PERIOD 1981 TO 2010
CLIMATE RECORD PERIOD 1893 TO 2016


WEATHER ITEM   OBSERVED TIME   RECORD YEAR NORMAL DEPARTURE LAST
                VALUE   (LST)  VALUE       VALUE  FROM      YEAR
                                                  NORMAL
..................................................................
TEMPERATURE (F)
 TODAY
  MAXIMUM         49    114 PM  80    2007  62    -13       76
  MINIMUM         31    510 AM   7    1942  30      1       37
  AVERAGE         40                        46     -6       57

PRECIPITATION (IN)
  TODAY            0.12          0.90 1900   0.03   0.09     0.00
  MONTH TO DATE    1.59                      0.91   0.68     0.67
  SINCE OCT 1     10.69                      5.58   5.11     2.72
  SINCE JAN 1      6.33                      3.29   3.04     1.55

SNOWFALL (IN)
  TODAY           MM             2.0  1967   0.2   MM        0.0
  MONTH TO DATE    4.9                       5.1   -0.2      3.7
  SINCE MAR 1     21.1                      13.4    7.7      8.7
  SINCE JUL 1    100.4                      48.3   52.1     19.7
  SNOW DEPTH       0

DEGREE DAYS
 HEATING
  TODAY           25                        19      6        8
  MONTH TO DATE  593                       658    -65      650
  SINCE MAR 1   1394                      1548   -154     1345
  SINCE JUL 1   6768                      6885   -117     5589

 COOLING
  TODAY            0                         0      0        0
  MONTH TO DATE    0                         0      0        0
  SINCE MAR 1      0                         0      0        0
  SINCE JAN 1      0                         0      0        0
..................................................................


WIND (MPH)
  HIGHEST WIND SPEED    23   HIGHEST WIND DIRECTION     W (280)
  HIGHEST GUST SPEED    30   HIGHEST GUST DIRECTION     W (280)



WEATHER CONDITIONS
 THE FOLLOWING WEATHER WAS RECORDED TODAY.
  RAIN
  LIGHT RAIN
  FOG


RELATIVE HUMIDITY (PERCENT)
 HIGHEST   100           100 AM
 LOWEST     56           100 PM
 AVERAGE    78

..........................................................


THE ELY AIRPORT NV CLIMATE NORMALS FOR TOMORROW
                         NORMAL    RECORD    YEAR
 MAXIMUM TEMPERATURE (F)   62        78      1981
                                             1959
 MINIMUM TEMPERATURE (F)   30         7      1967


SUNRISE AND SUNSET
APRIL 29 2016.........SUNRISE   543 AM PDT   SUNSET   731 PM PDT
APRIL 30 2016.........SUNRISE   541 AM PDT   SUNSET   732 PM PDT


-  INDICATES NEGATIVE NUMBERS.
R  INDICATES RECORD WAS SET OR TIED.
MM INDICATES DATA IS MISSING.
T  INDICATES TRACE AMOUNT.




$$
