000
CDUS45 KLKN 180930
CLIELY


CLIMATE REPORT
NATIONAL WEATHER SERVICE ELKO NV
226 AM PDT THU SEP 18 2014


...................................

...THE ELY AIRPORT NV CLIMATE SUMMARY FOR SEPTEMBER 17 2014...

CLIMATE NORMAL PERIOD 1981 TO 2010
CLIMATE RECORD PERIOD 1893 TO 2014


WEATHER ITEM   OBSERVED TIME   RECORD YEAR NORMAL DEPARTURE LAST
                VALUE   (LST)  VALUE       VALUE  FROM      YEAR
                                                  NORMAL
..................................................................
TEMPERATURE (F)
 YESTERDAY
  MAXIMUM         87    140 PM  90    1956  75     12       81
  MINIMUM         49    520 AM  19    2006  37     12       53
  AVERAGE         68                        56     12       67

PRECIPITATION (IN)
  YESTERDAY        0.00          0.89 1947   0.03  -0.03     0.00
  MONTH TO DATE    0.05                      0.43  -0.38     1.69
  SINCE OCT 1      9.99                      9.36   0.63     8.94
  SINCE JAN 1      7.31                      7.07   0.24     5.84

SNOWFALL (IN)
  YESTERDAY        0.0           0.9  1978   0.1   -0.1      0.0
  MONTH TO DATE    0.0                       0.1   -0.1      0.0
  SINCE SEP 1      0.0                       0.1   -0.1      0.0
  SINCE JUL 1      0.0                       0.1   -0.1      0.0
  SNOW DEPTH       0

DEGREE DAYS
 HEATING
  YESTERDAY        0                         9     -9        0
  MONTH TO DATE   34                        99    -65       43
  SINCE SEP 1     34                        99    -65       43
  SINCE JUL 1     82                       163    -81       51

 COOLING
  YESTERDAY        3                         0      3        2
  MONTH TO DATE   14                         4     10       17
  SINCE SEP 1     14                         4     10       17
  SINCE JAN 1    282                       216     66      387
..................................................................


WIND (MPH)
  HIGHEST WIND SPEED    28   HIGHEST WIND DIRECTION     S (170)
  HIGHEST GUST SPEED    33   HIGHEST GUST DIRECTION     S (160)
  AVERAGE WIND SPEED     8.1



WEATHER CONDITIONS
 THE FOLLOWING WEATHER WAS RECORDED YESTERDAY.
  NO SIGNIFICANT WEATHER WAS OBSERVED.


RELATIVE HUMIDITY (PERCENT)
 HIGHEST    59           300 AM
 LOWEST     19           300 PM
 AVERAGE    39

..........................................................


THE ELY AIRPORT NV CLIMATE NORMALS FOR TODAY
                         NORMAL    RECORD    YEAR
 MAXIMUM TEMPERATURE (F)   75        88      1956
 MINIMUM TEMPERATURE (F)   37        16      1965


SUNRISE AND SUNSET
SEPTEMBER 18 2014.....SUNRISE   623 AM PDT   SUNSET   643 PM PDT
SEPTEMBER 19 2014.....SUNRISE   624 AM PDT   SUNSET   641 PM PDT


-  INDICATES NEGATIVE NUMBERS.
R  INDICATES RECORD WAS SET OR TIED.
MM INDICATES DATA IS MISSING.
T  INDICATES TRACE AMOUNT.




$$
