000
CDUS45 KLKN 230928
CLIELY


CLIMATE REPORT
NATIONAL WEATHER SERVICE ELKO NV
128 AM PST SUN NOV 23 2014


...................................

...THE ELY AIRPORT NV CLIMATE SUMMARY FOR NOVEMBER 22 2014...

CLIMATE NORMAL PERIOD 1981 TO 2010
CLIMATE RECORD PERIOD 1893 TO 2014


WEATHER ITEM   OBSERVED TIME   RECORD YEAR NORMAL DEPARTURE LAST
                VALUE   (LST)  VALUE       VALUE  FROM      YEAR
                                                  NORMAL
..................................................................
TEMPERATURE (F)
 YESTERDAY
  MAXIMUM         55   1217 PM  64    2002  45     10       30
  MINIMUM         27   1213 AM  -6    1983  16     11       20
  AVERAGE         41                        31     10       25

PRECIPITATION (IN)
  YESTERDAY        0.08          0.60 1895   0.02   0.06     0.00
  MONTH TO DATE    0.44                      0.55  -0.11     0.87
  SINCE OCT 1      0.44                      1.55  -1.11     1.69
  SINCE JAN 1      8.53                      9.02  -0.49     7.55

SNOWFALL (IN)
  YESTERDAY        T             6.0  1895   0.3   -0.3      0.0
  MONTH TO DATE    0.7                       4.4   -3.7      9.9
  SINCE SEP 1      0.7                       7.8   -7.1     12.9
  SINCE JUL 1      0.7                       7.8   -7.1     12.9
  SNOW DEPTH       0

DEGREE DAYS
 HEATING
  YESTERDAY       24                        34    -10       40
  MONTH TO DATE  629                       652    -23      605
  SINCE SEP 1   1178                      1516   -338     1498
  SINCE JUL 1   1226                      1580   -354     1506

 COOLING
  YESTERDAY        0                         0      0        0
  MONTH TO DATE    0                         0      0        0
  SINCE SEP 1     18                         6     12       17
  SINCE JAN 1    286                       218     68      387
..................................................................


WIND (MPH)
  HIGHEST WIND SPEED    32   HIGHEST WIND DIRECTION    NW (310)
  HIGHEST GUST SPEED    44   HIGHEST GUST DIRECTION     W (290)
  AVERAGE WIND SPEED    12.4



WEATHER CONDITIONS
 THE FOLLOWING WEATHER WAS RECORDED YESTERDAY.
  LIGHT RAIN
  LIGHT SNOW
  FOG


RELATIVE HUMIDITY (PERCENT)
 HIGHEST    69           200 AM
 LOWEST     38          1200 PM
 AVERAGE    54

..........................................................


THE ELY AIRPORT NV CLIMATE NORMALS FOR TODAY
                         NORMAL    RECORD    YEAR
 MAXIMUM TEMPERATURE (F)   45        63      2012
 MINIMUM TEMPERATURE (F)   16        -7      1941


SUNRISE AND SUNSET
NOVEMBER 23 2014......SUNRISE   632 AM PST   SUNSET   420 PM PST
NOVEMBER 24 2014......SUNRISE   633 AM PST   SUNSET   419 PM PST


-  INDICATES NEGATIVE NUMBERS.
R  INDICATES RECORD WAS SET OR TIED.
MM INDICATES DATA IS MISSING.
T  INDICATES TRACE AMOUNT.




$$
