000
CDUS45 KLKN 240931
CLIELY


CLIMATE REPORT
NATIONAL WEATHER SERVICE ELKO NV
226 AM PDT SUN MAY 24 2015


...................................

...THE ELY AIRPORT NV CLIMATE SUMMARY FOR MAY 23 2015...

CLIMATE NORMAL PERIOD 1981 TO 2010
CLIMATE RECORD PERIOD 1893 TO 2015


WEATHER ITEM   OBSERVED TIME   RECORD YEAR NORMAL DEPARTURE LAST
                VALUE   (LST)  VALUE       VALUE  FROM      YEAR
                                                  NORMAL
..................................................................
TEMPERATURE (F)
 YESTERDAY
  MAXIMUM         57   1234 PM  88    1984  70    -13       68
  MINIMUM         43    153 AM  21    2007  35      8       33
  AVERAGE         50                        53     -3       51

PRECIPITATION (IN)
  YESTERDAY        0.30          0.60 1897   0.04   0.26     0.00
  MONTH TO DATE    1.50                      0.82   0.68     0.96
  SINCE OCT 1      4.22                      6.44  -2.22     6.85
  SINCE JAN 1      3.05                      4.15  -1.10     4.17

SNOWFALL (IN)
  YESTERDAY        0.0           4.2  2010   0.0    0.0      0.0
  MONTH TO DATE    T                         2.1   -2.1      1.7
  SINCE MAR 1      8.7                      15.6   -6.9     12.7
  SINCE JUL 1     19.7                      50.5  -30.8     51.8
  SNOW DEPTH       0

DEGREE DAYS
 HEATING
  YESTERDAY       15                        12      3       14
  MONTH TO DATE  374                       353     21      356
  SINCE MAR 1   1729                      1919   -190     1819
  SINCE JUL 1   5973                      7256  -1283     6838

 COOLING
  YESTERDAY        0                         0      0        0
  MONTH TO DATE    0                         0      0        0
  SINCE MAR 1      0                         0      0        0
  SINCE JAN 1      0                         0      0        0
..................................................................


WIND (MPH)
  HIGHEST WIND SPEED    23   HIGHEST WIND DIRECTION     N (340)
  HIGHEST GUST SPEED    28   HIGHEST GUST DIRECTION     N (340)
  AVERAGE WIND SPEED     7.0



WEATHER CONDITIONS
 THE FOLLOWING WEATHER WAS RECORDED YESTERDAY.
  THUNDERSTORM
  HEAVY RAIN
  RAIN
  LIGHT RAIN
  FOG


RELATIVE HUMIDITY (PERCENT)
 HIGHEST    96          1200 AM
 LOWEST     76           600 AM
 AVERAGE    86

..........................................................


THE ELY AIRPORT NV CLIMATE NORMALS FOR TODAY
                         NORMAL    RECORD    YEAR
 MAXIMUM TEMPERATURE (F)   71        87      2001
 MINIMUM TEMPERATURE (F)   35        20      1978


SUNRISE AND SUNSET
MAY 24 2015...........SUNRISE   519 AM PDT   SUNSET   754 PM PDT
MAY 25 2015...........SUNRISE   518 AM PDT   SUNSET   755 PM PDT


-  INDICATES NEGATIVE NUMBERS.
R  INDICATES RECORD WAS SET OR TIED.
MM INDICATES DATA IS MISSING.
T  INDICATES TRACE AMOUNT.




$$
