000
CDUS45 KLKN 310028
CLIELY


CLIMATE REPORT
NATIONAL WEATHER SERVICE ELKO NV
428 PM PST FRI JAN 30 2015


...................................

...THE ELY AIRPORT NV CLIMATE SUMMARY FOR JANUARY 30 2015...
VALID TODAY AS OF 0400 PM LOCAL TIME.

CLIMATE NORMAL PERIOD 1981 TO 2010
CLIMATE RECORD PERIOD 1893 TO 2015


WEATHER ITEM   OBSERVED TIME   RECORD YEAR NORMAL DEPARTURE LAST
                VALUE   (LST)  VALUE       VALUE  FROM      YEAR
                                                  NORMAL
..................................................................
TEMPERATURE (F)
 TODAY
  MAXIMUM         41    127 PM  60    1992  40      1       43
  MINIMUM         33    824 AM -25    2002  12     21       22
  AVERAGE         37                        26     11       33

PRECIPITATION (IN)
  TODAY            T             0.63 2014   0.03  -0.03     0.63
  MONTH TO DATE    0.30                      0.68  -0.38     0.69
  SINCE OCT 1      1.47                      2.97  -1.50     3.37
  SINCE JAN 1      0.30                      0.68  -0.38     0.69

SNOWFALL (IN)
  TODAY            T             7.1  2014   0.3   -0.3      7.1
  MONTH TO DATE    0.8                       8.8   -8.0      8.3
  SINCE DEC 1      6.7                      17.2  -10.5     21.2
  SINCE JUL 1      7.4                      26.7  -19.3     34.1
  SNOW DEPTH       0

DEGREE DAYS
 HEATING
  TODAY           28                        39    -11       32
  MONTH TO DATE  946                      1191   -245      988
  SINCE DEC 1   2016                      2423   -407     2312
  SINCE JUL 1   3463                      4291   -828     4077

 COOLING
  TODAY            0                         0      0        0
  MONTH TO DATE    0                         0      0        0
  SINCE DEC 1      0                         0      0        0
  SINCE JAN 1      0                         0      0        0
..................................................................


WIND (MPH)
  HIGHEST WIND SPEED    25   HIGHEST WIND DIRECTION     N (360)
  HIGHEST GUST SPEED    32   HIGHEST GUST DIRECTION     N (360)



WEATHER CONDITIONS
 THE FOLLOWING WEATHER WAS RECORDED TODAY.
  LIGHT SNOW
  FOG


RELATIVE HUMIDITY (PERCENT)
 HIGHEST   100          1200 AM
 LOWEST     79           300 PM
 AVERAGE    90

..........................................................


THE ELY AIRPORT NV CLIMATE NORMALS FOR TOMORROW
                         NORMAL    RECORD    YEAR
 MAXIMUM TEMPERATURE (F)   40        63      2003
 MINIMUM TEMPERATURE (F)   12       -19      1994
                                             1985


SUNRISE AND SUNSET
JANUARY 30 2015.......SUNRISE   648 AM PST   SUNSET   458 PM PST
JANUARY 31 2015.......SUNRISE   647 AM PST   SUNSET   459 PM PST


-  INDICATES NEGATIVE NUMBERS.
R  INDICATES RECORD WAS SET OR TIED.
MM INDICATES DATA IS MISSING.
T  INDICATES TRACE AMOUNT.




$$
