000
CDUS45 KLKN 010041
CLIELY


CLIMATE REPORT
NATIONAL WEATHER SERVICE ELKO NV
440 PM PST SAT FEB 28 2015


...................................

...THE ELY AIRPORT NV CLIMATE SUMMARY FOR FEBRUARY 28 2015...
VALID TODAY AS OF 0400 PM LOCAL TIME.

CLIMATE NORMAL PERIOD 1981 TO 2010
CLIMATE RECORD PERIOD 1893 TO 2015


WEATHER ITEM   OBSERVED TIME   RECORD YEAR NORMAL DEPARTURE LAST
                VALUE   (LST)  VALUE       VALUE  FROM      YEAR
                                                  NORMAL
..................................................................
TEMPERATURE (F)
 TODAY
  MAXIMUM         38   1258 PM  67    1986  46     -8       44
  MINIMUM         24    524 AM  -9    1997  19      5       27
  AVERAGE         31                        32     -1       36

PRECIPITATION (IN)
  TODAY            0.13          0.34 2014   0.03   0.10     0.34
  MONTH TO DATE    0.17                      0.75  -0.58     0.94
  SINCE OCT 1      1.65                      3.74  -2.09     4.41
  SINCE JAN 1      0.48                      1.45  -0.97     1.73

SNOWFALL (IN)
  TODAY            1.9           3.0  1911   0.3    1.6      0.6
  MONTH TO DATE    2.8                       7.9   -5.1      3.4
  SINCE DEC 1      9.5                      25.4  -15.9     26.2
  SINCE JUL 1     10.2                      34.9  -24.7     39.1
  SNOW DEPTH       2

DEGREE DAYS
 HEATING
  TODAY           34                        32      2       29
  MONTH TO DATE  750                      1007   -257      898
  SINCE DEC 1   2797                      3469   -672     3254
  SINCE JUL 1   4244                      5337  -1093     5019

 COOLING
  TODAY            0                         0      0        0
  MONTH TO DATE    0                         0      0        0
  SINCE DEC 1      0                         0      0        0
  SINCE JAN 1      0                         0      0        0
..................................................................


WIND (MPH)
  HIGHEST WIND SPEED    14   HIGHEST WIND DIRECTION    NW (310)
  HIGHEST GUST SPEED    18   HIGHEST GUST DIRECTION    NW (310)



WEATHER CONDITIONS
 THE FOLLOWING WEATHER WAS RECORDED TODAY.
  SNOW
  LIGHT SNOW
  FOG
  FOG W/VISIBILITY <= 1/4 MILE


RELATIVE HUMIDITY (PERCENT)
 HIGHEST   100           100 AM
 LOWEST     59           100 PM
 AVERAGE    80

..........................................................


THE ELY AIRPORT NV CLIMATE NORMALS FOR TOMORROW
                         NORMAL    RECORD    YEAR
 MAXIMUM TEMPERATURE (F)   46        68      1986
 MINIMUM TEMPERATURE (F)   20        -9      1997
                                             1939


SUNRISE AND SUNSET
FEBRUARY 28 2015......SUNRISE   614 AM PST   SUNSET   531 PM PST
MARCH  1 2015.........SUNRISE   612 AM PST   SUNSET   532 PM PST


-  INDICATES NEGATIVE NUMBERS.
R  INDICATES RECORD WAS SET OR TIED.
MM INDICATES DATA IS MISSING.
T  INDICATES TRACE AMOUNT.




$$
