000
CDUS43 KTOP 130635
CLIEMP


CLIMATE REPORT
NATIONAL WEATHER SERVICE TOPEKA KS
1234 AM CST WED DEC 13 2017


...................................

...THE EMPORIA KS CLIMATE SUMMARY FOR DECEMBER 12 2017...

CLIMATE NORMAL PERIOD 1981 TO 2010
CLIMATE RECORD PERIOD 9999 TO 9999


WEATHER ITEM   OBSERVED NORMAL DEPARTURE LAST
                VALUE   VALUE  FROM      YEAR
                               NORMAL
...............................................
TEMPERATURE (F)
 YESTERDAY
  MAXIMUM         47     44      3       35
  MINIMUM         22     23     -1       14
  AVERAGE         35     33      2       25

PRECIPITATION (IN)
  YESTERDAY        0.00   0.04  -0.04     0.00
  MONTH TO DATE    0.00   0.65  -0.65     0.51
  SINCE DEC 1      0.00   0.65  -0.65     0.51
  SINCE JAN 1     32.92  35.69  -2.77    38.33

DEGREE DAYS
 HEATING
  YESTERDAY       30     32     -2       40
  MONTH TO DATE  301    358    -57      399
  SINCE DEC 1    301    358    -57      399
  SINCE JUL 1   1120   1298   -178      949

 COOLING
  YESTERDAY        0      0      0        0
  MONTH TO DATE    0      0      0        0
  SINCE DEC 1      0      0      0        0
  SINCE JAN 1   1355   1403    -48     1629
...............................................


WIND (MPH)
  HIGHEST WIND SPEED    20   HIGHEST WIND DIRECTION     N (340)
  HIGHEST GUST SPEED    27   HIGHEST GUST DIRECTION    NW (330)
  AVERAGE WIND SPEED     8.6


SKY COVER
  AVERAGE SKY COVER 0.1


WEATHER CONDITIONS
 THE FOLLOWING WEATHER WAS RECORDED YESTERDAY.
  NO SIGNIFICANT WEATHER WAS OBSERVED.


RELATIVE HUMIDITY (PERCENT)
 HIGHEST    84
 LOWEST     45
 AVERAGE    65

..........................................................


THE EMPORIA KS CLIMATE NORMALS FOR TODAY
                         NORMAL
 MAXIMUM TEMPERATURE (F)   43
 MINIMUM TEMPERATURE (F)   23


SUNRISE AND SUNSET
DECEMBER 13 2017......SUNRISE   733 AM CST   SUNSET   505 PM CST
DECEMBER 14 2017......SUNRISE   734 AM CST   SUNSET   505 PM CST


-  INDICATES NEGATIVE NUMBERS.
R  INDICATES RECORD WAS SET OR TIED.
MM INDICATES DATA IS MISSING.
T  INDICATES TRACE AMOUNT.




$$
