000
CDUS43 KTOP 260633
CLIEMP


CLIMATE REPORT
NATIONAL WEATHER SERVICE TOPEKA KS
132 AM CDT TUE JUL 26 2016


...................................

...THE EMPORIA KS CLIMATE SUMMARY FOR JULY 25 2016...

CLIMATE NORMAL PERIOD 1981 TO 2010
CLIMATE RECORD PERIOD 9999 TO 9999


WEATHER ITEM   OBSERVED NORMAL DEPARTURE LAST
                VALUE   VALUE  FROM      YEAR
                               NORMAL
...............................................
TEMPERATURE (F)
 YESTERDAY
  MAXIMUM         82     91     -9       98
  MINIMUM         69     69      0       75
  AVERAGE         76     80     -4       87

PRECIPITATION (IN)
  YESTERDAY        0.85   0.09   0.76     0.00
  MONTH TO DATE    4.18   3.70   0.48     3.21
  SINCE JUN 1      5.44   9.54  -4.10     5.73
  SINCE JAN 1     21.17  22.22  -1.05    20.77

DEGREE DAYS
 HEATING
  YESTERDAY        0      0      0        0
  MONTH TO DATE    0      0      0        0
  SINCE JUN 1      0      8     -8        3
  SINCE JUL 1      0      0      0        0

 COOLING
  YESTERDAY       11     15     -4       22
  MONTH TO DATE  384    347     37      359
  SINCE JUN 1    786    610    176      715
  SINCE JAN 1    862    729    133      783
...............................................


WIND (MPH)
  HIGHEST WIND SPEED    26   HIGHEST WIND DIRECTION     E (70)
  HIGHEST GUST SPEED    35   HIGHEST GUST DIRECTION     E (80)
  AVERAGE WIND SPEED     7.4


SKY COVER
  AVERAGE SKY COVER 0.6


WEATHER CONDITIONS
 THE FOLLOWING WEATHER WAS RECORDED YESTERDAY.
  THUNDERSTORM
  HEAVY RAIN
  RAIN
  LIGHT RAIN
  FOG


RELATIVE HUMIDITY (PERCENT)
 HIGHEST   100
 LOWEST     67
 AVERAGE    84

..........................................................


THE EMPORIA KS CLIMATE NORMALS FOR TODAY
                         NORMAL
 MAXIMUM TEMPERATURE (F)   91
 MINIMUM TEMPERATURE (F)   69


SUNRISE AND SUNSET
JULY 26 2016..........SUNRISE   622 AM CDT   SUNSET   840 PM CDT
JULY 27 2016..........SUNRISE   623 AM CDT   SUNSET   839 PM CDT


-  INDICATES NEGATIVE NUMBERS.
R  INDICATES RECORD WAS SET OR TIED.
MM INDICATES DATA IS MISSING.
T  INDICATES TRACE AMOUNT.




$$
