000
CDUS43 KTOP 290632
CLIEMP


CLIMATE REPORT
NATIONAL WEATHER SERVICE TOPEKA KS
131 AM CDT FRI AUG 29 2014


...................................

...THE EMPORIA KS CLIMATE SUMMARY FOR AUGUST 28 2014...

CLIMATE NORMAL PERIOD 1981 TO 2010
CLIMATE RECORD PERIOD 9999 TO 9999


WEATHER ITEM   OBSERVED NORMAL DEPARTURE LAST
                VALUE   VALUE  FROM      YEAR
                               NORMAL
...............................................
TEMPERATURE (F)
 YESTERDAY
  MAXIMUM         94     88      6       90
  MINIMUM         73     63     10       67
  AVERAGE         84     75      9       79

PRECIPITATION (IN)
  YESTERDAY        0.00   0.15  -0.15     0.00
  MONTH TO DATE    3.33   3.34  -0.01     4.91
  SINCE JUN 1     11.40  13.45  -2.05    11.52
  SINCE JAN 1     17.01  26.13  -9.12    24.09

DEGREE DAYS
 HEATING
  YESTERDAY        0      0      0        0
  MONTH TO DATE    0      0      0        0
  SINCE JUN 1      6      8     -2       14
  SINCE JUL 1      2      0      2        2

 COOLING
  YESTERDAY       19     11      8       14
  MONTH TO DATE  408    360     48      271
  SINCE JUN 1    982   1057    -75      958
  SINCE JAN 1   1158   1176    -18     1074
...............................................


WIND (MPH)
  HIGHEST WIND SPEED    18   HIGHEST WIND DIRECTION     S (180)
  HIGHEST GUST SPEED    23   HIGHEST GUST DIRECTION     S (170)
  AVERAGE WIND SPEED    10.8


SKY COVER
  AVERAGE SKY COVER 0.0


WEATHER CONDITIONS
 THE FOLLOWING WEATHER WAS RECORDED YESTERDAY.
  NO SIGNIFICANT WEATHER WAS OBSERVED.


RELATIVE HUMIDITY (PERCENT)
 HIGHEST    84
 LOWEST     36
 AVERAGE    60

..........................................................


THE EMPORIA KS CLIMATE NORMALS FOR TODAY
                         NORMAL
 MAXIMUM TEMPERATURE (F)   88
 MINIMUM TEMPERATURE (F)   63


SUNRISE AND SUNSET
AUGUST 29 2014........SUNRISE   652 AM CDT   SUNSET   759 PM CDT
AUGUST 30 2014........SUNRISE   653 AM CDT   SUNSET   758 PM CDT


-  INDICATES NEGATIVE NUMBERS.
R  INDICATES RECORD WAS SET OR TIED.
MM INDICATES DATA IS MISSING.
T  INDICATES TRACE AMOUNT.




$$
