000
CDUS43 KTOP 200632
CLIEMP


CLIMATE REPORT
NATIONAL WEATHER SERVICE TOPEKA KS
131 AM CDT FRI OCT 20 2017


...................................

...THE EMPORIA KS CLIMATE SUMMARY FOR OCTOBER 19 2017...

CLIMATE NORMAL PERIOD 1981 TO 2010
CLIMATE RECORD PERIOD 9999 TO 9999


WEATHER ITEM   OBSERVED NORMAL DEPARTURE LAST
                VALUE   VALUE  FROM      YEAR
                               NORMAL
...............................................
TEMPERATURE (F)
 YESTERDAY
  MAXIMUM         81     68     13       74
  MINIMUM         49     44      5       48
  AVERAGE         65     56      9       61

PRECIPITATION (IN)
  YESTERDAY        0.00   0.11  -0.11     0.00
  MONTH TO DATE    2.52   1.85   0.67     1.20
  SINCE SEP 1      5.19   5.24  -0.05     8.87
  SINCE JAN 1     31.64  31.85  -0.21    37.46

DEGREE DAYS
 HEATING
  YESTERDAY        0     10    -10        4
  MONTH TO DATE   68    136    -68       74
  SINCE SEP 1     82    185   -103       96
  SINCE JUL 1     82    186   -104       96

 COOLING
  YESTERDAY        0      1     -1        0
  MONTH TO DATE   60     27     33       41
  SINCE SEP 1    264    192     72      263
  SINCE JAN 1   1354   1400    -46     1599
...............................................


WIND (MPH)
  HIGHEST WIND SPEED    20   HIGHEST WIND DIRECTION     S (170)
  HIGHEST GUST SPEED    26   HIGHEST GUST DIRECTION     S (170)
  AVERAGE WIND SPEED    11.9


SKY COVER
  AVERAGE SKY COVER 0.0


WEATHER CONDITIONS
 THE FOLLOWING WEATHER WAS RECORDED YESTERDAY.
  NO SIGNIFICANT WEATHER WAS OBSERVED.


RELATIVE HUMIDITY (PERCENT)
 HIGHEST    83
 LOWEST     35
 AVERAGE    59

..........................................................


THE EMPORIA KS CLIMATE NORMALS FOR TODAY
                         NORMAL
 MAXIMUM TEMPERATURE (F)   67
 MINIMUM TEMPERATURE (F)   44


SUNRISE AND SUNSET
OCTOBER 20 2017.......SUNRISE   739 AM CDT   SUNSET   640 PM CDT
OCTOBER 21 2017.......SUNRISE   740 AM CDT   SUNSET   638 PM CDT


-  INDICATES NEGATIVE NUMBERS.
R  INDICATES RECORD WAS SET OR TIED.
MM INDICATES DATA IS MISSING.
T  INDICATES TRACE AMOUNT.




$$
