000
CDUS43 KTOP 170631
CLIEMP


CLIMATE REPORT
NATIONAL WEATHER SERVICE TOPEKA KS
130 AM CDT THU AUG 17 2017


...................................

...THE EMPORIA KS CLIMATE SUMMARY FOR AUGUST 16 2017...

CLIMATE NORMAL PERIOD 1981 TO 2010
CLIMATE RECORD PERIOD 9999 TO 9999


WEATHER ITEM   OBSERVED NORMAL DEPARTURE LAST
                VALUE   VALUE  FROM      YEAR
                               NORMAL
...............................................
TEMPERATURE (F)
 YESTERDAY
  MAXIMUM         87     90     -3       89
  MINIMUM         66     66      0       63
  AVERAGE         77     78     -1       76

PRECIPITATION (IN)
  YESTERDAY        0.42   0.14   0.28     0.00
  MONTH TO DATE    4.52   1.46   3.06     1.42
  SINCE JUN 1     10.48  11.57  -1.09     7.46
  SINCE JAN 1     25.97  24.25   1.72    23.19

DEGREE DAYS
 HEATING
  YESTERDAY        0      0      0        0
  MONTH TO DATE    0      0      0        0
  SINCE JUN 1      0      8     -8        0
  SINCE JUL 1      0      0      0        0

 COOLING
  YESTERDAY       12     13     -1       11
  MONTH TO DATE  132    219    -87      233
  SINCE JUN 1    842    916    -74     1101
  SINCE JAN 1    974   1035    -61     1177
...............................................


WIND (MPH)
  HIGHEST WIND SPEED    25   HIGHEST WIND DIRECTION     S (170)
  HIGHEST GUST SPEED    32   HIGHEST GUST DIRECTION    NW (300)
  AVERAGE WIND SPEED     9.7


SKY COVER
  AVERAGE SKY COVER 0.6


WEATHER CONDITIONS
 THE FOLLOWING WEATHER WAS RECORDED YESTERDAY.
  HEAVY RAIN
  RAIN
  LIGHT RAIN
  FOG


RELATIVE HUMIDITY (PERCENT)
 HIGHEST   100
 LOWEST     65
 AVERAGE    83

..........................................................


THE EMPORIA KS CLIMATE NORMALS FOR TODAY
                         NORMAL
 MAXIMUM TEMPERATURE (F)   90
 MINIMUM TEMPERATURE (F)   66


SUNRISE AND SUNSET
AUGUST 17 2017........SUNRISE   641 AM CDT   SUNSET   816 PM CDT
AUGUST 18 2017........SUNRISE   642 AM CDT   SUNSET   814 PM CDT


-  INDICATES NEGATIVE NUMBERS.
R  INDICATES RECORD WAS SET OR TIED.
MM INDICATES DATA IS MISSING.
T  INDICATES TRACE AMOUNT.




$$
