000
CDUS43 KTOP 172137
CLIEMP


CLIMATE REPORT
NATIONAL WEATHER SERVICE TOPEKA KS
437 PM CDT WED SEP 17 2014


...................................

...THE EMPORIA KS CLIMATE SUMMARY FOR SEPTEMBER 17 2014...
VALID TODAY AS OF 0400 PM LOCAL TIME.

CLIMATE NORMAL PERIOD 1981 TO 2010
CLIMATE RECORD PERIOD 9999 TO 9999


WEATHER ITEM   OBSERVED NORMAL DEPARTURE LAST
                VALUE   VALUE  FROM      YEAR
                               NORMAL
...............................................
TEMPERATURE (F)
 TODAY
  MAXIMUM         81     81      0       79
  MINIMUM         63     56      7       61
  AVERAGE         72     68      4       70

PRECIPITATION (IN)
  TODAY            T      0.08  -0.08     0.42
  MONTH TO DATE    1.73   2.15  -0.42     0.53
  SINCE SEP 1      1.73   2.15  -0.42     0.53
  SINCE JAN 1     20.49  28.76  -8.27    24.62

DEGREE DAYS
 HEATING
  TODAY            0      1     -1        0
  MONTH TO DATE   42      8     34        2
  SINCE SEP 1     42      8     34        2
  SINCE JUL 1     44      9     35        4

 COOLING
  TODAY            7      5      2        5
  MONTH TO DATE   92    120    -28      170
  SINCE SEP 1     92    120    -28      170
  SINCE JAN 1   1295   1328    -33     1299
...............................................


WIND (MPH)
  HIGHEST WIND SPEED    13   HIGHEST WIND DIRECTION     E (80)
  HIGHEST GUST SPEED    17   HIGHEST GUST DIRECTION     N (20)
  AVERAGE WIND SPEED     7.3



WEATHER CONDITIONS
 THE FOLLOWING WEATHER WAS RECORDED TODAY.
  LIGHT RAIN
  FOG
  HAZE


RELATIVE HUMIDITY (PERCENT)
 HIGHEST   100
 LOWEST     67
 AVERAGE    84

..........................................................


THE EMPORIA KS CLIMATE NORMALS FOR TOMORROW
                         NORMAL
 MAXIMUM TEMPERATURE (F)   80
 MINIMUM TEMPERATURE (F)   56


SUNRISE AND SUNSET
SEPTEMBER 17 2014.....SUNRISE   708 AM CDT   SUNSET   730 PM CDT
SEPTEMBER 18 2014.....SUNRISE   709 AM CDT   SUNSET   728 PM CDT


-  INDICATES NEGATIVE NUMBERS.
R  INDICATES RECORD WAS SET OR TIED.
MM INDICATES DATA IS MISSING.
T  INDICATES TRACE AMOUNT.




$$
