000
CDUS43 KTOP 030639
CLIEMP


CLIMATE REPORT
NATIONAL WEATHER SERVICE TOPEKA KS
139 AM CDT THU SEP 3 2015


...................................

...THE EMPORIA KS CLIMATE SUMMARY FOR SEPTEMBER 2 2015...

CLIMATE NORMAL PERIOD 1981 TO 2010
CLIMATE RECORD PERIOD 9999 TO 9999


WEATHER ITEM   OBSERVED NORMAL DEPARTURE LAST
                VALUE   VALUE  FROM      YEAR
                               NORMAL
...............................................
TEMPERATURE (F)
 YESTERDAY
  MAXIMUM         91     86      5       84
  MINIMUM         70     62      8       69
  AVERAGE         81     74      7       77

PRECIPITATION (IN)
  YESTERDAY        0.00   0.16  -0.16     0.20
  MONTH TO DATE    0.00   0.33  -0.33     1.51
  SINCE SEP 1      0.00   0.33  -0.33     1.51
  SINCE JAN 1     25.62  26.94  -1.32    20.27

DEGREE DAYS
 HEATING
  YESTERDAY        0      0      0        0
  MONTH TO DATE    0      0      0        0
  SINCE SEP 1      0      0      0        0
  SINCE JUL 1      0      1     -1        2

 COOLING
  YESTERDAY       16      9      7       12
  MONTH TO DATE   30     18     12       17
  SINCE SEP 1     30     18     12       17
  SINCE JAN 1   1209   1226    -17     1220
...............................................


WIND (MPH)
  HIGHEST WIND SPEED    24   HIGHEST WIND DIRECTION     S (160)
  HIGHEST GUST SPEED    31   HIGHEST GUST DIRECTION     S (160)
  AVERAGE WIND SPEED    14.1


SKY COVER
  AVERAGE SKY COVER 0.1


WEATHER CONDITIONS
 THE FOLLOWING WEATHER WAS RECORDED YESTERDAY.
  NO SIGNIFICANT WEATHER WAS OBSERVED.


RELATIVE HUMIDITY (PERCENT)
 HIGHEST    90
 LOWEST     41
 AVERAGE    66

..........................................................


THE EMPORIA KS CLIMATE NORMALS FOR TODAY
                         NORMAL
 MAXIMUM TEMPERATURE (F)   86
 MINIMUM TEMPERATURE (F)   61


SUNRISE AND SUNSET
SEPTEMBER  3 2015.....SUNRISE   656 AM CDT   SUNSET   752 PM CDT
SEPTEMBER  4 2015.....SUNRISE   657 AM CDT   SUNSET   750 PM CDT


-  INDICATES NEGATIVE NUMBERS.
R  INDICATES RECORD WAS SET OR TIED.
MM INDICATES DATA IS MISSING.
T  INDICATES TRACE AMOUNT.




$$
