000
CDUS46 KOTX 250829
CLIEPH


CLIMATE REPORT
NATIONAL WEATHER SERVICE SPOKANE, WA
129 AM PDT MON SEP 25 2017


...................................

...THE EPHRATA WA AIRPORT CLIMATE SUMMARY FOR SEPTEMBER 24 2017...

CLIMATE NORMAL PERIOD 1981 TO 2010
CLIMATE RECORD PERIOD 9999 TO 9999


WEATHER ITEM   OBSERVED TIME   RECORD YEAR NORMAL DEPARTURE LAST
                VALUE   (LST)  VALUE       VALUE  FROM      YEAR
                                                  NORMAL
..................................................................
TEMPERATURE (F)
 YESTERDAY
  MAXIMUM         73    213 PM  91    2011  75     -2       71
                                      1994
  MINIMUM         48    602 AM  33    1958  47      1       38
  AVERAGE         61                        61      0       55

PRECIPITATION (IN)
  YESTERDAY        0.00          0.19 2014   0.01  -0.01     0.00
  MONTH TO DATE    0.09                      0.27  -0.18     0.07
  SINCE OCT 1      9.50                      7.76   1.74     9.08
  SINCE JAN 1      5.90                      4.93   0.97     6.36

SNOWFALL (IN)
  YESTERDAY       MM

DEGREE DAYS
 HEATING
  YESTERDAY        4                         6     -2       10
  MONTH TO DATE   89                        69     20       84
  SINCE SEP 1     89                        69     20       84
  SINCE JUL 1     89                        86      3       86

 COOLING
  YESTERDAY        0                         1     -1        0
  MONTH TO DATE   99                        69     30        7
  SINCE SEP 1     99                        69     30        7
  SINCE JAN 1   1070                       763    307      739
..................................................................


WIND (MPH)
  HIGHEST WIND SPEED    13   HIGHEST WIND DIRECTION    NW (310)
  HIGHEST GUST SPEED    15   HIGHEST GUST DIRECTION    NW (310)
  AVERAGE WIND SPEED     4.6


SKY COVER
  POSSIBLE SUNSHINE  MM
  AVERAGE SKY COVER 0.2


WEATHER CONDITIONS
 THE FOLLOWING WEATHER WAS RECORDED YESTERDAY.
  NO SIGNIFICANT WEATHER WAS OBSERVED.


RELATIVE HUMIDITY (PERCENT)
 HIGHEST    63          1100 PM
 LOWEST     27           400 PM
 AVERAGE    45

..........................................................


THE EPHRATA WA AIRPORT CLIMATE NORMALS FOR TODAY
                         NORMAL    RECORD    YEAR
 MAXIMUM TEMPERATURE (F)   74        92      1952
 MINIMUM TEMPERATURE (F)   47        34      1970


SUNRISE AND SUNSET
SEPTEMBER 25 2017.....SUNRISE   649 AM PDT   SUNSET   649 PM PDT
SEPTEMBER 26 2017.....SUNRISE   651 AM PDT   SUNSET   647 PM PDT


-  INDICATES NEGATIVE NUMBERS.
R  INDICATES RECORD WAS SET OR TIED.
MM INDICATES DATA IS MISSING.
T  INDICATES TRACE AMOUNT.




$$
