000
CDUS46 KOTX 250822
CLIEPH


CLIMATE REPORT
NATIONAL WEATHER SERVICE SPOKANE, WA
122 AM PDT MON JUL 25 2016


...................................

...THE EPHRATA WA AIRPORT CLIMATE SUMMARY FOR JULY 24 2016...

CLIMATE NORMAL PERIOD 1981 TO 2010
CLIMATE RECORD PERIOD 9999 TO 9999


WEATHER ITEM   OBSERVED TIME   RECORD YEAR NORMAL DEPARTURE LAST
                VALUE   (LST)  VALUE       VALUE  FROM      YEAR
                                                  NORMAL
..................................................................
TEMPERATURE (F)
 YESTERDAY
  MAXIMUM         89    430 PM 105    1994  90     -1       90
  MINIMUM         57    347 AM  48    2014  62     -5       59
  AVERAGE         73                        76     -3       75

PRECIPITATION (IN)
  YESTERDAY        0.00          0.08 1955   0.01  -0.01     0.00
  MONTH TO DATE    0.28                      0.31  -0.03     0.01
  SINCE OCT 1      8.97                      7.21   1.76     6.86
  SINCE JAN 1      6.25                      4.38   1.87     4.07

SNOWFALL (IN)
  YESTERDAY       MM

DEGREE DAYS
 HEATING
  YESTERDAY        0                         0      0        0
  MONTH TO DATE    0                         4     -4        0
  SINCE JUN 1     70                        64      6        4
  SINCE JUL 1      0                         4     -4        0

 COOLING
  YESTERDAY        8                        11     -3       10
  MONTH TO DATE  136                       217    -81      394
  SINCE JUN 1    311                       327    -16      767
  SINCE JAN 1    343                       364    -21      852
..................................................................


WIND (MPH)
  HIGHEST WIND SPEED    14   HIGHEST WIND DIRECTION     W (250)
  HIGHEST GUST SPEED    19   HIGHEST GUST DIRECTION    SW (240)
  AVERAGE WIND SPEED     4.6


SKY COVER
  POSSIBLE SUNSHINE  MM
  AVERAGE SKY COVER 0.0


WEATHER CONDITIONS
 THE FOLLOWING WEATHER WAS RECORDED YESTERDAY.
  NO SIGNIFICANT WEATHER WAS OBSERVED.


RELATIVE HUMIDITY (PERCENT)
 HIGHEST    67           400 AM
 LOWEST     22           400 PM
 AVERAGE    45

..........................................................


THE EPHRATA WA AIRPORT CLIMATE NORMALS FOR TODAY
                         NORMAL    RECORD    YEAR
 MAXIMUM TEMPERATURE (F)   90       105      1984
 MINIMUM TEMPERATURE (F)   62        50      2014
                                             1966


SUNRISE AND SUNSET
JULY 25 2016..........SUNRISE   529 AM PDT   SUNSET   840 PM PDT
JULY 26 2016..........SUNRISE   530 AM PDT   SUNSET   839 PM PDT


-  INDICATES NEGATIVE NUMBERS.
R  INDICATES RECORD WAS SET OR TIED.
MM INDICATES DATA IS MISSING.
T  INDICATES TRACE AMOUNT.




$$
