000
CDUS46 KOTX 180841
CLIEPH


CLIMATE REPORT
NATIONAL WEATHER SERVICE SPOKANE, WA
1241 AM PST WED JAN 18 2017


...................................

...THE EPHRATA WA AIRPORT CLIMATE SUMMARY FOR JANUARY 17 2017...

CLIMATE NORMAL PERIOD 1981 TO 2010
CLIMATE RECORD PERIOD 9999 TO 9999


WEATHER ITEM   OBSERVED TIME   RECORD YEAR NORMAL DEPARTURE LAST
                VALUE   (LST)  VALUE       VALUE  FROM      YEAR
                                                  NORMAL
..................................................................
TEMPERATURE (F)
 YESTERDAY
  MAXIMUM         25   1159 PM  54    2011  35    -10       36
  MINIMUM         10    410 AM -18    1950  23    -13       30
  AVERAGE         18                        29    -11       33

PRECIPITATION (IN)
  YESTERDAY        0.33          0.49 2015   0.03   0.30     0.16
  MONTH TO DATE    0.44                      0.55  -0.11     0.83
  SINCE OCT 1      4.04                      3.38   0.66     3.55
  SINCE JAN 1      0.44                      0.55  -0.11     0.83

SNOWFALL (IN)
  YESTERDAY       MM

DEGREE DAYS
 HEATING
  YESTERDAY       47                        36     11       32
  MONTH TO DATE  868                       635    233      613
  SINCE DEC 1   2158                      1802    356     1656
  SINCE JUL 1   3281                      3221     60     2812

 COOLING
  YESTERDAY        0                         0      0        0
  MONTH TO DATE    0                         0      0        0
  SINCE DEC 1      0                         0      0        0
  SINCE JAN 1      0                         0      0        0
..................................................................


WIND (MPH)
  HIGHEST WIND SPEED     7   HIGHEST WIND DIRECTION    NE (40)
  HIGHEST GUST SPEED     8   HIGHEST GUST DIRECTION     N (20)
  AVERAGE WIND SPEED     1.9


SKY COVER
  POSSIBLE SUNSHINE  MM
  AVERAGE SKY COVER 0.9


WEATHER CONDITIONS
 THE FOLLOWING WEATHER WAS RECORDED YESTERDAY.
  FREEZING RAIN
  LT FREEZING RAIN
  LIGHT SNOW
  HAZE


RELATIVE HUMIDITY (PERCENT)
 HIGHEST    81           900 PM
 LOWEST     61          1200 PM
 AVERAGE    71

..........................................................


THE EPHRATA WA AIRPORT CLIMATE NORMALS FOR TODAY
                         NORMAL    RECORD    YEAR
 MAXIMUM TEMPERATURE (F)   36        58      1989
 MINIMUM TEMPERATURE (F)   23        -6      1960


SUNRISE AND SUNSET
JANUARY 18 2017.......SUNRISE   738 AM PST   SUNSET   440 PM PST
JANUARY 19 2017.......SUNRISE   737 AM PST   SUNSET   441 PM PST


-  INDICATES NEGATIVE NUMBERS.
R  INDICATES RECORD WAS SET OR TIED.
MM INDICATES DATA IS MISSING.
T  INDICATES TRACE AMOUNT.




$$
