000
CDUS46 KOTX 100828
CLIEPH


CLIMATE REPORT
NATIONAL WEATHER SERVICE SPOKANE, WA
128 AM PDT THU JUL 10 2014


...................................

...THE EPHRATA WA AIRPORT CLIMATE SUMMARY FOR JULY 9 2014...

CLIMATE NORMAL PERIOD 1981 TO 2010
CLIMATE RECORD PERIOD 9999 TO 9999


WEATHER ITEM   OBSERVED TIME   RECORD YEAR NORMAL DEPARTURE LAST
                VALUE   (LST)  VALUE       VALUE  FROM      YEAR
                                                  NORMAL
..................................................................
TEMPERATURE (F)
 YESTERDAY
  MAXIMUM         99    513 PM 108    1975  87     12       93
  MINIMUM         73    423 AM  47    1972  59     14       61
  AVERAGE         86                        73     13       77

PRECIPITATION (IN)
  YESTERDAY        0.00          0.45 1995   0.01  -0.01     0.00
  MONTH TO DATE    T                         0.12  -0.12      T
  SINCE OCT 1      3.81                      7.02  -3.21     7.41
  SINCE JAN 1      3.06                      4.19  -1.13     3.61

SNOWFALL (IN)
  YESTERDAY       MM            MM      MM   0.0   MM       MM
  MONTH TO DATE   MM                         0.0   MM       MM
  SINCE JUN 1     MM                         0.0   MM       MM
  SINCE JUL 1     MM                         0.0   MM       MM
  SNOW DEPTH      MM

DEGREE DAYS
 HEATING
  YESTERDAY        0                         0      0        0
  MONTH TO DATE    0                         4     -4        0
  SINCE JUN 1     23                        64    -41       58
  SINCE JUL 1      0                         4     -4        0

 COOLING
  YESTERDAY       21                         8     13       12
  MONTH TO DATE  137                        66     71      135
  SINCE JUN 1    283                       176    107      247
  SINCE JAN 1    327                       213    114      304
..................................................................


WIND (MPH)
  HIGHEST WIND SPEED    28   HIGHEST WIND DIRECTION    NW (310)
  HIGHEST GUST SPEED    34   HIGHEST GUST DIRECTION    NW (300)
  AVERAGE WIND SPEED    12.5


SKY COVER
  POSSIBLE SUNSHINE  MM
  AVERAGE SKY COVER 0.1


WEATHER CONDITIONS
 THE FOLLOWING WEATHER WAS RECORDED YESTERDAY.
  HAZE


RELATIVE HUMIDITY (PERCENT)
 HIGHEST    33           500 AM
 LOWEST      8           200 PM
 AVERAGE    21

..........................................................


THE EPHRATA WA AIRPORT CLIMATE NORMALS FOR TODAY
                         NORMAL    RECORD    YEAR
 MAXIMUM TEMPERATURE (F)   87       108      1975
 MINIMUM TEMPERATURE (F)   59        46      1972


SUNRISE AND SUNSET
JULY 10 2014..........SUNRISE   512 AM PDT   SUNSET   854 PM PDT
JULY 11 2014..........SUNRISE   513 AM PDT   SUNSET   853 PM PDT


-  INDICATES NEGATIVE NUMBERS.
R  INDICATES RECORD WAS SET OR TIED.
MM INDICATES DATA IS MISSING.
T  INDICATES TRACE AMOUNT.




$$
