000
CDUS46 KOTX 290828
CLIEPH


CLIMATE REPORT
NATIONAL WEATHER SERVICE SPOKANE, WA
126 AM PDT FRI MAY 29 2015


...................................

...THE EPHRATA WA AIRPORT CLIMATE SUMMARY FOR MAY 28 2015...

CLIMATE NORMAL PERIOD 1981 TO 2010
CLIMATE RECORD PERIOD 9999 TO 9999


WEATHER ITEM   OBSERVED TIME   RECORD YEAR NORMAL DEPARTURE LAST
                VALUE   (LST)  VALUE       VALUE  FROM      YEAR
                                                  NORMAL
..................................................................
TEMPERATURE (F)
 YESTERDAY
  MAXIMUM         87    336 PM  95    2005  76     11       73
  MINIMUM         55    209 AM  35    2011  50      5       48
  AVERAGE         71                        63      8       61

PRECIPITATION (IN)
  YESTERDAY        T             0.27 1989   0.03  -0.03      T
  MONTH TO DATE    1.18                      0.57   0.61     0.09
  SINCE OCT 1      6.85                      6.21   0.64     3.55
  SINCE JAN 1      4.06                      3.38   0.68     2.80

SNOWFALL (IN)
  YESTERDAY       MM

DEGREE DAYS
 HEATING
  YESTERDAY        0                         4     -4        4
  MONTH TO DATE   75                       200   -125      104
  SINCE MAR 1    984                      1324   -340     1145
  SINCE JUL 1   4678                      5897  -1219     5727

 COOLING
  YESTERDAY        6                         2      4        0
  MONTH TO DATE   53                        30     23       37
  SINCE MAR 1     53                        32     21       37
  SINCE JAN 1     53                        32     21       37
..................................................................


WIND (MPH)
  HIGHEST WIND SPEED    15   HIGHEST WIND DIRECTION     S (160)
  HIGHEST GUST SPEED    20   HIGHEST GUST DIRECTION     S (180)
  AVERAGE WIND SPEED     6.1


SKY COVER
  POSSIBLE SUNSHINE  MM
  AVERAGE SKY COVER 0.1


WEATHER CONDITIONS
 THE FOLLOWING WEATHER WAS RECORDED YESTERDAY.
  LIGHT RAIN


RELATIVE HUMIDITY (PERCENT)
 HIGHEST    86           200 AM
 LOWEST     25           400 PM
 AVERAGE    56

..........................................................


THE EPHRATA WA AIRPORT CLIMATE NORMALS FOR TODAY
                         NORMAL    RECORD    YEAR
 MAXIMUM TEMPERATURE (F)   76        97      1983
 MINIMUM TEMPERATURE (F)   50        36      2001
                                             1976


SUNRISE AND SUNSET
MAY 29 2015...........SUNRISE   508 AM PDT   SUNSET   844 PM PDT
MAY 30 2015...........SUNRISE   507 AM PDT   SUNSET   845 PM PDT


-  INDICATES NEGATIVE NUMBERS.
R  INDICATES RECORD WAS SET OR TIED.
MM INDICATES DATA IS MISSING.
T  INDICATES TRACE AMOUNT.




$$
