000
CDUS46 KOTX 300828
CLIEPH


CLIMATE REPORT
NATIONAL WEATHER SERVICE SPOKANE, WA
128 AM PDT TUE MAY 30 2017


...................................

...THE EPHRATA WA AIRPORT CLIMATE SUMMARY FOR MAY 29 2017...

CLIMATE NORMAL PERIOD 1981 TO 2010
CLIMATE RECORD PERIOD 9999 TO 9999


WEATHER ITEM   OBSERVED TIME   RECORD YEAR NORMAL DEPARTURE LAST
                VALUE   (LST)  VALUE       VALUE  FROM      YEAR
                                                  NORMAL
..................................................................
TEMPERATURE (F)
 YESTERDAY
  MAXIMUM         94    320 PM  97    1983  76     18       76
  MINIMUM         58    353 AM  36    2001  50      8       46
                                      1976
  AVERAGE         76                        63     13       61

PRECIPITATION (IN)
  YESTERDAY        0.00          0.27 2013   0.02  -0.02     0.00
  MONTH TO DATE    0.74                      0.59   0.15     0.53
  SINCE OCT 1      9.09                      6.23   2.86     7.42
  SINCE JAN 1      5.49                      3.40   2.09     4.70

SNOWFALL (IN)
  YESTERDAY       MM

DEGREE DAYS
 HEATING
  YESTERDAY        0                         4     -4        4
  MONTH TO DATE  178                       204    -26       84
  SINCE MAR 1   1319                      1328     -9      905
  SINCE JUL 1   6097                      5901    196     4858

 COOLING
  YESTERDAY       11                         2      9        0
  MONTH TO DATE   45                        32     13       27
  SINCE MAR 1     45                        34     11       32
  SINCE JAN 1     45                        34     11       32
..................................................................


WIND (MPH)
  HIGHEST WIND SPEED    13   HIGHEST WIND DIRECTION    NE (60)
  HIGHEST GUST SPEED    15   HIGHEST GUST DIRECTION    NE (40)
  AVERAGE WIND SPEED     5.8


SKY COVER
  POSSIBLE SUNSHINE  MM
  AVERAGE SKY COVER 0.0


WEATHER CONDITIONS
 THE FOLLOWING WEATHER WAS RECORDED YESTERDAY.
  NO SIGNIFICANT WEATHER WAS OBSERVED.


RELATIVE HUMIDITY (PERCENT)
 HIGHEST    62           400 AM
 LOWEST     15           300 PM
 AVERAGE    39

..........................................................


THE EPHRATA WA AIRPORT CLIMATE NORMALS FOR TODAY
                         NORMAL    RECORD    YEAR
 MAXIMUM TEMPERATURE (F)   76       100      1986
 MINIMUM TEMPERATURE (F)   50        38      1982


SUNRISE AND SUNSET
MAY 30 2017...........SUNRISE   507 AM PDT   SUNSET   845 PM PDT
MAY 31 2017...........SUNRISE   506 AM PDT   SUNSET   846 PM PDT


-  INDICATES NEGATIVE NUMBERS.
R  INDICATES RECORD WAS SET OR TIED.
MM INDICATES DATA IS MISSING.
T  INDICATES TRACE AMOUNT.




$$
