000
CDUS46 KOTX 300827
CLIEPH


CLIMATE REPORT
NATIONAL WEATHER SERVICE SPOKANE, WA
125 AM PDT SUN AUG 30 2015


...................................

...THE EPHRATA WA AIRPORT CLIMATE SUMMARY FOR AUGUST 29 2015...

CLIMATE NORMAL PERIOD 1981 TO 2010
CLIMATE RECORD PERIOD 9999 TO 9999


WEATHER ITEM   OBSERVED TIME   RECORD YEAR NORMAL DEPARTURE LAST
                VALUE   (LST)  VALUE       VALUE  FROM      YEAR
                                                  NORMAL
..................................................................
TEMPERATURE (F)
 YESTERDAY
  MAXIMUM         78   1244 PM 100    1972  84     -6       86
  MINIMUM         55   1159 PM  41    1980  55      0       56
  AVERAGE         67                        70     -3       71

PRECIPITATION (IN)
  YESTERDAY        T             0.19 1951   0.00   0.00     0.00
  MONTH TO DATE    T                         0.18  -0.18     0.83
  SINCE OCT 1      6.90                      7.48  -0.58     4.64
  SINCE JAN 1      4.11                      4.65  -0.54     3.89

SNOWFALL (IN)
  YESTERDAY       MM

DEGREE DAYS
 HEATING
  YESTERDAY        0                         1     -1        0
  MONTH TO DATE    0                         3     -3        0
  SINCE JUN 1      4                        71    -67       24
  SINCE JUL 1      0                        11    -11        1

 COOLING
  YESTERDAY        2                         5     -3        6
  MONTH TO DATE  324                       244     80      365
  SINCE JUN 1   1149                       647    502      984
  SINCE JAN 1   1234                       684    550     1028
..................................................................


WIND (MPH)
  HIGHEST WIND SPEED    39   HIGHEST WIND DIRECTION     S (200)
  HIGHEST GUST SPEED    47   HIGHEST GUST DIRECTION    SW (210)
  AVERAGE WIND SPEED    15.6


SKY COVER
  POSSIBLE SUNSHINE  MM
  AVERAGE SKY COVER 0.1


WEATHER CONDITIONS
 THE FOLLOWING WEATHER WAS RECORDED YESTERDAY.
  LIGHT RAIN
  HAZE


RELATIVE HUMIDITY (PERCENT)
 HIGHEST    67          1100 PM
 LOWEST     31           100 PM
 AVERAGE    49

..........................................................


THE EPHRATA WA AIRPORT CLIMATE NORMALS FOR TODAY
                         NORMAL    RECORD    YEAR
 MAXIMUM TEMPERATURE (F)   84       102      1967
 MINIMUM TEMPERATURE (F)   55        47      2012
                                             1959


SUNRISE AND SUNSET
AUGUST 30 2015........SUNRISE   614 AM PDT   SUNSET   742 PM PDT
AUGUST 31 2015........SUNRISE   615 AM PDT   SUNSET   740 PM PDT


-  INDICATES NEGATIVE NUMBERS.
R  INDICATES RECORD WAS SET OR TIED.
MM INDICATES DATA IS MISSING.
T  INDICATES TRACE AMOUNT.




$$
