647
CDUS41 KCLE 250540
CLIERI


CLIMATE REPORT
NATIONAL WEATHER SERVICE CLEVELAND OH
126 AM EDT SUN SEP 25 2016


...................................

...THE ERIE PA CLIMATE SUMMARY FOR SEPTEMBER 24 2016...

CLIMATE NORMAL PERIOD 1981 TO 2010
CLIMATE RECORD PERIOD 1873 TO 2016


WEATHER ITEM   OBSERVED TIME   RECORD YEAR NORMAL DEPARTURE LAST
                VALUE   (LST)  VALUE       VALUE  FROM      YEAR
                                                  NORMAL
..................................................................
TEMPERATURE (F)
 YESTERDAY
  MAXIMUM         67   1210 PM  89    2010  69     -2       75
  MINIMUM         52    944 PM  34    1974  53     -1       52
  AVERAGE         60                        61     -1       64

PRECIPITATION (IN)
  YESTERDAY        0.00                      0.16  -0.16     0.00
  MONTH TO DATE    4.47                      3.60   0.87     4.56
  SINCE SEP 1      4.47                      3.60   0.87     4.56
  SINCE JAN 1     31.53                     29.43   2.10    28.27

SNOWFALL (IN)
  YESTERDAY        0.0                       0.0    0.0      0.0
  MONTH TO DATE    0.0                       0.0    0.0      0.0
  SINCE SEP 1      0.0                       0.0    0.0      0.0
  SINCE JUL 1      0.0                       0.0    0.0      0.0
  SNOW DEPTH       0

DEGREE DAYS
 HEATING
  YESTERDAY        5                         5      0        1
  MONTH TO DATE    9                        65    -56       26
  SINCE SEP 1      9                        65    -56       26
  SINCE JUL 1      9                        83    -74       44

 COOLING
  YESTERDAY        0                         1     -1        0
  MONTH TO DATE  135                        64     71      150
  SINCE SEP 1    135                        64     71      150
  SINCE JAN 1    984                       622    362      756
..................................................................


WIND (MPH)
  HIGHEST WIND SPEED    20   HIGHEST WIND DIRECTION    NE (40)
  HIGHEST GUST SPEED    26   HIGHEST GUST DIRECTION    NE (50)
  AVERAGE WIND SPEED     9.2


SKY COVER
  POSSIBLE SUNSHINE  MM
  AVERAGE SKY COVER 0.2


WEATHER CONDITIONS
 THE FOLLOWING WEATHER WAS RECORDED YESTERDAY.
  NO SIGNIFICANT WEATHER WAS OBSERVED.


RELATIVE HUMIDITY (PERCENT)
 HIGHEST    87           300 AM
 LOWEST     52           300 PM
 AVERAGE    70

..........................................................


THE ERIE PA CLIMATE NORMALS FOR TODAY
                         NORMAL    RECORD    YEAR
 MAXIMUM TEMPERATURE (F)   68        89      1933
 MINIMUM TEMPERATURE (F)   53        37      1976


SUNRISE AND SUNSET
SEPTEMBER 25 2016.....SUNRISE   712 AM EDT   SUNSET   712 PM EDT
SEPTEMBER 26 2016.....SUNRISE   713 AM EDT   SUNSET   710 PM EDT


-  INDICATES NEGATIVE NUMBERS.
R  INDICATES RECORD WAS SET OR TIED.
MM INDICATES DATA IS MISSING.
T  INDICATES TRACE AMOUNT.




$$
