000
CDUS41 KCLE 272237
CLIERI


CLIMATE REPORT...CORRECTED
NATIONAL WEATHER SERVICE CLEVELAND OH
536 PM EST MON FEB 27 2017


...................................

...THE ERIE PA CLIMATE SUMMARY FOR FEBRUARY 27 2017...
VALID TODAY AS OF 0500 PM LOCAL TIME.

CLIMATE NORMAL PERIOD 1981 TO 2010
CLIMATE RECORD PERIOD 1873 TO 2017


WEATHER ITEM   OBSERVED TIME   RECORD YEAR NORMAL DEPARTURE LAST
                VALUE   (LST)  VALUE       VALUE  FROM      YEAR
                                                  NORMAL
..................................................................
TEMPERATURE (F)
 TODAY
  MAXIMUM         50   1203 PM  64    1997  38     12       43
  MINIMUM         36    407 AM  -9    2015  23     13       23
  AVERAGE         43                        30     13       33

PRECIPITATION (IN)
  TODAY            0.00                      0.09  -0.09     0.00
  MONTH TO DATE    2.54                      2.29   0.25     3.71
  SINCE DEC 1     11.30                      8.98   2.32     9.98
  SINCE JAN 1      7.42                      5.24   2.18     6.09

SNOWFALL (IN)
  TODAY            0.0                       0.6   -0.6      0.0
  MONTH TO DATE   10.3                      17.6   -7.3     23.4
  SINCE DEC 1     65.9                      74.7   -8.8     66.7
  SINCE JUL 1     68.3                      83.4  -15.1     67.2
  SNOW DEPTH       0

DEGREE DAYS
 HEATING
  TODAY           22                        35    -13       32
  MONTH TO DATE  737                       994   -257      911
  SINCE DEC 1   2708                      3176   -468     2674
  SINCE JUL 1   3488                      4332   -844     3565

 COOLING
  TODAY            0                         0      0        0
  MONTH TO DATE    0                         0      0        0
  SINCE DEC 1      0                         0      0        0
  SINCE JAN 1      0                         0      0        0
..................................................................


WIND (MPH)
  HIGHEST WIND SPEED    23   HIGHEST WIND DIRECTION    SW (210)
  HIGHEST GUST SPEED    31   HIGHEST GUST DIRECTION    SW (210)


SKY COVER
  POSSIBLE SUNSHINE  MM
  AVERAGE SKY COVER 0.2


WEATHER CONDITIONS
 THE FOLLOWING WEATHER WAS RECORDED TODAY.
  NO SIGNIFICANT WEATHER WAS OBSERVED.


RELATIVE HUMIDITY (PERCENT)
 HIGHEST    45           500 PM
 LOWEST     36          1200 PM
 AVERAGE    41

..........................................................


THE ERIE PA CLIMATE NORMALS FOR TOMORROW
                         NORMAL    RECORD    YEAR
 MAXIMUM TEMPERATURE (F)   38        64      2016
 MINIMUM TEMPERATURE (F)   23        -7      2014


SUNRISE AND SUNSET
FEBRUARY 27 2017......SUNRISE   659 AM EST   SUNSET   609 PM EST
FEBRUARY 28 2017......SUNRISE   657 AM EST   SUNSET   610 PM EST


-  INDICATES NEGATIVE NUMBERS.
R  INDICATES RECORD WAS SET OR TIED.
MM INDICATES DATA IS MISSING.
T  INDICATES TRACE AMOUNT.




$$
...CORRECTED PRECIPITATION FOR TODAY...
