000
CDUS41 KCLE 180527
CLIERI


CLIMATE REPORT
NATIONAL WEATHER SERVICE CLEVELAND OH
1227 AM EST MON DEC 18 2017


...................................

...THE ERIE PA CLIMATE SUMMARY FOR DECEMBER 17 2017...

CLIMATE NORMAL PERIOD 1981 TO 2010
CLIMATE RECORD PERIOD 1873 TO 2017


WEATHER ITEM   OBSERVED TIME   RECORD YEAR NORMAL DEPARTURE LAST
                VALUE   (LST)  VALUE       VALUE  FROM      YEAR
                                                  NORMAL
..................................................................
TEMPERATURE (F)
 YESTERDAY
  MAXIMUM         38   1159 PM  60    1984  37      1       40
  MINIMUM         20    836 AM   3    1919  26     -6       20
  AVERAGE         29                        32     -3       30

PRECIPITATION (IN)
  YESTERDAY        0.00                      0.12  -0.12     0.52
  MONTH TO DATE    2.70                      2.11   0.59     2.77
  SINCE DEC 1      2.70                      2.11   0.59     2.77
  SINCE JAN 1     48.67                     40.53   8.14    44.55

SNOWFALL (IN)
  YESTERDAY        0.0                       0.9   -0.9      0.7
  MONTH TO DATE   34.6                      13.3   21.3     15.2
  SINCE DEC 1     34.6                      13.3   21.3     15.2
  SINCE JUL 1     35.1                      22.0   13.1     17.6
  SNOW DEPTH       7

DEGREE DAYS
 HEATING
  YESTERDAY       36                        33      3       35
  MONTH TO DATE  574                       520     54      560
  SINCE DEC 1    574                       520     54      560
  SINCE JUL 1   1571                      1676   -105     1340

 COOLING
  YESTERDAY        0                         0      0        0
  MONTH TO DATE    0                         0      0        0
  SINCE DEC 1      0                         0      0        0
  SINCE JAN 1    697                       638     59     1017
..................................................................


WIND (MPH)
  HIGHEST WIND SPEED    14   HIGHEST WIND DIRECTION     S (200)
  HIGHEST GUST SPEED    19   HIGHEST GUST DIRECTION     S (190)
  AVERAGE WIND SPEED     5.7


SKY COVER
  POSSIBLE SUNSHINE  MM
  AVERAGE SKY COVER 0.3


WEATHER CONDITIONS
 THE FOLLOWING WEATHER WAS RECORDED YESTERDAY.
  FOG
  HAZE


RELATIVE HUMIDITY (PERCENT)
 HIGHEST   100           700 PM
 LOWEST     75           900 PM
 AVERAGE    88

..........................................................


THE ERIE PA CLIMATE NORMALS FOR TODAY
                         NORMAL    RECORD    YEAR
 MAXIMUM TEMPERATURE (F)   37        60      1967
 MINIMUM TEMPERATURE (F)   26         0      1919


SUNRISE AND SUNSET
DECEMBER 18 2017......SUNRISE   744 AM EST   SUNSET   451 PM EST
DECEMBER 19 2017......SUNRISE   745 AM EST   SUNSET   451 PM EST


-  INDICATES NEGATIVE NUMBERS.
R  INDICATES RECORD WAS SET OR TIED.
MM INDICATES DATA IS MISSING.
T  INDICATES TRACE AMOUNT.




$$
