000
CDUS46 KPQR 202328
CLIEUG


CLIMATE REPORT
NATIONAL WEATHER SERVICE PORTLAND OREGON
428 PM PDT SAT SEP 20 2014


...................................

...THE EUGENE OR CLIMATE SUMMARY FOR SEPTEMBER 20 2014...
VALID TODAY AS OF 0400 PM LOCAL TIME.

CLIMATE NORMAL PERIOD 1981 TO 2010
CLIMATE RECORD PERIOD 1892 TO 2014


WEATHER ITEM   OBSERVED TIME   RECORD YEAR NORMAL DEPARTURE LAST
                VALUE   (LST)  VALUE       VALUE  FROM      YEAR
                                                  NORMAL
..................................................................
TEMPERATURE (F)
 TODAY
  MAXIMUM         89    259 PM  94    1974  76     13       73
                                      1952
  MINIMUM         54    600 AM  35    1947  46      8       48
  AVERAGE         72                        61     11       61

PRECIPITATION (IN)
  TODAY            0.00          0.51 1970   0.04  -0.04     0.23
  MONTH TO DATE    0.01                      0.76  -0.75     1.75
  SINCE OCT 1     27.20                     45.57 -18.37    31.01
  SINCE JAN 1     23.01                     26.77  -3.76    11.67

SNOWFALL (IN)
  TODAY            0.0
  MONTH TO DATE    0.0
  SINCE SEP 1      0.0
  SINCE JUL 1      0.0

DEGREE DAYS
 HEATING
  TODAY            0                         5     -5        4
  MONTH TO DATE    7                        60    -53       14
  SINCE SEP 1      7                        60    -53       14
  SINCE JUL 1     14                       127   -113       32

 COOLING
  TODAY            7                         1      6        0
  MONTH TO DATE   53                        27     26       63
  SINCE SEP 1     53                        27     26       63
  SINCE JAN 1    461                       235    226      411
..................................................................


WIND (MPH)
  HIGHEST WIND SPEED    14   HIGHEST WIND DIRECTION    NE (30)
  HIGHEST GUST SPEED    19   HIGHEST GUST DIRECTION    NE (40)
  AVERAGE WIND SPEED     7.0


SKY COVER
  POSSIBLE SUNSHINE  MM
  AVERAGE SKY COVER 0.1


WEATHER CONDITIONS
 THE FOLLOWING WEATHER WAS RECORDED TODAY.
  NO SIGNIFICANT WEATHER WAS OBSERVED.


RELATIVE HUMIDITY (PERCENT)
 HIGHEST    93           600 AM
 LOWEST     34           300 PM
 AVERAGE    64

..........................................................


THE EUGENE OR CLIMATE NORMALS FOR TOMORROW
                         NORMAL    RECORD    YEAR
 MAXIMUM TEMPERATURE (F)   76        95      1994
                                             1975
                                             1974
 MINIMUM TEMPERATURE (F)   46        34      1955


SUNRISE AND SUNSET
SEPTEMBER 20 2014.....SUNRISE   658 AM PDT   SUNSET   714 PM PDT
SEPTEMBER 21 2014.....SUNRISE   659 AM PDT   SUNSET   712 PM PDT


-  INDICATES NEGATIVE NUMBERS.
R  INDICATES RECORD WAS SET OR TIED.
MM INDICATES DATA IS MISSING.
T  INDICATES TRACE AMOUNT.




$$
