000
CDUS46 KPQR 301142
CLIEUG


CLIMATE REPORT
NATIONAL WEATHER SERVICE PORTLAND OREGON
441 AM PDT FRI SEP 30 2016


...................................

...THE EUGENE OR CLIMATE SUMMARY FOR SEPTEMBER 29 2016...

CLIMATE NORMAL PERIOD 1981 TO 2010
CLIMATE RECORD PERIOD 1892 TO 2016


WEATHER ITEM   OBSERVED TIME   RECORD YEAR NORMAL DEPARTURE LAST
                VALUE   (LST)  VALUE       VALUE  FROM      YEAR
                                                  NORMAL
..................................................................
TEMPERATURE (F)
 YESTERDAY
  MAXIMUM         74    204 PM  87    1993  72      2       82
  MINIMUM         42    646 AM  33    1954  44     -2       41
                                      1950
  AVERAGE         58                        58      0       62

PRECIPITATION (IN)
  YESTERDAY        0.00          1.90 2013   0.05  -0.05     0.00
  MONTH TO DATE    0.78                      1.23  -0.45     0.76
  SINCE OCT 1     40.58                     46.04  -5.46    30.45
  SINCE JAN 1     21.74                     27.24  -5.50    13.40

SNOWFALL (IN)
  YESTERDAY        0.0
  MONTH TO DATE    0.0
  SINCE SEP 1      0.0
  SINCE JUL 1      0.0

DEGREE DAYS
 HEATING
  YESTERDAY        7                         7      0        3
  MONTH TO DATE   94                       113    -19      116
  SINCE SEP 1     94                       113    -19      116
  SINCE JUL 1    117                       180    -63      123

 COOLING
  YESTERDAY        0                         0      0        0
  MONTH TO DATE   10                        30    -20       32
  SINCE SEP 1     10                        30    -20       32
  SINCE JAN 1    323                       238     85      524
..................................................................


WIND (MPH)
  HIGHEST WIND SPEED    14   HIGHEST WIND DIRECTION     N (350)
  HIGHEST GUST SPEED    18   HIGHEST GUST DIRECTION     N (10)
  AVERAGE WIND SPEED     3.6


SKY COVER
  POSSIBLE SUNSHINE  MM
  AVERAGE SKY COVER 0.5


WEATHER CONDITIONS
 THE FOLLOWING WEATHER WAS RECORDED YESTERDAY.
  FOG


RELATIVE HUMIDITY (PERCENT)
 HIGHEST    89           500 AM
 LOWEST     27           200 PM
 AVERAGE    58

..........................................................


THE EUGENE OR CLIMATE NORMALS FOR TODAY
                         NORMAL    RECORD    YEAR
 MAXIMUM TEMPERATURE (F)   72        88      1987
                                             1975
 MINIMUM TEMPERATURE (F)   44        32      1983


SUNRISE AND SUNSET
SEPTEMBER 30 2016.....SUNRISE   710 AM PDT   SUNSET   654 PM PDT
OCTOBER  1 2016.......SUNRISE   711 AM PDT   SUNSET   653 PM PDT


-  INDICATES NEGATIVE NUMBERS.
R  INDICATES RECORD WAS SET OR TIED.
MM INDICATES DATA IS MISSING.
T  INDICATES TRACE AMOUNT.




$$
