000
CDUS46 KPQR 301141
CLIEUG


CLIMATE REPORT
NATIONAL WEATHER SERVICE PORTLAND OREGON
440 AM PDT THU OCT 30 2014


...................................

...THE EUGENE OR CLIMATE SUMMARY FOR OCTOBER 29 2014...

CLIMATE NORMAL PERIOD 1981 TO 2010
CLIMATE RECORD PERIOD 1892 TO 2014


WEATHER ITEM   OBSERVED TIME   RECORD YEAR NORMAL DEPARTURE LAST
                VALUE   (LST)  VALUE       VALUE  FROM      YEAR
                                                  NORMAL
..................................................................
TEMPERATURE (F)
 YESTERDAY
  MAXIMUM         63    251 PM  68    1993  58      5       57
  MINIMUM         52    650 AM  22    1971  40     12       28
  AVERAGE         58                        49      9       43

PRECIPITATION (IN)
  YESTERDAY        0.03          1.91 1950   0.17  -0.14     0.00
  MONTH TO DATE    3.84                      2.91   0.93     0.57
  SINCE OCT 1      3.84                      2.91   0.93     0.57
  SINCE JAN 1     28.09                     30.21  -2.12    17.57

SNOWFALL (IN)
  YESTERDAY        0.0
  MONTH TO DATE    0.0
  SINCE SEP 1      0.0
  SINCE JUL 1      0.0

DEGREE DAYS
 HEATING
  YESTERDAY        7                        16     -9       22
  MONTH TO DATE  160                       351   -191      415
  SINCE SEP 1    194                       472   -278      513
  SINCE JUL 1    201                       539   -338      531

 COOLING
  YESTERDAY        0                         0      0        0
  MONTH TO DATE    8                         0      8        0
  SINCE SEP 1     67                        30     37       63
  SINCE JAN 1    475                       238    237      411
..................................................................


WIND (MPH)
  HIGHEST WIND SPEED    12   HIGHEST WIND DIRECTION    SE (150)
  HIGHEST GUST SPEED    14   HIGHEST GUST DIRECTION    SE (140)
  AVERAGE WIND SPEED     5.0


SKY COVER
  POSSIBLE SUNSHINE  MM
  AVERAGE SKY COVER 0.9


WEATHER CONDITIONS
 THE FOLLOWING WEATHER WAS RECORDED YESTERDAY.
  LIGHT RAIN
  FOG


RELATIVE HUMIDITY (PERCENT)
 HIGHEST    96           600 AM
 LOWEST     72          1200 PM
 AVERAGE    84

..........................................................


THE EUGENE OR CLIMATE NORMALS FOR TODAY
                         NORMAL    RECORD    YEAR
 MAXIMUM TEMPERATURE (F)   58        74      1988
 MINIMUM TEMPERATURE (F)   40        23      2002


SUNRISE AND SUNSET
OCTOBER 30 2014.......SUNRISE   747 AM PDT   SUNSET   605 PM PDT
OCTOBER 31 2014.......SUNRISE   748 AM PDT   SUNSET   604 PM PDT


-  INDICATES NEGATIVE NUMBERS.
R  INDICATES RECORD WAS SET OR TIED.
MM INDICATES DATA IS MISSING.
T  INDICATES TRACE AMOUNT.




$$
