000
CDUS46 KPQR 271150
CLIEUG


CLIMATE REPORT
NATIONAL WEATHER SERVICE PORTLAND OREGON
349 AM PST TUE JAN 27 2015


...................................

...THE EUGENE OR CLIMATE SUMMARY FOR JANUARY 26 2015...

CLIMATE NORMAL PERIOD 1981 TO 2010
CLIMATE RECORD PERIOD 1892 TO 2015


WEATHER ITEM   OBSERVED TIME   RECORD YEAR NORMAL DEPARTURE LAST
                VALUE   (LST)  VALUE       VALUE  FROM      YEAR
                                                  NORMAL
..................................................................
TEMPERATURE (F)
 YESTERDAY
  MAXIMUM         60    313 PM  64    1935  49     11       49
                                      1924
  MINIMUM         37    505 AM   6    1957  35      2       24
  AVERAGE         49                        42      7       37

PRECIPITATION (IN)
  YESTERDAY        0.00          1.63 1914   0.20  -0.20     0.00
  MONTH TO DATE    2.38                      5.90  -3.52     1.74
  SINCE OCT 1     19.43                     24.70  -5.27     5.93
  SINCE JAN 1      2.38                      5.90  -3.52     1.74

SNOWFALL (IN)
  YESTERDAY        0.0
  MONTH TO DATE    0.0
  SINCE DEC 1      0.0
  SINCE JUL 1      0.0

DEGREE DAYS
 HEATING
  YESTERDAY       16                        24     -8       28
  MONTH TO DATE  556                       637    -81      663
  SINCE DEC 1   1189                      1421   -232     1633
  SINCE JUL 1   2001                      2594   -593     2809

 COOLING
  YESTERDAY        0                         0      0        0
  MONTH TO DATE    0                         0      0        0
  SINCE DEC 1      0                         0      0        0
  SINCE JAN 1      0                         0      0        0
..................................................................


WIND (MPH)
  HIGHEST WIND SPEED     9   HIGHEST WIND DIRECTION     N (340)
  HIGHEST GUST SPEED    10   HIGHEST GUST DIRECTION     N (340)
  AVERAGE WIND SPEED     2.8


SKY COVER
  POSSIBLE SUNSHINE  MM
  AVERAGE SKY COVER 0.9


WEATHER CONDITIONS
 THE FOLLOWING WEATHER WAS RECORDED YESTERDAY.
  FOG
  FOG W/VISIBILITY <= 1/4 MILE


RELATIVE HUMIDITY (PERCENT)
 HIGHEST   100           200 AM
 LOWEST     72           300 PM
 AVERAGE    86

..........................................................


THE EUGENE OR CLIMATE NORMALS FOR TODAY
                         NORMAL    RECORD    YEAR
 MAXIMUM TEMPERATURE (F)   49        69      1931
 MINIMUM TEMPERATURE (F)   35        -4      1957


SUNRISE AND SUNSET
JANUARY 27 2015.......SUNRISE   736 AM PST   SUNSET   516 PM PST
JANUARY 28 2015.......SUNRISE   735 AM PST   SUNSET   517 PM PST


-  INDICATES NEGATIVE NUMBERS.
R  INDICATES RECORD WAS SET OR TIED.
MM INDICATES DATA IS MISSING.
T  INDICATES TRACE AMOUNT.




$$
