187
CDUS46 KPQR 240220
CLIEUG


CLIMATE REPORT
NATIONAL WEATHER SERVICE PORTLAND OREGON
720 PM PDT MON OCT 23 2017


...................................

...THE EUGENE OR CLIMATE SUMMARY FOR OCTOBER 23 2017...
VALID TODAY AS OF 0700 PM LOCAL TIME.

CLIMATE NORMAL PERIOD 1981 TO 2010
CLIMATE RECORD PERIOD 1892 TO 2017


WEATHER ITEM   OBSERVED TIME   RECORD YEAR NORMAL DEPARTURE LAST
                VALUE   (LST)  VALUE       VALUE  FROM      YEAR
                                                  NORMAL
..................................................................
TEMPERATURE (F)
 TODAY
  MAXIMUM         61    431 PM  78    1992  61      0       61
  MINIMUM         46    220 AM  28    2000  40      6       52
                                      1935
  AVERAGE         54                        50      4       57

PRECIPITATION (IN)
  TODAY            0.00          1.23 2010   0.14  -0.14     0.02
  MONTH TO DATE    4.08                      2.00   2.08     7.51
  SINCE OCT 1      4.08                      2.00   2.08     7.51
  SINCE JAN 1     30.74                     29.30   1.44    29.25

SNOWFALL (IN)
  TODAY            0.0
  MONTH TO DATE    0.0
  SINCE SEP 1      0.0
  SINCE JUL 1      0.0

DEGREE DAYS
 HEATING
  TODAY           11                        15     -4        8
  MONTH TO DATE  310                       258     52      204
  SINCE SEP 1    425                       379     46      309
  SINCE JUL 1    441                       446     -5      332

 COOLING
  TODAY            0                         0      0        0
  MONTH TO DATE    0                         0      0        2
  SINCE SEP 1     74                        30     44       12
  SINCE JAN 1    376                       238    138      325
..................................................................


WIND (MPH)
  HIGHEST WIND SPEED    13   HIGHEST WIND DIRECTION     N (360)
  HIGHEST GUST SPEED    15   HIGHEST GUST DIRECTION     N (350)
  AVERAGE WIND SPEED     5.2


SKY COVER
  POSSIBLE SUNSHINE  MM
  AVERAGE SKY COVER 0.8


WEATHER CONDITIONS
 THE FOLLOWING WEATHER WAS RECORDED TODAY.
  FOG
  FOG W/VISIBILITY <= 1/4 MILE


RELATIVE HUMIDITY (PERCENT)
 HIGHEST   100          1200 AM
 LOWEST     78           300 PM
 AVERAGE    89

..........................................................


THE EUGENE OR CLIMATE NORMALS FOR TOMORROW
                         NORMAL    RECORD    YEAR
 MAXIMUM TEMPERATURE (F)   60        75      1924
 MINIMUM TEMPERATURE (F)   40        27      1935


SUNRISE AND SUNSET
OCTOBER 23 2017.......SUNRISE   738 AM PDT   SUNSET   615 PM PDT
OCTOBER 24 2017.......SUNRISE   740 AM PDT   SUNSET   614 PM PDT


-  INDICATES NEGATIVE NUMBERS.
R  INDICATES RECORD WAS SET OR TIED.
MM INDICATES DATA IS MISSING.
T  INDICATES TRACE AMOUNT.




$$
