000
CDUS46 KPQR 120243
CLIEUG


CLIMATE REPORT
NATIONAL WEATHER SERVICE PORTLAND OREGON
743 PM PDT FRI JUL 11 2014


...................................

...THE EUGENE OR CLIMATE SUMMARY FOR JULY 11 2014...
VALID TODAY AS OF 0700 PM LOCAL TIME.

CLIMATE NORMAL PERIOD 1981 TO 2010
CLIMATE RECORD PERIOD 1892 TO 2014


WEATHER ITEM   OBSERVED TIME   RECORD YEAR NORMAL DEPARTURE LAST
                VALUE   (LST)  VALUE       VALUE  FROM      YEAR
                                                  NORMAL
..................................................................
TEMPERATURE (F)
 TODAY
  MAXIMUM         80   1253 PM 103    1961  82     -2       79
  MINIMUM         53    451 AM  40    1981  51      2       48
  AVERAGE         67                        66      1       64

PRECIPITATION (IN)
  TODAY            0.00          0.33 1893   0.02  -0.02     0.00
  MONTH TO DATE    0.00                      0.25  -0.25     0.00
  SINCE OCT 1     26.63                     43.91 -17.28    29.01
  SINCE JAN 1     22.44                     25.11  -2.67     9.67

SNOWFALL (IN)
  TODAY            0.0
  MONTH TO DATE    0.0
  SINCE JUN 1      0.0
  SINCE JUL 1      0.0

DEGREE DAYS
 HEATING
  TODAY            0                         1     -1        1
  MONTH TO DATE    0                        20    -20        3
  SINCE JUN 1    107                       177    -70       95
  SINCE JUL 1      0                        20    -20        3

 COOLING
  TODAY            2                         3     -1        0
  MONTH TO DATE   69                        24     45       55
  SINCE JUN 1     75                        43     32      103
  SINCE JAN 1     78                        48     30      108
..................................................................


WIND (MPH)
  HIGHEST WIND SPEED    12   HIGHEST WIND DIRECTION     S (190)
  HIGHEST GUST SPEED    14   HIGHEST GUST DIRECTION     S (190)
  AVERAGE WIND SPEED     2.8


SKY COVER
  POSSIBLE SUNSHINE  MM
  AVERAGE SKY COVER 0.5


WEATHER CONDITIONS
 THE FOLLOWING WEATHER WAS RECORDED TODAY.
  NO SIGNIFICANT WEATHER WAS OBSERVED.


RELATIVE HUMIDITY (PERCENT)
 HIGHEST    93           400 AM
 LOWEST     48          1200 PM
 AVERAGE    71

..........................................................


THE EUGENE OR CLIMATE NORMALS FOR TOMORROW
                         NORMAL    RECORD    YEAR
 MAXIMUM TEMPERATURE (F)   82       105      1961
 MINIMUM TEMPERATURE (F)   51        43      1971
                                             1932


SUNRISE AND SUNSET
JULY 11 2014..........SUNRISE   540 AM PDT   SUNSET   856 PM PDT
JULY 12 2014..........SUNRISE   541 AM PDT   SUNSET   855 PM PDT


-  INDICATES NEGATIVE NUMBERS.
R  INDICATES RECORD WAS SET OR TIED.
MM INDICATES DATA IS MISSING.
T  INDICATES TRACE AMOUNT.




$$
