000
CDUS46 KPQR 231146
CLIEUG


CLIMATE REPORT
NATIONAL WEATHER SERVICE PORTLAND OREGON
345 AM PST MON JAN 23 2017


...................................

...THE EUGENE OR CLIMATE SUMMARY FOR JANUARY 22 2017...

CLIMATE NORMAL PERIOD 1981 TO 2010
CLIMATE RECORD PERIOD 1892 TO 2017


WEATHER ITEM   OBSERVED TIME   RECORD YEAR NORMAL DEPARTURE LAST
                VALUE   (LST)  VALUE       VALUE  FROM      YEAR
                                                  NORMAL
..................................................................
TEMPERATURE (F)
 YESTERDAY
  MAXIMUM         50   1211 PM  69    1931  48      2       59
  MINIMUM         35   1159 PM   6    1962  35      0       47
  AVERAGE         43                        41      2       53

PRECIPITATION (IN)
  YESTERDAY        0.17          1.47 1970   0.21  -0.04     0.44
  MONTH TO DATE    4.00                      5.08  -1.08     5.64
  SINCE OCT 1     23.59                     23.88  -0.29    24.48
  SINCE JAN 1      4.00                      5.08  -1.08     5.64

SNOWFALL (IN)
  YESTERDAY        0.0
  MONTH TO DATE    5.1
  SINCE DEC 1      5.1
  SINCE JUL 1      5.1

DEGREE DAYS
 HEATING
  YESTERDAY       22                        24     -2       12
  MONTH TO DATE  668                       541    127      515
  SINCE DEC 1   1539                      1325    214     1163
  SINCE JUL 1   2372                      2498   -126     2144

 COOLING
  YESTERDAY        0                         0      0        0
  MONTH TO DATE    0                         0      0        0
  SINCE DEC 1      0                         0      0        0
  SINCE JAN 1      0                         0      0        0
..................................................................


WIND (MPH)
  HIGHEST WIND SPEED    26   HIGHEST WIND DIRECTION     S (190)
  HIGHEST GUST SPEED    35   HIGHEST GUST DIRECTION    SW (210)
  AVERAGE WIND SPEED     9.2


SKY COVER
  POSSIBLE SUNSHINE  MM
  AVERAGE SKY COVER 0.8


WEATHER CONDITIONS
 THE FOLLOWING WEATHER WAS RECORDED YESTERDAY.
  LIGHT RAIN
  FOG


RELATIVE HUMIDITY (PERCENT)
 HIGHEST   100          1200 AM
 LOWEST     65           300 PM
 AVERAGE    83

..........................................................


THE EUGENE OR CLIMATE NORMALS FOR TODAY
                         NORMAL    RECORD    YEAR
 MAXIMUM TEMPERATURE (F)   48        63      1919
 MINIMUM TEMPERATURE (F)   35         8      1962


SUNRISE AND SUNSET
JANUARY 23 2017.......SUNRISE   739 AM PST   SUNSET   511 PM PST
JANUARY 24 2017.......SUNRISE   738 AM PST   SUNSET   513 PM PST


-  INDICATES NEGATIVE NUMBERS.
R  INDICATES RECORD WAS SET OR TIED.
MM INDICATES DATA IS MISSING.
T  INDICATES TRACE AMOUNT.




$$
