000
CDUS46 KPQR 221144
CLIEUG


CLIMATE REPORT
NATIONAL WEATHER SERVICE PORTLAND OREGON
443 AM PDT THU JUN 22 2017


...................................

...THE EUGENE OR CLIMATE SUMMARY FOR JUNE 21 2017...

CLIMATE NORMAL PERIOD 1981 TO 2010
CLIMATE RECORD PERIOD 1892 TO 2017


WEATHER ITEM   OBSERVED TIME   RECORD YEAR NORMAL DEPARTURE LAST
                VALUE   (LST)  VALUE       VALUE  FROM      YEAR
                                                  NORMAL
..................................................................
TEMPERATURE (F)
 YESTERDAY
  MAXIMUM         76    326 PM  96    1992  75      1       77
  MINIMUM         48    522 AM  38    1983  48      0       40
  AVERAGE         62                        62      0       59

PRECIPITATION (IN)
  YESTERDAY        0.00          1.13 1897   0.04  -0.04     0.00
  MONTH TO DATE    1.38                      1.24   0.14     0.76
  SINCE OCT 1     45.04                     43.40   1.64    39.53
  SINCE JAN 1     25.45                     24.60   0.85    20.69

SNOWFALL (IN)
  YESTERDAY        0.0
  MONTH TO DATE    0.0
  SINCE JUN 1      0.0
  SINCE JUL 1      5.1

DEGREE DAYS
 HEATING
  YESTERDAY        3                         4     -1        6
  MONTH TO DATE  116                       126    -10       90
  SINCE JUN 1    116                       126    -10       90
  SINCE JUL 1   4549                      4775   -226     3875

 COOLING
  YESTERDAY        0                         1     -1        0
  MONTH TO DATE    8                         6      2       49
  SINCE JUN 1      8                         6      2       49
  SINCE JAN 1     21                        11     10       52
..................................................................


WIND (MPH)
  HIGHEST WIND SPEED    21   HIGHEST WIND DIRECTION     N (10)
  HIGHEST GUST SPEED    28   HIGHEST GUST DIRECTION     N (10)
  AVERAGE WIND SPEED    13.4


SKY COVER
  POSSIBLE SUNSHINE  MM
  AVERAGE SKY COVER 0.3


WEATHER CONDITIONS
 THE FOLLOWING WEATHER WAS RECORDED YESTERDAY.
  NO SIGNIFICANT WEATHER WAS OBSERVED.


RELATIVE HUMIDITY (PERCENT)
 HIGHEST    93          1200 AM
 LOWEST     35           300 PM
 AVERAGE    64

..........................................................


THE EUGENE OR CLIMATE NORMALS FOR TODAY
                         NORMAL    RECORD    YEAR
 MAXIMUM TEMPERATURE (F)   75       102      1992
 MINIMUM TEMPERATURE (F)   49        39      2009
                                             1987
                                             1979


SUNRISE AND SUNSET
JUNE 22 2017..........SUNRISE   530 AM PDT   SUNSET   900 PM PDT
JUNE 23 2017..........SUNRISE   530 AM PDT   SUNSET   900 PM PDT


-  INDICATES NEGATIVE NUMBERS.
R  INDICATES RECORD WAS SET OR TIED.
MM INDICATES DATA IS MISSING.
T  INDICATES TRACE AMOUNT.




$$
