000
CDUS43 KPAH 300630
CLIEVV


CLIMATE REPORT
NATIONAL WEATHER SERVICE PADUCAH KY
127 AM CDT THU JUL 30 2015


...................................

...THE EVANSVILLE IN CLIMATE SUMMARY FOR JULY 29 2015...

CLIMATE NORMAL PERIOD 1981 TO 2010
CLIMATE RECORD PERIOD 1896 TO 2015


WEATHER ITEM   OBSERVED TIME   RECORD YEAR NORMAL DEPARTURE LAST
                VALUE   (LST)  VALUE       VALUE  FROM      YEAR
                                                  NORMAL
..................................................................
TEMPERATURE (F)
 YESTERDAY
  MAXIMUM         95    159 PM  99    1940  88      7       80
  MINIMUM         75    514 AM  55    1965  67      8       58
  AVERAGE         85                        78      7       69

PRECIPITATION (IN)
  YESTERDAY        0.13          1.98 1977   0.11   0.02     0.00
  MONTH TO DATE    4.67                      3.70   0.97     4.02
  SINCE JUN 1     12.06                      7.48   4.58     7.89
  SINCE JAN 1     34.50                     27.72   6.78    29.38

SNOWFALL (IN)
  YESTERDAY        0.0          MM      MM   0.0    0.0      0.0
  MONTH TO DATE    0.0                       0.0    0.0      0.0
  SINCE JUN 1      0.0                       0.0    0.0      0.0
  SINCE JUL 1      0.0                       0.0    0.0      0.0
  SNOW DEPTH       0

DEGREE DAYS
 HEATING
  YESTERDAY        0                         0      0        0
  MONTH TO DATE    0                         0      0        0
  SINCE JUN 1      7                         6      1        0
  SINCE JUL 1      0                         0      0        0

 COOLING
  YESTERDAY       20                        13      7        4
  MONTH TO DATE  414                       377     37      280
  SINCE JUN 1    766                       675     91      642
  SINCE JAN 1    957                       810    147      853
..................................................................


WIND (MPH)
  HIGHEST WIND SPEED    14   HIGHEST WIND DIRECTION    NW (330)
  HIGHEST GUST SPEED    20   HIGHEST GUST DIRECTION    NW (330)
  AVERAGE WIND SPEED     4.9


SKY COVER
  AVERAGE SKY COVER 0.1


WEATHER CONDITIONS
 THE FOLLOWING WEATHER WAS RECORDED YESTERDAY.
  THUNDERSTORM
  RAIN
  LIGHT RAIN
  FOG
  HAZE


RELATIVE HUMIDITY (PERCENT)
 HIGHEST    94
 LOWEST     60
 AVERAGE    77

..........................................................


THE EVANSVILLE IN CLIMATE NORMALS FOR TODAY
                         NORMAL    RECORD    YEAR
 MAXIMUM TEMPERATURE (F)   88       101      1913
 MINIMUM TEMPERATURE (F)   67        51      1965


SUNRISE AND SUNSET
JULY 30 2015..........SUNRISE   551 AM CDT   SUNSET   802 PM CDT
JULY 31 2015..........SUNRISE   552 AM CDT   SUNSET   801 PM CDT


-  INDICATES NEGATIVE NUMBERS.
R  INDICATES RECORD WAS SET OR TIED.
MM INDICATES DATA IS MISSING.
T  INDICATES TRACE AMOUNT.




$$
