000
CDUS43 KPAH 180628
CLIEVV


CLIMATE REPORT
NATIONAL WEATHER SERVICE PADUCAH KY
1227 AM CST THU DEC 18 2014

...................................

...THE EVANSVILLE IN CLIMATE SUMMARY FOR DECEMBER 17 2014...

CLIMATE NORMAL PERIOD 1981 TO 2010
CLIMATE RECORD PERIOD 1896 TO 2014

WEATHER ITEM   OBSERVED TIME   RECORD YEAR NORMAL DEPARTURE LAST
                VALUE   (LST)  VALUE       VALUE  FROM      YEAR
                                                  NORMAL
..................................................................
TEMPERATURE (F)
 YESTERDAY
  MAXIMUM         37    259 PM  68    1984  43     -6       40
  MINIMUM         30   1154 PM  -3    1989  27      3       27
  AVERAGE         34                        35     -1       34

PRECIPITATION (IN)
  YESTERDAY        0.00          1.95 2001   0.11  -0.11     0.00
  MONTH TO DATE    2.45                      2.16   0.29     2.69
  SINCE DEC 1      2.45                      2.16   0.29     2.69
  SINCE JAN 1     46.23                     43.71   2.52    48.94

SNOWFALL (IN)
  YESTERDAY        0.0           1.2  1951   0.1   -0.1      0.0
  MONTH TO DATE    0.0                       1.4   -1.4      7.2
  SINCE DEC 1      0.0                       1.4   -1.4      7.2
  SINCE JUL 1      2.4                       1.7    0.7      7.2
  SNOW DEPTH       0

DEGREE DAYS
 HEATING
  YESTERDAY       31                        30      1       31
  MONTH TO DATE  409                       474    -65      529
  SINCE DEC 1    409                       474    -65      529
  SINCE JUL 1   1412                      1335     77     1443

 COOLING
  YESTERDAY        0                         0      0        0
  MONTH TO DATE    0                         0      0        0
  SINCE DEC 1      0                         0      0        0
  SINCE JAN 1   1477                      1397     80     1464
..................................................................

WIND (MPH)
  HIGHEST WIND SPEED    12   HIGHEST WIND DIRECTION     W (290)
  HIGHEST GUST SPEED    16   HIGHEST GUST DIRECTION     W (290)
  AVERAGE WIND SPEED     5.9

SKY COVER
  AVERAGE SKY COVER 0.8

WEATHER CONDITIONS
 THE FOLLOWING WEATHER WAS RECORDED YESTERDAY.
  HAZE

RELATIVE HUMIDITY (PERCENT)
 HIGHEST    78
 LOWEST     64
 AVERAGE    71
..........................................................

THE EVANSVILLE IN CLIMATE NORMALS FOR TODAY
                         NORMAL    RECORD    YEAR
 MAXIMUM TEMPERATURE (F)   43        68      1924
 MINIMUM TEMPERATURE (F)   26        -2      1963

SUNRISE AND SUNSET
DECEMBER 18 2014......SUNRISE   701 AM CST   SUNSET   433 PM CST
DECEMBER 19 2014......SUNRISE   702 AM CST   SUNSET   433 PM CST

-  INDICATES NEGATIVE NUMBERS.
R  INDICATES RECORD WAS SET OR TIED.
MM INDICATES DATA IS MISSING.
T  INDICATES TRACE AMOUNT.

$$
