000
CDUS45 KSLC 250026
CLIEVW


CLIMATE REPORT
NATIONAL WEATHER SERVICE SALT LAKE CITY UT
526 PM MST SAT FEB 24 2018


...................................

...THE EVANSTON WY CLIMATE SUMMARY FOR FEBRUARY 24 2018...
VALID TODAY AS OF 0500 PM LOCAL TIME.

CLIMATE NORMAL PERIOD 1981 TO 2010
CLIMATE RECORD PERIOD 9999 TO 9999


WEATHER ITEM   OBSERVED TIME   RECORD YEAR NORMAL DEPARTURE LAST
                VALUE   (LST)  VALUE       VALUE  FROM      YEAR
                                                  NORMAL
..................................................................
TEMPERATURE (F)
 TODAY
  MAXIMUM         18    346 PM  MM      MM  33    -15       18
  MINIMUM          0    236 AM  MM      MM  16    -16        5
  AVERAGE          9                        25    -16       12

PRECIPITATION (IN)
  TODAY            T            MM      MM   0.02  -0.02     0.01
  MONTH TO DATE    0.41                      0.52  -0.11     1.18
  SINCE OCT 1      2.12                      3.85  -1.73     3.84
  SINCE JAN 1      0.58                      1.06  -0.48     2.26

DEGREE DAYS
 HEATING
  TODAY           56                        40     16       53
  MONTH TO DATE  945                      1018    -73      868
  SINCE DEC 1   3146                      3738   -592     3720
  SINCE JUL 1   4993                      5847   -854     5371

 COOLING
  TODAY            0                         0      0        0
  MONTH TO DATE    0                         0      0        0
  SINCE DEC 1      0                         0      0        0
  SINCE JAN 1      0                         0      0        0
..................................................................


WIND (MPH)
  RESULTANT WIND SPEED  15   RESULTANT WIND DIRECTION  SW (230)
  HIGHEST WIND SPEED    26   HIGHEST WIND DIRECTION    SW (230)
  HIGHEST GUST SPEED    31   HIGHEST GUST DIRECTION    SW (220)
  AVERAGE WIND SPEED    15.4


SKY COVER
  POSSIBLE SUNSHINE  MM
  AVERAGE SKY COVER 0.7


WEATHER CONDITIONS
 THE FOLLOWING WEATHER WAS RECORDED TODAY.
  FOG


RELATIVE HUMIDITY (PERCENT)
 HIGHEST    95           100 AM
 LOWEST     61           200 PM
 AVERAGE    78

..........................................................


THE EVANSTON WY CLIMATE NORMALS FOR TOMORROW
                         NORMAL    RECORD    YEAR
 MAXIMUM TEMPERATURE (F)   33        MM        MM
 MINIMUM TEMPERATURE (F)   16        MM        MM


SUNRISE AND SUNSET
FEBRUARY 24 2018......SUNRISE   706 AM MST   SUNSET   609 PM MST
FEBRUARY 25 2018......SUNRISE   704 AM MST   SUNSET   610 PM MST


-  INDICATES NEGATIVE NUMBERS.
R  INDICATES RECORD WAS SET OR TIED.
MM INDICATES DATA IS MISSING.
T  INDICATES TRACE AMOUNT.




$$
