000
CDUS45 KSLC 280029
CLIEVW


CLIMATE REPORT
NATIONAL WEATHER SERVICE SALT LAKE CITY UT
628 PM MDT TUE SEP 27 2016


...................................

...THE EVANSTON WY CLIMATE SUMMARY FOR SEPTEMBER 27 2016...
VALID TODAY AS OF 0500 PM LOCAL TIME.

CLIMATE NORMAL PERIOD 1981 TO 2010
CLIMATE RECORD PERIOD 9999 TO 9999


WEATHER ITEM   OBSERVED TIME   RECORD YEAR NORMAL DEPARTURE LAST
                VALUE   (LST)  VALUE       VALUE  FROM      YEAR
                                                  NORMAL
..................................................................
TEMPERATURE (F)
 TODAY
  MAXIMUM         74        MM  MM      MM  64     10       80
  MINIMUM         42        MM  MM      MM  38      4       54
  AVERAGE         58                        51      7       67

PRECIPITATION (IN)
  TODAY            0.00         MM      MM   0.05  -0.05     0.00
  MONTH TO DATE    1.85                      1.18   0.67     0.88
  SINCE OCT 1      6.71                     12.00  -5.29    10.67
  SINCE JAN 1      5.72                      9.21  -3.49     9.79

DEGREE DAYS
 HEATING
  TODAY            7                        14     -7        0
  MONTH TO DATE  235                       251    -16      126
  SINCE SEP 1    235                       251    -16      126
  SINCE JUL 1    294                       354    -60      218

 COOLING
  TODAY            0                         0      0        2
  MONTH TO DATE    7                         0      7       23
  SINCE SEP 1      7                         0      7       23
  SINCE JAN 1    293                       157    136      232
..................................................................


WIND (MPH)
  RESULTANT WIND SPEED   2   RESULTANT WIND DIRECTION  SE (120)
  HIGHEST WIND SPEED     7   HIGHEST WIND DIRECTION     E (80)
  HIGHEST GUST SPEED    MM   HIGHEST GUST DIRECTION    MM
  AVERAGE WIND SPEED     3.3


SKY COVER
  POSSIBLE SUNSHINE  MM
  AVERAGE SKY COVER 0.0


WEATHER CONDITIONS
 THE FOLLOWING WEATHER WAS RECORDED TODAY.
  NO SIGNIFICANT WEATHER WAS OBSERVED.


RELATIVE HUMIDITY (PERCENT)
 HIGHEST    65           400 AM
 LOWEST     20           300 PM
 AVERAGE    43

..........................................................


THE EVANSTON WY CLIMATE NORMALS FOR TOMORROW
                         NORMAL    RECORD    YEAR
 MAXIMUM TEMPERATURE (F)   64        MM        MM
 MINIMUM TEMPERATURE (F)   38        MM        MM


SUNRISE AND SUNSET
SEPTEMBER 27 2016.....SUNRISE   717 AM MDT   SUNSET   712 PM MDT
SEPTEMBER 28 2016.....SUNRISE   718 AM MDT   SUNSET   710 PM MDT


-  INDICATES NEGATIVE NUMBERS.
R  INDICATES RECORD WAS SET OR TIED.
MM INDICATES DATA IS MISSING.
T  INDICATES TRACE AMOUNT.




$$
