000
CDUS45 KSLC 241239
CLIEVW


CLIMATE REPORT
NATIONAL WEATHER SERVICE SALT LAKE CITY UT
638 AM MDT THU JUL 24 2014


...................................

...THE EVANSTON WY CLIMATE SUMMARY FOR JULY 23 2014...

CLIMATE NORMAL PERIOD 1981 TO 2010
CLIMATE RECORD PERIOD 9999 TO 9999


WEATHER ITEM   OBSERVED TIME   RECORD YEAR NORMAL DEPARTURE LAST
                VALUE   (LST)  VALUE       VALUE  FROM      YEAR
                                                  NORMAL
..................................................................
TEMPERATURE (F)
 YESTERDAY
  MAXIMUM         92    331 PM  MM      MM  82     10       91
  MINIMUM         58    543 AM  MM      MM  54      4       57
  AVERAGE         75                        68      7       74

PRECIPITATION (IN)
  YESTERDAY        0.03         MM      MM   0.03   0.00     0.00
  MONTH TO DATE    0.52                      0.67  -0.15     0.16
  SINCE OCT 1      4.09                      9.63  -5.54     4.40
  SINCE JAN 1      2.89                      6.84  -3.95     2.17

DEGREE DAYS
 HEATING
  YESTERDAY        0                         1     -1        0
  MONTH TO DATE    6                        35    -29        1
  SINCE JUN 1    229                       265    -36      134
  SINCE JUL 1      6                        35    -29        1

 COOLING
  YESTERDAY       10                         3      7        9
  MONTH TO DATE  128                        51     77      136
  SINCE JUN 1    129                        64     65      191
  SINCE JAN 1    134                        65     69      191
..................................................................


WIND (MPH)
  RESULTANT WIND SPEED   8   RESULTANT WIND DIRECTION   S (200)
  HIGHEST WIND SPEED    39   HIGHEST WIND DIRECTION     W (270)
  HIGHEST GUST SPEED    48   HIGHEST GUST DIRECTION     W (270)
  AVERAGE WIND SPEED    10.5


SKY COVER
  POSSIBLE SUNSHINE  MM
  AVERAGE SKY COVER 0.1


WEATHER CONDITIONS
 THE FOLLOWING WEATHER WAS RECORDED YESTERDAY.
  THUNDERSTORM
  RAIN
  LIGHT RAIN


RELATIVE HUMIDITY (PERCENT)
 HIGHEST    41          1000 PM
 LOWEST     16           300 PM
 AVERAGE    29

..........................................................


THE EVANSTON WY CLIMATE NORMALS FOR TODAY
                         NORMAL    RECORD    YEAR
 MAXIMUM TEMPERATURE (F)   82        MM        MM
 MINIMUM TEMPERATURE (F)   54        MM        MM


SUNRISE AND SUNSET
JULY 24 2014..........SUNRISE   612 AM MDT   SUNSET   849 PM MDT
JULY 25 2014..........SUNRISE   613 AM MDT   SUNSET   848 PM MDT


-  INDICATES NEGATIVE NUMBERS.
R  INDICATES RECORD WAS SET OR TIED.
MM INDICATES DATA IS MISSING.
T  INDICATES TRACE AMOUNT.




$$
