000
CDUS45 KSLC 230026
CLIEVW


CLIMATE REPORT
NATIONAL WEATHER SERVICE SALT LAKE CITY UT
526 PM MST MON DEC 22 2014


...................................

...THE EVANSTON WY CLIMATE SUMMARY FOR DECEMBER 22 2014...
VALID TODAY AS OF 0500 PM LOCAL TIME.

CLIMATE NORMAL PERIOD 1981 TO 2010
CLIMATE RECORD PERIOD 9999 TO 9999


WEATHER ITEM   OBSERVED TIME   RECORD YEAR NORMAL DEPARTURE LAST
                VALUE   (LST)  VALUE       VALUE  FROM      YEAR
                                                  NORMAL
..................................................................
TEMPERATURE (F)
 TODAY
  MAXIMUM         35        MM  MM      MM  27      8       27
  MINIMUM         27        MM  MM      MM  13     14       19
  AVERAGE         31                        20     11       23

PRECIPITATION (IN)
  TODAY            0.02         MM      MM   0.02   0.00      T
  MONTH TO DATE    0.13                      0.43  -0.30     0.05
  SINCE OCT 1      0.83                      2.64  -1.81     1.19
  SINCE JAN 1      9.96                     11.98  -2.02     5.25

DEGREE DAYS
 HEATING
  TODAY           34                        45    -11       42
  MONTH TO DATE  680                       970   -290     1050
  SINCE DEC 1    680                       970   -290     1050
  SINCE JUL 1   2476                      3079   -603     2945

 COOLING
  TODAY            0                         0      0        0
  MONTH TO DATE    0                         0      0        0
  SINCE DEC 1      0                         0      0        0
  SINCE JAN 1    219                       162     57      348
..................................................................


WIND (MPH)
  RESULTANT WIND SPEED  13   RESULTANT WIND DIRECTION   W (270)
  HIGHEST WIND SPEED    20   HIGHEST WIND DIRECTION     W (290)
  HIGHEST GUST SPEED    30   HIGHEST GUST DIRECTION     W (290)
  AVERAGE WIND SPEED    14.2


SKY COVER
  POSSIBLE SUNSHINE  MM
  AVERAGE SKY COVER 1.0


WEATHER CONDITIONS
 THE FOLLOWING WEATHER WAS RECORDED TODAY.
  LIGHT SNOW
  FOG


RELATIVE HUMIDITY (PERCENT)
 HIGHEST    92           200 AM
 LOWEST     69          1200 PM
 AVERAGE    81

..........................................................


THE EVANSTON WY CLIMATE NORMALS FOR TOMORROW
                         NORMAL    RECORD    YEAR
 MAXIMUM TEMPERATURE (F)   27        MM        MM
 MINIMUM TEMPERATURE (F)   13        MM        MM


SUNRISE AND SUNSET
DECEMBER 22 2014......SUNRISE   747 AM MST   SUNSET   459 PM MST
DECEMBER 23 2014......SUNRISE   747 AM MST   SUNSET   459 PM MST


-  INDICATES NEGATIVE NUMBERS.
R  INDICATES RECORD WAS SET OR TIED.
MM INDICATES DATA IS MISSING.
T  INDICATES TRACE AMOUNT.




$$
