000
CDUS45 KSLC 251230
CLIEVW


CLIMATE REPORT
NATIONAL WEATHER SERVICE SALT LAKE CITY UT
629 AM MDT MON MAY 25 2015


...................................

...THE EVANSTON WY CLIMATE SUMMARY FOR MAY 24 2015...

CLIMATE NORMAL PERIOD 1981 TO 2010
CLIMATE RECORD PERIOD 9999 TO 9999


WEATHER ITEM   OBSERVED TIME   RECORD YEAR NORMAL DEPARTURE LAST
                VALUE   (LST)  VALUE       VALUE  FROM      YEAR
                                                  NORMAL
..................................................................
TEMPERATURE (F)
 YESTERDAY
  MAXIMUM         55    121 PM  MM      MM  64     -9       61
  MINIMUM         36    516 AM  MM      MM  39     -3       42
  AVERAGE         46                        51     -5       52

PRECIPITATION (IN)
  YESTERDAY        0.05         MM      MM   0.06  -0.01     0.31
  MONTH TO DATE    3.75                      1.41   2.34     0.84
  SINCE OCT 1      6.65                      7.36  -0.71     2.37
  SINCE JAN 1      5.77                      4.57   1.20     1.17

DEGREE DAYS
 HEATING
  YESTERDAY       19                        14      5       13
  MONTH TO DATE  426                       415     11      381
  SINCE MAR 1   1879                      2244   -365     2070
  SINCE JUL 1   6851                      8252  -1401     7720

 COOLING
  YESTERDAY        0                         0      0        0
  MONTH TO DATE    0                         0      0        0
  SINCE MAR 1      0                         0      0        0
  SINCE JAN 1      0                         0      0        0
..................................................................


WIND (MPH)
  RESULTANT WIND SPEED   6   RESULTANT WIND DIRECTION  SW (230)
  HIGHEST WIND SPEED    25   HIGHEST WIND DIRECTION    NW (330)
  HIGHEST GUST SPEED    30   HIGHEST GUST DIRECTION    NW (320)
  AVERAGE WIND SPEED     7.4


SKY COVER
  POSSIBLE SUNSHINE  MM
  AVERAGE SKY COVER 0.8


WEATHER CONDITIONS
 THE FOLLOWING WEATHER WAS RECORDED YESTERDAY.
  LIGHT RAIN
  FOG


RELATIVE HUMIDITY (PERCENT)
 HIGHEST    92           200 AM
 LOWEST     54           100 PM
 AVERAGE    73

..........................................................


THE EVANSTON WY CLIMATE NORMALS FOR TODAY
                         NORMAL    RECORD    YEAR
 MAXIMUM TEMPERATURE (F)   64        MM        MM
 MINIMUM TEMPERATURE (F)   39        MM        MM


SUNRISE AND SUNSET
MAY 25 2015...........SUNRISE   557 AM MDT   SUNSET   845 PM MDT
MAY 26 2015...........SUNRISE   557 AM MDT   SUNSET   846 PM MDT


-  INDICATES NEGATIVE NUMBERS.
R  INDICATES RECORD WAS SET OR TIED.
MM INDICATES DATA IS MISSING.
T  INDICATES TRACE AMOUNT.




$$
