000
CDUS45 KSLC 050027
CLIEVW


CLIMATE REPORT
NATIONAL WEATHER SERVICE SALT LAKE CITY UT
626 PM MDT FRI SEP 4 2015


...................................

...THE EVANSTON WY CLIMATE SUMMARY FOR SEPTEMBER 4 2015...
VALID TODAY AS OF 0500 PM LOCAL TIME.

CLIMATE NORMAL PERIOD 1981 TO 2010
CLIMATE RECORD PERIOD 9999 TO 9999


WEATHER ITEM   OBSERVED TIME   RECORD YEAR NORMAL DEPARTURE LAST
                VALUE   (LST)  VALUE       VALUE  FROM      YEAR
                                                  NORMAL
..................................................................
TEMPERATURE (F)
 TODAY
  MAXIMUM         79        MM  MM      MM  73      6       72
  MINIMUM         56    500 AM  MM      MM  46     10       45
  AVERAGE         68                        59      9       59

PRECIPITATION (IN)
  TODAY            0.00         MM      MM   0.05  -0.05     0.00
  MONTH TO DATE    0.01                      0.19  -0.18     0.00
  SINCE OCT 1      9.80                     11.01  -1.21     6.81
  SINCE JAN 1      8.92                      8.22   0.70     5.61

DEGREE DAYS
 HEATING
  TODAY            0                         6     -6        6
  MONTH TO DATE    0                        22    -22       19
  SINCE SEP 1      0                        22    -22       19
  SINCE JUL 1     92                       125    -33      139

 COOLING
  TODAY            3                         0      3        0
  MONTH TO DATE   10                         0     10        1
  SINCE SEP 1     10                         0     10        1
  SINCE JAN 1    219                       157     62      207
..................................................................


WIND (MPH)
  RESULTANT WIND SPEED  18   RESULTANT WIND DIRECTION  SW (210)
  HIGHEST WIND SPEED    31   HIGHEST WIND DIRECTION    SW (220)
  HIGHEST GUST SPEED    45   HIGHEST GUST DIRECTION    SW (210)
  AVERAGE WIND SPEED    18.3


SKY COVER
  POSSIBLE SUNSHINE  MM
  AVERAGE SKY COVER 0.1


WEATHER CONDITIONS
 THE FOLLOWING WEATHER WAS RECORDED TODAY.
  NO SIGNIFICANT WEATHER WAS OBSERVED.


RELATIVE HUMIDITY (PERCENT)
 HIGHEST    38           600 AM
 LOWEST     13           300 PM
 AVERAGE    26

..........................................................


THE EVANSTON WY CLIMATE NORMALS FOR TOMORROW
                         NORMAL    RECORD    YEAR
 MAXIMUM TEMPERATURE (F)   73        MM        MM
 MINIMUM TEMPERATURE (F)   45        MM        MM


SUNRISE AND SUNSET
SEPTEMBER  4 2015.....SUNRISE   653 AM MDT   SUNSET   752 PM MDT
SEPTEMBER  5 2015.....SUNRISE   654 AM MDT   SUNSET   751 PM MDT


-  INDICATES NEGATIVE NUMBERS.
R  INDICATES RECORD WAS SET OR TIED.
MM INDICATES DATA IS MISSING.
T  INDICATES TRACE AMOUNT.




$$
