573
CDUS42 KMHX 220534
CLIEWN


CLIMATE REPORT
NATIONAL WEATHER SERVICE NEWPORT/MOREHEAD CITY NC
133 AM EDT FRI MAY 22 2015


...................................

...THE NEW BERN NC CLIMATE SUMMARY FOR MAY 21 2015...

CLIMATE NORMAL PERIOD 1981 TO 2010
CLIMATE RECORD PERIOD 1948 TO 2015


WEATHER ITEM   OBSERVED TIME   RECORD YEAR NORMAL DEPARTURE LAST
                VALUE   (LST)  VALUE       VALUE  FROM      YEAR
                                                  NORMAL
..................................................................
TEMPERATURE (F)
 YESTERDAY
  MAXIMUM         86    250 PM  96    1962  81      5       88
  MINIMUM         60   1159 PM  43    1968  60      0       63
  AVERAGE         73                        71      2       76

PRECIPITATION (IN)
  YESTERDAY        0.12          1.73 1971   0.14  -0.02     0.00
  MONTH TO DATE    2.83                      2.70   0.13     1.79
  SINCE MAR 1      8.45                     10.26  -1.81    11.22
  SINCE JAN 1     16.82                     17.94  -1.12    17.75

SNOWFALL (IN)
  YESTERDAY        0.0
  MONTH TO DATE    0.0
  SINCE NOV 1      3.0
  SINCE JUL 1      3.0
  SNOW DEPTH       0

DEGREE DAYS
 HEATING
  YESTERDAY        0                         1     -1        0
  MONTH TO DATE   18                        30    -12        5
  SINCE MAR 1    475                       551    -76      563
  SINCE JUL 1   2718                      2697     21     2637

 COOLING
  YESTERDAY        8                         6      2       11
  MONTH TO DATE  135                        96     39      169
  SINCE MAR 1    223                       163     60      249
  SINCE JAN 1    230                       166     64      254
..................................................................


WIND (MPH)
  HIGHEST WIND SPEED    22   HIGHEST WIND DIRECTION     W (250)
  HIGHEST GUST SPEED    31   HIGHEST GUST DIRECTION     W (270)
  AVERAGE WIND SPEED     9.4


SKY COVER
  POSSIBLE SUNSHINE  MM
  AVERAGE SKY COVER 0.7


WEATHER CONDITIONS
 THE FOLLOWING WEATHER WAS RECORDED YESTERDAY.
  THUNDERSTORM
  HEAVY RAIN
  LIGHT RAIN
  FOG


RELATIVE HUMIDITY (PERCENT)
 HIGHEST    90           600 PM
 LOWEST     57           200 PM
 AVERAGE    74

..........................................................


THE NEW BERN NC CLIMATE NORMALS FOR TODAY
                         NORMAL    RECORD    YEAR
 MAXIMUM TEMPERATURE (F)   82        95      1975
 MINIMUM TEMPERATURE (F)   61        45      1992


SUNRISE AND SUNSET
MAY 22 2015...........SUNRISE   600 AM EDT   SUNSET   810 PM EDT
MAY 23 2015...........SUNRISE   559 AM EDT   SUNSET   811 PM EDT


-  INDICATES NEGATIVE NUMBERS.
R  INDICATES RECORD WAS SET OR TIED.
MM INDICATES DATA IS MISSING.
T  INDICATES TRACE AMOUNT.




$$
