000
CDUS42 KMHX 140530
CLIEWN


CLIMATE REPORT
NATIONAL WEATHER SERVICE NEWPORT/MOREHEAD CITY NC
1229 AM EST THU DEC 14 2017


...................................

...THE NEW BERN NC CLIMATE SUMMARY FOR DECEMBER 13 2017...

CLIMATE NORMAL PERIOD 1981 TO 2010
CLIMATE RECORD PERIOD 1948 TO 2017


WEATHER ITEM   OBSERVED TIME   RECORD YEAR NORMAL DEPARTURE LAST
                VALUE   (LST)  VALUE       VALUE  FROM      YEAR
                                                  NORMAL
..................................................................
TEMPERATURE (F)
 YESTERDAY
  MAXIMUM         42    322 PM  79    1956  58    -16       53
  MINIMUM         26    727 AM  11    1962  36    -10       38
  AVERAGE         34                        47    -13       46

PRECIPITATION (IN)
  YESTERDAY        0.00          1.39 1953   0.10  -0.10     0.40
  MONTH TO DATE    2.67                      1.42   1.25     2.63
  SINCE DEC 1      2.67                      1.42   1.25     2.63
  SINCE JAN 1     49.71                     50.77  -1.06    64.44

SNOWFALL (IN)
  YESTERDAY        0.0
  MONTH TO DATE    0.0
  SINCE NOV 1      0.0
  SINCE JUL 1      0.0
  SNOW DEPTH       0

DEGREE DAYS
 HEATING
  YESTERDAY       31                        18     13       19
  MONTH TO DATE  241                       212     29      219
  SINCE DEC 1    241                       212     29      219
  SINCE JUL 1    680                       639     41      614

 COOLING
  YESTERDAY        0                         0      0        0
  MONTH TO DATE    0                         0      0        0
  SINCE DEC 1      0                         0      0        0
  SINCE JAN 1   2150                      1900    250     2260
..................................................................


WIND (MPH)
  HIGHEST WIND SPEED    22   HIGHEST WIND DIRECTION     W (290)
  HIGHEST GUST SPEED    31   HIGHEST GUST DIRECTION    NW (330)
  AVERAGE WIND SPEED     8.7


SKY COVER
  POSSIBLE SUNSHINE  MM
  AVERAGE SKY COVER 0.0


WEATHER CONDITIONS
 THE FOLLOWING WEATHER WAS RECORDED YESTERDAY.
  NO SIGNIFICANT WEATHER WAS OBSERVED.


RELATIVE HUMIDITY (PERCENT)
 HIGHEST    69           700 PM
 LOWEST     27          1200 PM
 AVERAGE    48

..........................................................


THE NEW BERN NC CLIMATE NORMALS FOR TODAY
                         NORMAL    RECORD    YEAR
 MAXIMUM TEMPERATURE (F)   58        80      1991
 MINIMUM TEMPERATURE (F)   36        16      1962


SUNRISE AND SUNSET
DECEMBER 14 2017......SUNRISE   708 AM EST   SUNSET   458 PM EST
DECEMBER 15 2017......SUNRISE   709 AM EST   SUNSET   458 PM EST


-  INDICATES NEGATIVE NUMBERS.
R  INDICATES RECORD WAS SET OR TIED.
MM INDICATES DATA IS MISSING.
T  INDICATES TRACE AMOUNT.




$$
