000
CDUS42 KMHX 260532
CLIEWN


CLIMATE REPORT
NATIONAL WEATHER SERVICE NEWPORT/MOREHEAD CITY NC
131 AM EDT THU MAY 26 2016


...................................

...THE NEW BERN NC CLIMATE SUMMARY FOR MAY 25 2016...

CLIMATE NORMAL PERIOD 1981 TO 2010
CLIMATE RECORD PERIOD 1948 TO 2016


WEATHER ITEM   OBSERVED TIME   RECORD YEAR NORMAL DEPARTURE LAST
                VALUE   (LST)  VALUE       VALUE  FROM      YEAR
                                                  NORMAL
..................................................................
TEMPERATURE (F)
 YESTERDAY
  MAXIMUM         88    239 PM  97    2011  82      6       83
  MINIMUM         59    527 AM  46    1967  62     -3       57
  AVERAGE         74                        72      2       70

PRECIPITATION (IN)
  YESTERDAY        0.00          4.53 1969   0.14  -0.14     0.00
  MONTH TO DATE    4.59                      3.26   1.33     2.83
  SINCE MAR 1      9.60                     10.82  -1.22     8.45
  SINCE JAN 1     20.62                     18.50   2.12    16.82

SNOWFALL (IN)
  YESTERDAY        0.0
  MONTH TO DATE    0.0
  SINCE NOV 1      T
  SINCE JUL 1      T
  SNOW DEPTH       0

DEGREE DAYS
 HEATING
  YESTERDAY        0                         0      0        0
  MONTH TO DATE   34                        32      2       19
  SINCE MAR 1    424                       553   -129      476
  SINCE JUL 1   2112                      2699   -587     2719

 COOLING
  YESTERDAY        9                         7      2        5
  MONTH TO DATE  108                       124    -16      145
  SINCE MAR 1    209                       191     18      233
  SINCE JAN 1    209                       194     15      240
..................................................................


WIND (MPH)
  HIGHEST WIND SPEED    15   HIGHEST WIND DIRECTION     S (200)
  HIGHEST GUST SPEED    21   HIGHEST GUST DIRECTION     S (180)
  AVERAGE WIND SPEED     6.1


SKY COVER
  POSSIBLE SUNSHINE  MM
  AVERAGE SKY COVER 0.0


WEATHER CONDITIONS
 THE FOLLOWING WEATHER WAS RECORDED YESTERDAY.
  NO SIGNIFICANT WEATHER WAS OBSERVED.


RELATIVE HUMIDITY (PERCENT)
 HIGHEST    90           600 AM
 LOWEST     35           100 PM
 AVERAGE    63

..........................................................


THE NEW BERN NC CLIMATE NORMALS FOR TODAY
                         NORMAL    RECORD    YEAR
 MAXIMUM TEMPERATURE (F)   83       100      1953
 MINIMUM TEMPERATURE (F)   62        48      2013


SUNRISE AND SUNSET
MAY 26 2016...........SUNRISE   557 AM EDT   SUNSET   814 PM EDT
MAY 27 2016...........SUNRISE   557 AM EDT   SUNSET   814 PM EDT


-  INDICATES NEGATIVE NUMBERS.
R  INDICATES RECORD WAS SET OR TIED.
MM INDICATES DATA IS MISSING.
T  INDICATES TRACE AMOUNT.




$$
