000
CDUS42 KMHX 012145
CLIEWN


CLIMATE REPORT
NATIONAL WEATHER SERVICE NEWPORT/MOREHEAD CITY NC
545 PM EDT SAT OCT 1 2016


...................................

...THE NEW BERN NC CLIMATE SUMMARY FOR OCTOBER 1 2016...
VALID TODAY AS OF 0500 PM LOCAL TIME.

CLIMATE NORMAL PERIOD 1981 TO 2010
CLIMATE RECORD PERIOD 1948 TO 2016


WEATHER ITEM   OBSERVED TIME   RECORD YEAR NORMAL DEPARTURE LAST
                VALUE   (LST)  VALUE       VALUE  FROM      YEAR
                                                  NORMAL
..................................................................
TEMPERATURE (F)
 TODAY
  MAXIMUM         82    214 PM  91    1986  79      3       74
  MINIMUM         72    704 AM  42    1963  60     12       64
  AVERAGE         77                        69      8       69

PRECIPITATION (IN)
  TODAY            0.04          1.33 1989   0.13  -0.09     0.26
  MONTH TO DATE    0.04                      0.13  -0.09     0.26
  SINCE SEP 1     11.14                      6.02   5.12     6.92
  SINCE JAN 1     54.51                     42.82  11.69    48.14

SNOWFALL (IN)
  TODAY            0.0
  MONTH TO DATE    0.0
  SINCE NOV 1      T
  SINCE JUL 1      0.0
  SNOW DEPTH       0

DEGREE DAYS
 HEATING
  TODAY            0                         1     -1        0
  MONTH TO DATE    0                         1     -1        0
  SINCE SEP 1      0                         8     -8        0
  SINCE JUL 1      0                         8     -8        0

 COOLING
  TODAY           12                         5      7        4
  MONTH TO DATE   12                         5      7        4
  SINCE SEP 1    382                       279    103      346
  SINCE JAN 1   2137                      1808    329     2067
..................................................................


WIND (MPH)
  HIGHEST WIND SPEED    14   HIGHEST WIND DIRECTION     S (190)
  HIGHEST GUST SPEED    18   HIGHEST GUST DIRECTION     S (180)
  AVERAGE WIND SPEED     4.2


SKY COVER
  POSSIBLE SUNSHINE  MM
  AVERAGE SKY COVER 0.7


WEATHER CONDITIONS
 THE FOLLOWING WEATHER WAS RECORDED TODAY.
  THUNDERSTORM
  RAIN
  LIGHT RAIN
  FOG


RELATIVE HUMIDITY (PERCENT)
 HIGHEST    94           100 AM
 LOWEST     74          1200 PM
 AVERAGE    84

..........................................................


THE NEW BERN NC CLIMATE NORMALS FOR TOMORROW
                         NORMAL    RECORD    YEAR
 MAXIMUM TEMPERATURE (F)   79        93      1986
 MINIMUM TEMPERATURE (F)   59        43      1992


SUNRISE AND SUNSET
OCTOBER  1 2016.......SUNRISE   703 AM EDT   SUNSET   651 PM EDT
OCTOBER  2 2016.......SUNRISE   704 AM EDT   SUNSET   650 PM EDT


-  INDICATES NEGATIVE NUMBERS.
R  INDICATES RECORD WAS SET OR TIED.
MM INDICATES DATA IS MISSING.
T  INDICATES TRACE AMOUNT.




$$
