024
CDUS42 KMHX 070625
CLIEWN


CLIMATE REPORT
NATIONAL WEATHER SERVICE NEWPORT/MOREHEAD CITY NC
125 AM EST WED DEC 7 2016


...................................

...THE NEW BERN NC CLIMATE SUMMARY FOR DECEMBER 6 2016...

CLIMATE NORMAL PERIOD 1981 TO 2010
CLIMATE RECORD PERIOD 1948 TO 2016


WEATHER ITEM   OBSERVED TIME   RECORD YEAR NORMAL DEPARTURE LAST
                VALUE   (LST)  VALUE       VALUE  FROM      YEAR
                                                  NORMAL
..................................................................
TEMPERATURE (F)
 YESTERDAY
  MAXIMUM         68    332 PM  82    2013  60      8       65
  MINIMUM         48   1159 PM  24    1969  38     10       42
  AVERAGE         58                        49      9       54

PRECIPITATION (IN)
  YESTERDAY        0.73          2.12 1979   0.11   0.62     0.00
  MONTH TO DATE    1.90                      0.68   1.22     0.56
  SINCE DEC 1      1.90                      0.68   1.22     0.56
  SINCE JAN 1     63.71                     50.03  13.68    60.45

SNOWFALL (IN)
  YESTERDAY        0.0
  MONTH TO DATE    0.0
  SINCE NOV 1      0.0
  SINCE JUL 1      0.0
  SNOW DEPTH       0

DEGREE DAYS
 HEATING
  YESTERDAY        7                        16     -9       11
  MONTH TO DATE   78                        92    -14       65
  SINCE DEC 1     78                        92    -14       65
  SINCE JUL 1    473                       519    -46      348

 COOLING
  YESTERDAY        0                         0      0        0
  MONTH TO DATE    0                         0      0        1
  SINCE DEC 1      0                         0      0        1
  SINCE JAN 1   2260                      1900    360     2167
..................................................................


WIND (MPH)
  HIGHEST WIND SPEED    18   HIGHEST WIND DIRECTION     W (270)
  HIGHEST GUST SPEED    26   HIGHEST GUST DIRECTION     W (270)
  AVERAGE WIND SPEED     9.5


SKY COVER
  POSSIBLE SUNSHINE  MM
  AVERAGE SKY COVER 0.8


WEATHER CONDITIONS
 THE FOLLOWING WEATHER WAS RECORDED YESTERDAY.
  HEAVY RAIN
  RAIN
  LIGHT RAIN
  FOG


RELATIVE HUMIDITY (PERCENT)
 HIGHEST   100          1100 AM
 LOWEST     86           300 AM
 AVERAGE    93

..........................................................


THE NEW BERN NC CLIMATE NORMALS FOR TODAY
                         NORMAL    RECORD    YEAR
 MAXIMUM TEMPERATURE (F)   60        80      1951
 MINIMUM TEMPERATURE (F)   38        20      1954


SUNRISE AND SUNSET
DECEMBER  7 2016......SUNRISE   703 AM EST   SUNSET   456 PM EST
DECEMBER  8 2016......SUNRISE   704 AM EST   SUNSET   456 PM EST


-  INDICATES NEGATIVE NUMBERS.
R  INDICATES RECORD WAS SET OR TIED.
MM INDICATES DATA IS MISSING.
T  INDICATES TRACE AMOUNT.




$$
