000
CDUS42 KMHX 280528
CLIEWN


CLIMATE REPORT
NATIONAL WEATHER SERVICE NEWPORT/MOREHEAD CITY NC
127 AM EDT SUN MAY 28 2017


...................................

...THE NEW BERN NC CLIMATE SUMMARY FOR MAY 27 2017...

CLIMATE NORMAL PERIOD 1981 TO 2010
CLIMATE RECORD PERIOD 1948 TO 2017


WEATHER ITEM   OBSERVED TIME   RECORD YEAR NORMAL DEPARTURE LAST
                VALUE   (LST)  VALUE       VALUE  FROM      YEAR
                                                  NORMAL
..................................................................
TEMPERATURE (F)
 YESTERDAY
  MAXIMUM         90    206 PM  96    1989  83      7       84
  MINIMUM         62    529 AM  46    1961  62      0       59
  AVERAGE         76                        72      4       72

PRECIPITATION (IN)
  YESTERDAY        0.00          1.67 2003   0.15  -0.15     0.00
  MONTH TO DATE    2.87                      3.56  -0.69     4.59
  SINCE MAR 1     11.27                     11.12   0.15     9.60
  SINCE JAN 1     17.49                     18.80  -1.31    20.62

SNOWFALL (IN)
  YESTERDAY        0.0
  MONTH TO DATE    0.0
  SINCE NOV 1      T
  SINCE JUL 1      T
  SNOW DEPTH       0

DEGREE DAYS
 HEATING
  YESTERDAY        0                         0      0        0
  MONTH TO DATE   28                        32     -4       34
  SINCE MAR 1    494                       553    -59      424
  SINCE JUL 1   2234                      2699   -465     2112

 COOLING
  YESTERDAY       11                         8      3        7
  MONTH TO DATE  169                       140     29      126
  SINCE MAR 1    311                       207    104      227
  SINCE JAN 1    317                       210    107      227
..................................................................


WIND (MPH)
  HIGHEST WIND SPEED    14   HIGHEST WIND DIRECTION     S (180)
  HIGHEST GUST SPEED    18   HIGHEST GUST DIRECTION    SW (230)
  AVERAGE WIND SPEED     6.4


SKY COVER
  POSSIBLE SUNSHINE  MM
  AVERAGE SKY COVER 0.1


WEATHER CONDITIONS
 THE FOLLOWING WEATHER WAS RECORDED YESTERDAY.
  NO SIGNIFICANT WEATHER WAS OBSERVED.


RELATIVE HUMIDITY (PERCENT)
 HIGHEST    93          1200 AM
 LOWEST     46          1200 PM
 AVERAGE    70

..........................................................


THE NEW BERN NC CLIMATE NORMALS FOR TODAY
                         NORMAL    RECORD    YEAR
 MAXIMUM TEMPERATURE (F)   83        93      2014
                                             2004
 MINIMUM TEMPERATURE (F)   62        42      1961


SUNRISE AND SUNSET
MAY 28 2017...........SUNRISE   557 AM EDT   SUNSET   815 PM EDT
MAY 29 2017...........SUNRISE   556 AM EDT   SUNSET   815 PM EDT


-  INDICATES NEGATIVE NUMBERS.
R  INDICATES RECORD WAS SET OR TIED.
MM INDICATES DATA IS MISSING.
T  INDICATES TRACE AMOUNT.




$$
