000
CDUS42 KMHX 302145
CLIEWN


CLIMATE REPORT
NATIONAL WEATHER SERVICE NEWPORT/MOREHEAD CITY NC
545 PM EDT MON MAR 30 2015


...................................

...THE NEW BERN NC CLIMATE SUMMARY FOR MARCH 30 2015...
VALID TODAY AS OF 0500 PM LOCAL TIME.

CLIMATE NORMAL PERIOD 1981 TO 2010
CLIMATE RECORD PERIOD 1948 TO 2015


WEATHER ITEM   OBSERVED TIME   RECORD YEAR NORMAL DEPARTURE LAST
                VALUE   (LST)  VALUE       VALUE  FROM      YEAR
                                                  NORMAL
..................................................................
TEMPERATURE (F)
 TODAY
  MAXIMUM         61    359 PM  90    1985  69     -8       66
  MINIMUM         36    307 AM  32    1964  46    -10       48
  AVERAGE         49                        57     -8       57

PRECIPITATION (IN)
  TODAY            0.07          1.52 1960   0.14  -0.07      T
  MONTH TO DATE    3.43                      4.26  -0.83     4.60
  SINCE MAR 1      3.43                      4.26  -0.83     4.60
  SINCE JAN 1     11.80                     11.94  -0.14    11.13

SNOWFALL (IN)
  TODAY           MM
  MONTH TO DATE    0.0
  SINCE NOV 1      3.0
  SINCE JUL 1      3.0
  SNOW DEPTH       0

DEGREE DAYS
 HEATING
  TODAY           16                         8      8        8
  MONTH TO DATE  342                       361    -19      449
  SINCE MAR 1    342                       361    -19      449
  SINCE JUL 1   2585                      2507     78     2523

 COOLING
  TODAY            0                         1     -1        0
  MONTH TO DATE   23                         4     19        3
  SINCE MAR 1     23                         4     19        3
  SINCE JAN 1     30                         7     23        8
..................................................................


WIND (MPH)
  HIGHEST WIND SPEED    18   HIGHEST WIND DIRECTION    SW (240)
  HIGHEST GUST SPEED    27   HIGHEST GUST DIRECTION     W (250)
  AVERAGE WIND SPEED     8.5


SKY COVER
  POSSIBLE SUNSHINE  MM
  AVERAGE SKY COVER 0.5


WEATHER CONDITIONS
 THE FOLLOWING WEATHER WAS RECORDED TODAY.
  RAIN


RELATIVE HUMIDITY (PERCENT)
 HIGHEST    77           200 PM
 LOWEST     47          1100 AM
 AVERAGE    62

..........................................................


THE NEW BERN NC CLIMATE NORMALS FOR TOMORROW
                         NORMAL    RECORD    YEAR
 MAXIMUM TEMPERATURE (F)   69        87      1986
 MINIMUM TEMPERATURE (F)   46        27      1964


SUNRISE AND SUNSET
MARCH 30 2015.........SUNRISE   658 AM EDT   SUNSET   728 PM EDT
MARCH 31 2015.........SUNRISE   657 AM EDT   SUNSET   729 PM EDT


-  INDICATES NEGATIVE NUMBERS.
R  INDICATES RECORD WAS SET OR TIED.
MM INDICATES DATA IS MISSING.
T  INDICATES TRACE AMOUNT.




$$
