000
CDUS42 KMHX 262247
CLIEWN


CLIMATE REPORT
NATIONAL WEATHER SERVICE NEWPORT/MOREHEAD CITY NC
547 PM EST FRI DEC 26 2014


...................................

...THE NEW BERN NC CLIMATE SUMMARY FOR DECEMBER 26 2014...
VALID TODAY AS OF 0500 PM LOCAL TIME.

CLIMATE NORMAL PERIOD 1981 TO 2010
CLIMATE RECORD PERIOD 1948 TO 2014


WEATHER ITEM   OBSERVED TIME   RECORD YEAR NORMAL DEPARTURE LAST
                VALUE   (LST)  VALUE       VALUE  FROM      YEAR
                                                  NORMAL
..................................................................
TEMPERATURE (F)
 TODAY
  MAXIMUM         62    305 PM  77    1987  55      7       45
  MINIMUM         34    756 AM   9    1983  34      0       39
  AVERAGE         48                        45      3       42

PRECIPITATION (IN)
  TODAY            0.00          1.83 1975   0.11  -0.11     0.15
  MONTH TO DATE    3.90                      2.88   1.02     2.03
  SINCE DEC 1      3.90                      2.88   1.02     2.03
  SINCE JAN 1     54.61                     52.23   2.38    42.31

SNOWFALL (IN)
  TODAY            0.0
  MONTH TO DATE    0.0
  SINCE NOV 1      0.0
  SINCE JUL 1      0.0
  SNOW DEPTH       0

DEGREE DAYS
 HEATING
  TODAY           17                        20     -3       23
  MONTH TO DATE  393                       463    -70      351
  SINCE DEC 1    393                       463    -70      351
  SINCE JUL 1    838                       890    -52      774

 COOLING
  TODAY            0                         0      0        0
  MONTH TO DATE    0                         0      0       27
  SINCE DEC 1      0                         0      0       27
  SINCE JAN 1   2193                      1900    293     2033
..................................................................


WIND (MPH)
  HIGHEST WIND SPEED     7   HIGHEST WIND DIRECTION     W (250)
  HIGHEST GUST SPEED     9   HIGHEST GUST DIRECTION     W (250)
  AVERAGE WIND SPEED     0.4


SKY COVER
  POSSIBLE SUNSHINE  MM
  AVERAGE SKY COVER 0.3


WEATHER CONDITIONS
 THE FOLLOWING WEATHER WAS RECORDED TODAY.
  FOG
  FOG W/VISIBILITY <= 1/4 MILE
  HAZE


RELATIVE HUMIDITY (PERCENT)
 HIGHEST    96           700 AM
 LOWEST     39           200 PM
 AVERAGE    68

..........................................................


THE NEW BERN NC CLIMATE NORMALS FOR TOMORROW
                         NORMAL    RECORD    YEAR
 MAXIMUM TEMPERATURE (F)   55        74      1971
 MINIMUM TEMPERATURE (F)   34        13      1989


SUNRISE AND SUNSET
DECEMBER 26 2014......SUNRISE   715 AM EST   SUNSET   503 PM EST
DECEMBER 27 2014......SUNRISE   715 AM EST   SUNSET   504 PM EST


-  INDICATES NEGATIVE NUMBERS.
R  INDICATES RECORD WAS SET OR TIED.
MM INDICATES DATA IS MISSING.
T  INDICATES TRACE AMOUNT.




$$
