000
CDUS42 KMHX 270525
CLIEWN


CLIMATE REPORT
NATIONAL WEATHER SERVICE NEWPORT/MOREHEAD CITY NC
125 AM EDT WED AUG 27 2014


...................................

...THE NEW BERN NC CLIMATE SUMMARY FOR AUGUST 26 2014...

CLIMATE NORMAL PERIOD 1981 TO 2010
CLIMATE RECORD PERIOD 1948 TO 2014


WEATHER ITEM   OBSERVED TIME   RECORD YEAR NORMAL DEPARTURE LAST
                VALUE   (LST)  VALUE       VALUE  FROM      YEAR
                                                  NORMAL
..................................................................
TEMPERATURE (F)
 YESTERDAY
  MAXIMUM         86    219 PM  96    1954  87     -1       85
  MINIMUM         66    501 AM  59    1986  70     -4       62
  AVERAGE         76                        78     -2       74

PRECIPITATION (IN)
  YESTERDAY        0.00          3.30 2011   0.21  -0.21     0.00
  MONTH TO DATE    9.13                      5.67   3.46     6.07
  SINCE JUN 1     19.13                     16.43   2.70    18.01
  SINCE JAN 1     37.01                     35.82   1.19    29.36

SNOWFALL (IN)
  YESTERDAY        0.0
  MONTH TO DATE    0.0
  SINCE NOV 1     14.0
  SINCE JUL 1      0.0
  SNOW DEPTH       0

DEGREE DAYS
 HEATING
  YESTERDAY        0                         0      0        0
  MONTH TO DATE    0                         0      0        0
  SINCE JUN 1      0                         1     -1        0
  SINCE JUL 1      0                         0      0        0

 COOLING
  YESTERDAY       11                        13     -2        9
  MONTH TO DATE  368                       374     -6      363
  SINCE JUN 1   1272                      1221     51     1289
  SINCE JAN 1   1633                      1464    169     1545
..................................................................


WIND (MPH)
  HIGHEST WIND SPEED    15   HIGHEST WIND DIRECTION    NE (40)
  HIGHEST GUST SPEED    21   HIGHEST GUST DIRECTION    NE (40)
  AVERAGE WIND SPEED     8.7


SKY COVER
  POSSIBLE SUNSHINE  MM
  AVERAGE SKY COVER 0.1


WEATHER CONDITIONS
 THE FOLLOWING WEATHER WAS RECORDED YESTERDAY.
  HAZE


RELATIVE HUMIDITY (PERCENT)
 HIGHEST    87           200 AM
 LOWEST     44           100 PM
 AVERAGE    66

..........................................................


THE NEW BERN NC CLIMATE NORMALS FOR TODAY
                         NORMAL    RECORD    YEAR
 MAXIMUM TEMPERATURE (F)   87        96      1954
 MINIMUM TEMPERATURE (F)   69        59      1984


SUNRISE AND SUNSET
AUGUST 27 2014........SUNRISE   637 AM EDT   SUNSET   742 PM EDT
AUGUST 28 2014........SUNRISE   638 AM EDT   SUNSET   740 PM EDT


-  INDICATES NEGATIVE NUMBERS.
R  INDICATES RECORD WAS SET OR TIED.
MM INDICATES DATA IS MISSING.
T  INDICATES TRACE AMOUNT.




$$
