000
CDUS42 KMHX 012231
CLIEWN


CLIMATE REPORT
NATIONAL WEATHER SERVICE NEWPORT/MOREHEAD CITY NC
530 PM EST SUN MAR 1 2015


...................................

...THE NEW BERN NC CLIMATE SUMMARY FOR MARCH 1 2015...
VALID TODAY AS OF 0500 PM LOCAL TIME.

CLIMATE NORMAL PERIOD 1981 TO 2010
CLIMATE RECORD PERIOD 1948 TO 2015


WEATHER ITEM   OBSERVED TIME   RECORD YEAR NORMAL DEPARTURE LAST
                VALUE   (LST)  VALUE       VALUE  FROM      YEAR
                                                  NORMAL
..................................................................
TEMPERATURE (F)
 TODAY
  MAXIMUM         50    410 PM  81    2012  61    -11       57
  MINIMUM         32    343 AM  21    2002  38     -6       34
                                      1967
  AVERAGE         41                        50     -9       46

PRECIPITATION (IN)
  TODAY           MM             1.48 1987   0.14  MM        0.00
  MONTH TO DATE   MM                         0.14  MM        0.00
  SINCE MAR 1     MM                         0.14  MM        0.00
  SINCE JAN 1      8.37                      7.82   0.55     6.53

SNOWFALL (IN)
  TODAY           MM
  MONTH TO DATE   MM
  SINCE NOV 1      3.0
  SINCE JUL 1      3.0
  SNOW DEPTH       0

DEGREE DAYS
 HEATING
  TODAY           24                        16      8       19
  MONTH TO DATE   24                        16      8       19
  SINCE MAR 1     24                        16      8       19
  SINCE JUL 1   2267                      2162    105     2093

 COOLING
  TODAY            0                         0      0        0
  MONTH TO DATE    0                         0      0        0
  SINCE MAR 1      0                         0      0        0
  SINCE JAN 1      7                         3      4        5
..................................................................


WIND (MPH)
  HIGHEST WIND SPEED    12   HIGHEST WIND DIRECTION    NE (30)
  HIGHEST GUST SPEED    14   HIGHEST GUST DIRECTION    NE (40)
  AVERAGE WIND SPEED     6.8


SKY COVER
  POSSIBLE SUNSHINE  MM
  AVERAGE SKY COVER 0.9


WEATHER CONDITIONS
 THE FOLLOWING WEATHER WAS RECORDED TODAY.
  LIGHT RAIN
  FOG


RELATIVE HUMIDITY (PERCENT)
 HIGHEST    79          1000 AM
 LOWEST     64          1200 AM
 AVERAGE    72

..........................................................


THE NEW BERN NC CLIMATE NORMALS FOR TOMORROW
                         NORMAL    RECORD    YEAR
 MAXIMUM TEMPERATURE (F)   61        82      1976
 MINIMUM TEMPERATURE (F)   39        19      1967


SUNRISE AND SUNSET
MARCH  1 2015.........SUNRISE   638 AM EST   SUNSET   604 PM EST
MARCH  2 2015.........SUNRISE   637 AM EST   SUNSET   604 PM EST


-  INDICATES NEGATIVE NUMBERS.
R  INDICATES RECORD WAS SET OR TIED.
MM INDICATES DATA IS MISSING.
T  INDICATES TRACE AMOUNT.




$$
