000
CDUS41 KOKX 250626
CLIEWR


CLIMATE REPORT
NATIONAL WEATHER SERVICE NEW YORK NY
225 AM EDT MON SEP 25 2017


...................................

...THE NEWARK NJ CLIMATE SUMMARY FOR SEPTEMBER 24 2017...

CLIMATE NORMAL PERIOD 1981 TO 2010
CLIMATE RECORD PERIOD 1929 TO 2017


WEATHER ITEM   OBSERVED TIME   RECORD YEAR NORMAL DEPARTURE LAST
                VALUE   (LST)  VALUE       VALUE  FROM      YEAR
                                                  NORMAL
..................................................................
TEMPERATURE (F)
 YESTERDAY
  MAXIMUM         92R   328 PM  92    1959  74     18       72
  MINIMUM         65    409 AM  40    1950  56      9       58
  AVERAGE         79                        65     14       65

PRECIPITATION (IN)
  YESTERDAY        0.00          2.58 1946   0.14  -0.14     0.44
  MONTH TO DATE    1.72                      2.99  -1.27     1.70
  SINCE SEP 1      1.72                      2.99  -1.27     1.70
  SINCE JAN 1     39.40                     34.36   5.04    25.51

SNOWFALL (IN)
  YESTERDAY        0.0           0.0  2002   0.0    0.0      0.0
                                      2001
  MONTH TO DATE    0.0                       0.0    0.0      0.0
  SINCE OCT 1     30.0                      28.5    1.5     32.8
  SINCE JUL 1      0.0                       0.0    0.0      0.0
  SNOW DEPTH       0

DEGREE DAYS
 HEATING
  YESTERDAY        0                         3     -3        0
  MONTH TO DATE   10                        22    -12        0
  SINCE SEP 1     10                        22    -12        0
  SINCE JUL 1     10                        23    -13        0

 COOLING
  YESTERDAY       14                         2     12        0
  MONTH TO DATE  157                       127     30      224
  SINCE SEP 1    157                       127     30      224
  SINCE JAN 1   1185                      1161     24     1534
..................................................................


WIND (MPH)
  HIGHEST WIND SPEED    13   HIGHEST WIND DIRECTION     N (10)
  HIGHEST GUST SPEED    16   HIGHEST GUST DIRECTION    NE (40)
  AVERAGE WIND SPEED     4.6


SKY COVER
  AVERAGE SKY COVER 0.0


WEATHER CONDITIONS
 THE FOLLOWING WEATHER WAS RECORDED YESTERDAY.
  NO SIGNIFICANT WEATHER WAS OBSERVED.


RELATIVE HUMIDITY (PERCENT)
 HIGHEST    74          1000 PM
 LOWEST     36           300 PM
 AVERAGE    55

..........................................................


THE NEWARK NJ CLIMATE NORMALS FOR TODAY
                         NORMAL    RECORD    YEAR
 MAXIMUM TEMPERATURE (F)   73        91      1970
 MINIMUM TEMPERATURE (F)   56        39      1950


SUNRISE AND SUNSET
SEPTEMBER 25 2017.....SUNRISE   647 AM EDT   SUNSET   648 PM EDT
SEPTEMBER 26 2017.....SUNRISE   648 AM EDT   SUNSET   647 PM EDT


-  INDICATES NEGATIVE NUMBERS.
R  INDICATES RECORD WAS SET OR TIED.
MM INDICATES DATA IS MISSING.
T  INDICATES TRACE AMOUNT.




$$
