000
CDUS41 KOKX 060728
CLIEWR


CLIMATE REPORT
NATIONAL WEATHER SERVICE NEW YORK NY
218 AM EST FRI MAR 6 2015


...................................

...THE NEWARK NJ CLIMATE SUMMARY FOR MARCH 5 2015...

CLIMATE NORMAL PERIOD 1981 TO 2010
CLIMATE RECORD PERIOD 1929 TO 2015


WEATHER ITEM   OBSERVED TIME   RECORD YEAR NORMAL DEPARTURE LAST
                VALUE   (LST)  VALUE       VALUE  FROM      YEAR
                                                  NORMAL
..................................................................
TEMPERATURE (F)
 YESTERDAY
  MAXIMUM         41   1208 AM  75    1976  47     -6       40
                                      1964
  MINIMUM         19   1159 PM   9    1948  31    -12       25
  AVERAGE         30                        39     -9       33

PRECIPITATION (IN)
  YESTERDAY        0.87R         0.82 1984   0.13   0.74     0.00
  MONTH TO DATE    2.15                      0.61   1.54     0.01
  SINCE MAR 1      2.15                      0.61   1.54     0.01
  SINCE JAN 1      8.63                      7.03   1.60     7.73

SNOWFALL (IN)
  YESTERDAY        6.7           8.5  1981   0.2    6.5      0.0
  MONTH TO DATE   12.4                       1.1   11.3      0.2
  SINCE OCT 1     42.5                      24.1   18.4     60.7
  SINCE JUL 1     42.5                      24.1   18.4     60.7
  SNOW DEPTH       4

DEGREE DAYS
 HEATING
  YESTERDAY       35                        26      9       32
  MONTH TO DATE  172                       134     38      181
  SINCE MAR 1    172                       134     38      181
  SINCE JUL 1   4075                      3769    306     4056

 COOLING
  YESTERDAY        0                         0      0        0
  MONTH TO DATE    0                         0      0        0
  SINCE MAR 1      0                         0      0        0
  SINCE JAN 1      0                         0      0        0
..................................................................


WIND (MPH)
  HIGHEST WIND SPEED    22   HIGHEST WIND DIRECTION     N (350)
  HIGHEST GUST SPEED    30   HIGHEST GUST DIRECTION    NW (320)
  AVERAGE WIND SPEED    11.1


SKY COVER
  AVERAGE SKY COVER 1.0


WEATHER CONDITIONS
 THE FOLLOWING WEATHER WAS RECORDED YESTERDAY.
  LIGHT RAIN
  HEAVY SNOW
  SNOW
  LIGHT SNOW
  FOG
  FOG W/VISIBILITY <= 1/4 MILE


RELATIVE HUMIDITY (PERCENT)
 HIGHEST    96           800 AM
 LOWEST     52          1100 PM
 AVERAGE    74

..........................................................


THE NEWARK NJ CLIMATE NORMALS FOR TODAY
                         NORMAL    RECORD    YEAR
 MAXIMUM TEMPERATURE (F)   47        69      1935
 MINIMUM TEMPERATURE (F)   31        12      2007
                                             1948


SUNRISE AND SUNSET
MARCH  6 2015.........SUNRISE   623 AM EST   SUNSET   553 PM EST
MARCH  7 2015.........SUNRISE   622 AM EST   SUNSET   554 PM EST


-  INDICATES NEGATIVE NUMBERS.
R  INDICATES RECORD WAS SET OR TIED.
MM INDICATES DATA IS MISSING.
T  INDICATES TRACE AMOUNT.




$$
