000
CDUS41 KOKX 210620
CLIEWR


CLIMATE REPORT
NATIONAL WEATHER SERVICE NEW YORK NY
119 AM EST TUE FEB 21 2017


...................................

...THE NEWARK NJ CLIMATE SUMMARY FOR FEBRUARY 20 2017...

CLIMATE NORMAL PERIOD 1981 TO 2010
CLIMATE RECORD PERIOD 1929 TO 2017


WEATHER ITEM   OBSERVED TIME   RECORD YEAR NORMAL DEPARTURE LAST
                VALUE   (LST)  VALUE       VALUE  FROM      YEAR
                                                  NORMAL
..................................................................
TEMPERATURE (F)
 YESTERDAY
  MAXIMUM         56    247 PM  70    1939  43     13       64
  MINIMUM         37   1159 PM   1    2015  28      9       38
  AVERAGE         47                        36     11       51

PRECIPITATION (IN)
  YESTERDAY        0.00          1.52 1981   0.10  -0.10      T
  MONTH TO DATE    1.55                      2.01  -0.46     2.59
  SINCE DEC 1      9.11                      9.36  -0.25    11.00
  SINCE JAN 1      6.20                      5.55   0.65     6.60

SNOWFALL (IN)
  YESTERDAY        0.0           1.7  2005   0.4   -0.4      0.0
  MONTH TO DATE    7.9                       6.9    1.0      5.2
  SINCE OCT 1     20.6                      20.6    0.0     31.2
  SINCE JUL 1     20.6                      20.6    0.0     31.2
  SNOW DEPTH       0

DEGREE DAYS
 HEATING
  YESTERDAY       18                        29    -11       14
  MONTH TO DATE  530                       624    -94      614
  SINCE DEC 1   2203                      2540   -337     2055
  SINCE JUL 1   2886                      3408   -522     2687

 COOLING
  YESTERDAY        0                         0      0        0
  MONTH TO DATE    0                         0      0        0
  SINCE DEC 1      0                         0      0        0
  SINCE JAN 1      0                         0      0        0
..................................................................


WIND (MPH)
  HIGHEST WIND SPEED    25   HIGHEST WIND DIRECTION    NW (330)
  HIGHEST GUST SPEED    34   HIGHEST GUST DIRECTION    NW (320)
  AVERAGE WIND SPEED    13.0


SKY COVER
  AVERAGE SKY COVER 0.2


WEATHER CONDITIONS
 THE FOLLOWING WEATHER WAS RECORDED YESTERDAY.
  NO SIGNIFICANT WEATHER WAS OBSERVED.


RELATIVE HUMIDITY (PERCENT)
 HIGHEST    58           400 AM
 LOWEST     14           600 PM
 AVERAGE    36

..........................................................


THE NEWARK NJ CLIMATE NORMALS FOR TODAY
                         NORMAL    RECORD    YEAR
 MAXIMUM TEMPERATURE (F)   44        69      1953
 MINIMUM TEMPERATURE (F)   28         6      1950
                                             1934


SUNRISE AND SUNSET
FEBRUARY 21 2017......SUNRISE   642 AM EST   SUNSET   539 PM EST
FEBRUARY 22 2017......SUNRISE   641 AM EST   SUNSET   540 PM EST


-  INDICATES NEGATIVE NUMBERS.
R  INDICATES RECORD WAS SET OR TIED.
MM INDICATES DATA IS MISSING.
T  INDICATES TRACE AMOUNT.




$$
